{"id":734042,"date":"2025-08-27T22:21:11","date_gmt":"2025-08-27T19:21:11","guid":{"rendered":"https:\/\/roveyayinevi.com.tr\/index.php\/urun\/uygarligin-izinde-hititler\/"},"modified":"2026-04-16T02:41:57","modified_gmt":"2026-04-15T23:41:57","slug":"uygarligin-izinde-hititler","status":"publish","type":"product","link":"https:\/\/roveyayinevi.com.tr\/index.php\/urun\/uygarligin-izinde-hititler\/","title":{"rendered":"Uygarl\u0131\u011f\u0131n \u0130zinde Hititler"},"content":{"rendered":"<p>Bilge K\u00e2\u015fiflerin ayr\u0131lmaz ikilisi Kemal ile Cahide, kendilerini bu defa bamba\u015fka bir maceran\u0131n i\u00e7inde buluyor. Ge\u00e7mi\u015fe yolculuk yapan Bilge K\u00e2\u015fifler Hitit \u00fclkesini ke\u015ffediyor. Anadolu\u2019ya yaz\u0131 ilk defa nas\u0131l geldi? Hititlerden \u00f6nce Anadolu\u2019da kimler ya\u015f\u0131yordu? Peki bin tanr\u0131l\u0131 Hititlerin g\u00fcndelik hayatlar\u0131 nas\u0131l ge\u00e7iyordu? Anadolu\u2019nun ortas\u0131nda binlerce y\u0131ll\u0131k bir medeniyeti beraber incelemeye ne dersiniz? Haydi o zaman! Bilge K\u00e2\u015fiflere kat\u0131l\u0131p tarihin i\u00e7inde e\u011flenceli ve bilgi dolu bir maceraya \u00e7\u0131kal\u0131m. <\/p>\n","protected":false},"excerpt":{"rendered":"<p>Bilge K\u00e2\u015fiflerin ayr\u0131lmaz ikilisi Kemal ile Cahide, kendilerini bu defa bamba\u015fka bir maceran\u0131n i\u00e7inde buluyor. Ge\u00e7mi\u015fe yolculuk yapan Bilge K\u00e2\u015fifler Hitit \u00fclkesini ke\u015ffediyor. Anadolu\u2019ya yaz\u0131 ilk<span class=\"excerpt-hellip\"> [\u2026]<\/span><\/p>\n","protected":false},"featured_media":0,"template":"","meta":{"_monsterinsights_skip_tracking":false,"_monsterinsights_sitenote_active":false,"_monsterinsights_sitenote_note":"","_monsterinsights_sitenote_category":0},"product_brand":[],"product_cat":[12275,12274],"product_tag":[],"class_list":{"0":"post-734042","1":"product","2":"type-product","3":"status-publish","5":"product_cat-6-12-yas-kitaplari","6":"product_cat-cocuk-ve-genclik-kitaplari","7":"pa_cilt-ciltsiz","8":"pa_tur-kitap","9":"pa_yayinevi-ucan-at","10":"pa_yazar-ozgur-ozgulgun","12":"first","13":"instock","14":"sale","15":"shipping-taxable","16":"purchasable","17":"product-type-simple"},"_links":{"self":[{"href":"https:\/\/roveyayinevi.com.tr\/index.php\/wp-json\/wp\/v2\/product\/734042","targetHints":{"allow":["GET"]}}],"collection":[{"href":"https:\/\/roveyayinevi.com.tr\/index.php\/wp-json\/wp\/v2\/product"}],"about":[{"href":"https:\/\/roveyayinevi.com.tr\/index.php\/wp-json\/wp\/v2\/types\/product"}],"wp:attachment":[{"href":"https:\/\/roveyayinevi.com.tr\/index.php\/wp-json\/wp\/v2\/media?parent=734042"}],"wp:term":[{"taxonomy":"product_brand","embeddable":true,"href":"https:\/\/roveyayinevi.com.tr\/index.php\/wp-json\/wp\/v2\/product_brand?post=734042"},{"taxonomy":"product_cat","embeddable":true,"href":"https:\/\/roveyayinevi.com.tr\/index.php\/wp-json\/wp\/v2\/product_cat?post=734042"},{"taxonomy":"product_tag","embeddable":true,"href":"https:\/\/roveyayinevi.com.tr\/index.php\/wp-json\/wp\/v2\/product_tag?post=734042"}],"curies":[{"name":"wp","href":"https:\/\/api.w.org\/{rel}","templated":true}]}}