{"id":734037,"date":"2025-08-27T22:21:06","date_gmt":"2025-08-27T19:21:06","guid":{"rendered":"https:\/\/roveyayinevi.com.tr\/index.php\/urun\/janus\/"},"modified":"2026-04-16T02:41:56","modified_gmt":"2026-04-15T23:41:56","slug":"janus","status":"publish","type":"product","link":"https:\/\/roveyayinevi.com.tr\/index.php\/urun\/janus\/","title":{"rendered":"Janus"},"content":{"rendered":"<p>Uzun zamand\u0131r sosyal medyada, dolgu dudaktan kalk\u0131k popoya tek tip bir g\u00fczellik seti pazarlan\u0131yor. Sadelikte g\u00fczelli\u011fi arama \u00fclk\u00fcs\u00fc janjanl\u0131 sayfalara yenik d\u00fc\u015ft\u00fc. Tek umudumuz bu biblo kad\u0131nlar\u0131n temsil etti\u011fi modern g\u00fczellik anlay\u0131\u015f\u0131n\u0131n bayat tad\u0131 vermesi. O halde g\u00fczelli\u011fi yeniden tan\u0131mlaman\u0131n tam zaman\u0131! Janus \u2013 G\u00fczelli\u011fin \u201c\u00c7irkin\u201d Y\u00fcz\u00fc adl\u0131 kitab\u0131nda Do\u00e7. Dr. Ebru G\u00fczel, de\u011fi\u015fen g\u00fczellik alg\u0131s\u0131ndan zorunlu b\u0131rak\u0131lan g\u00fczellik normlar\u0131na, g\u00fczelli\u011fin g\u00fcn ge\u00e7tik\u00e7e \u00e7irkinle\u015fen y\u00f6nlerini masaya yat\u0131r\u0131yor&#8230; \u201cBiz bu kitapta, \u00e7ift ba\u015fl\u0131, z\u0131tl\u0131klar\u0131 bir eden Janus mitinden ilhamla g\u00fczelli\u011fin \u00e7irkin y\u00fcz\u00fcne \u0131\u015f\u0131k tutuyoruz. \u00c7abam\u0131z g\u00fczelli\u011fin \u00f6r\u00fcnt\u00fcsel oldu\u011funu hat\u0131rlatmak. Duda\u011f\u0131m\u0131zdan s\u0131zan bir kahve damlas\u0131n\u0131n dahi fincanda bir \u00f6r\u00fcnt\u00fc olu\u015fturdu\u011funu alg\u0131lad\u0131\u011f\u0131m\u0131zda do\u011fada rastgeleli\u011fe yer olmad\u0131\u011f\u0131n\u0131 fark ederiz. Sadece oran de\u011fil, harmoni, zek\u00e2, nezaket, \u015fefkat, empati, etik ve estetik gibi de\u011ferlerden olu\u015fan g\u00fczelli\u011fin b\u00fct\u00fcnc\u00fcl desenini yeniden \u00f6rmeliyiz. \u0130lmek ilmek&#8230; \u00d6zellikle de Ay\u015fe Kulin\u2019in \u2018g\u00fczellik zorbal\u0131\u011f\u0131\u2019, Mehmet Z. Sungur\u2019un \u2018g\u00fczelli\u011fin bedeli\u2019 uyar\u0131lar\u0131na cinsiyet e\u015fitsizli\u011fi penceresinden bakarak&#8230;\u201d Do\u00e7. Dr. Ebru G\u00fczel <\/p>\n","protected":false},"excerpt":{"rendered":"<p>Uzun zamand\u0131r sosyal medyada, dolgu dudaktan kalk\u0131k popoya tek tip bir g\u00fczellik seti pazarlan\u0131yor. Sadelikte g\u00fczelli\u011fi arama \u00fclk\u00fcs\u00fc janjanl\u0131 sayfalara yenik d\u00fc\u015ft\u00fc. Tek umudumuz bu biblo<span class=\"excerpt-hellip\"> [\u2026]<\/span><\/p>\n","protected":false},"featured_media":0,"template":"","meta":{"_monsterinsights_skip_tracking":false,"_monsterinsights_sitenote_active":false,"_monsterinsights_sitenote_note":"","_monsterinsights_sitenote_category":0},"product_brand":[],"product_cat":[14787,13488],"product_tag":[],"class_list":{"0":"post-734037","1":"product","2":"type-product","3":"status-publish","5":"product_cat-diger-toplum-ve-insan","6":"product_cat-toplum-ve-insan","7":"pa_cilt-ciltsiz","8":"pa_tur-kitap","9":"pa_yayinevi-kirmizi-kedi-yayinevi","10":"pa_yazar-ebru-guzel","12":"first","13":"instock","14":"sale","15":"shipping-taxable","16":"purchasable","17":"product-type-simple"},"_links":{"self":[{"href":"https:\/\/roveyayinevi.com.tr\/index.php\/wp-json\/wp\/v2\/product\/734037","targetHints":{"allow":["GET"]}}],"collection":[{"href":"https:\/\/roveyayinevi.com.tr\/index.php\/wp-json\/wp\/v2\/product"}],"about":[{"href":"https:\/\/roveyayinevi.com.tr\/index.php\/wp-json\/wp\/v2\/types\/product"}],"wp:attachment":[{"href":"https:\/\/roveyayinevi.com.tr\/index.php\/wp-json\/wp\/v2\/media?parent=734037"}],"wp:term":[{"taxonomy":"product_brand","embeddable":true,"href":"https:\/\/roveyayinevi.com.tr\/index.php\/wp-json\/wp\/v2\/product_brand?post=734037"},{"taxonomy":"product_cat","embeddable":true,"href":"https:\/\/roveyayinevi.com.tr\/index.php\/wp-json\/wp\/v2\/product_cat?post=734037"},{"taxonomy":"product_tag","embeddable":true,"href":"https:\/\/roveyayinevi.com.tr\/index.php\/wp-json\/wp\/v2\/product_tag?post=734037"}],"curies":[{"name":"wp","href":"https:\/\/api.w.org\/{rel}","templated":true}]}}