{"id":734030,"date":"2025-08-27T22:20:58","date_gmt":"2025-08-27T19:20:58","guid":{"rendered":"https:\/\/roveyayinevi.com.tr\/index.php\/urun\/bizans-selcuklu-ve-osmanli-topraklarinda-kulturel-uretim-araci-olarak-sirli-kaplar\/"},"modified":"2026-04-16T02:41:56","modified_gmt":"2026-04-15T23:41:56","slug":"bizans-selcuklu-ve-osmanli-topraklarinda-kulturel-uretim-araci-olarak-sirli-kaplar","status":"publish","type":"product","link":"https:\/\/roveyayinevi.com.tr\/index.php\/urun\/bizans-selcuklu-ve-osmanli-topraklarinda-kulturel-uretim-araci-olarak-sirli-kaplar\/","title":{"rendered":"Bizans, Sel\u00e7uklu ve Osmanl\u0131 Topraklar\u0131nda K\u00fclt\u00fcrel \u00dcretim Arac\u0131 Olarak S\u0131rl\u0131 Kaplar"},"content":{"rendered":"<p>Bizans, Sel\u00e7uklu ve Osmanl\u0131 Topraklar\u0131nda K\u00fclt\u00fcrel \u00dcretim Arac\u0131 Olarak S\u0131rl\u0131 Kaplar   Bizans, Sel\u00e7uklu ve Osmanl\u0131 Topraklar\u0131nda K\u00fclt\u00fcrel \u00dcretim Arac\u0131 Olarak S\u0131rl\u0131 Kaplar, 13. Uluslararas\u0131 ANAMED Y\u0131ll\u0131k Sempozyumu\u2019nun sonucudur ve s\u0131rl\u0131 kaplar\u0131 yapan ve kullanan insanlar\u0131n mantalite ve kimliklerini ara\u015ft\u0131rma arzusundan do\u011fmu\u015ftur. Seramiklerin ikonografisi ve bezeme tarzlar\u0131 \u201cdekoratif motifler\u201d anlay\u0131\u015f\u0131ndan \u00f6teye giden \u00f6zelliklerdir ve de\u015fifre edilmesi gereken bir dili konu\u015furlar. Modern zamanlarda oldu\u011fu gibi, insanlar eskiden de muhtemelen sadece belli desenleri tan\u0131yabiliyordu fakat yine de bezemeler hem yarat\u0131c\u0131lar\u0131n hem de kullan\u0131c\u0131lar\u0131n estetik duygular\u0131na a\u00e7\u0131lan bir kap\u0131yd\u0131; etkisi payla\u015f\u0131ld\u0131 ve dekore edilmi\u015f seramiklerin ticareti yoluyla nakledildi. Ayn\u0131 zamanda sofra kaplar\u0131n\u0131n bir temsilcisi olarak s\u0131rl\u0131 seramikler, her zaman moda, zevk ve sosyal stat\u00fcn\u00fcn \u00f6zg\u00fcn bir ifadesini ta\u015f\u0131m\u0131\u015ft\u0131r. Ola\u011fan\u00fcst\u00fc bir sofra tak\u0131m\u0131 ya da \u00f6zel bir tabak tak\u0131m\u0131 ile birinin zenginli\u011fi ve toplum i\u00e7indeki duru\u015fu g\u00f6sterilebilirdi. Bu nedenle, \u00f6zel bir yemek tak\u0131m\u0131 sahibi olmak insanlar\u0131n her zaman ilgisini \u00e7ekmi\u015ftir. Benzer ihtiya\u00e7lar ayr\u0131ca ithal (ve b\u00f6ylece \u201cegzotik\u201d) seramiklerle de kar\u015f\u0131lanabilirdi, bu da ithal ve yerel yap\u0131lm\u0131\u015f s\u0131rl\u0131 kaplar\u0131n aras\u0131ndaki ili\u015fki, etki ve etkile\u015fim sorular\u0131n\u0131 do\u011furur. Bu g\u00f6rsel sonu\u00e7lara ula\u015fan imalat ve pi\u015firme teknikleri her zaman hamur tarifleri ile deneyleri, yeni malzemenin ithalat\u0131 ve kullan\u0131m\u0131, s\u0131rlama tekniklerinin benimsenmesi ve de\u011fi\u015fimini i\u00e7eren bilin\u00e7li bir s\u00fcrecin sonucuydu. Seramik y\u00fczeyinin muamelesi, s\u0131rlama, astar haz\u0131rl\u0131\u011f\u0131 ve uygulama metotlar\u0131na gelince \u00e7e\u015fitli se\u00e7enekler i\u00e7ermekteydi. Sabitlik ve\/ya da de\u011fi\u015fim bir seramik at\u00f6lyesinin etkisinin geni\u015flemesine ve co\u011frafi ya da ge\u00e7ici s\u0131n\u0131rlar \u00fczerinde sosyoetnik devaml\u0131l\u0131\u011fa i\u015faret eder. Bu bir tak\u0131m sorularla ba\u015flayarak, bu yay\u0131n ile Do\u011fu Akdeniz toplumlar\u0131na i\u015flemi\u015f karma\u015f\u0131k sosyoekonomik kal\u0131plar\u0131n \u00e7al\u0131\u015f\u0131lmas\u0131 i\u00e7in Orta\u00e7a\u011f ve Erken Modern seramiklerinin geni\u015f potansiyelini ortaya \u00e7\u0131karmay\u0131 umuyoruz. \u0130nan\u0131yoruz ki seramik dekorasyonu ve teknolojisindeki de\u011fi\u015fimlerin ard\u0131ndaki te\u015fvik ve motivasyonlar\u0131n izini s\u00fcrmek yeni ihtimaller yaratabilir ve tarihi ger\u00e7eklikleri anlamak i\u00e7in yeni ara\u00e7lar sunabilir. <\/p>\n","protected":false},"excerpt":{"rendered":"<p>Bizans, Sel\u00e7uklu ve Osmanl\u0131 Topraklar\u0131nda K\u00fclt\u00fcrel \u00dcretim Arac\u0131 Olarak S\u0131rl\u0131 Kaplar Bizans, Sel\u00e7uklu ve Osmanl\u0131 Topraklar\u0131nda K\u00fclt\u00fcrel \u00dcretim Arac\u0131 Olarak S\u0131rl\u0131 Kaplar, 13. Uluslararas\u0131 ANAMED Y\u0131ll\u0131k<span class=\"excerpt-hellip\"> [\u2026]<\/span><\/p>\n","protected":false},"featured_media":0,"template":"","meta":{"_monsterinsights_skip_tracking":false,"_monsterinsights_sitenote_active":false,"_monsterinsights_sitenote_note":"","_monsterinsights_sitenote_category":0},"product_brand":[],"product_cat":[52477,52478],"product_tag":[],"class_list":{"0":"post-734030","1":"product","2":"type-product","3":"status-publish","5":"product_cat-arastirma","6":"product_cat-arkeoloji","7":"pa_cilt-ciltsiz","8":"pa_tur-kitap","9":"pa_yayinevi-koc-universitesi-yayinlari","10":"pa_yazar-koc-universitesi-yayinlari-kolektif","12":"first","13":"instock","14":"sale","15":"shipping-taxable","16":"purchasable","17":"product-type-simple"},"_links":{"self":[{"href":"https:\/\/roveyayinevi.com.tr\/index.php\/wp-json\/wp\/v2\/product\/734030","targetHints":{"allow":["GET"]}}],"collection":[{"href":"https:\/\/roveyayinevi.com.tr\/index.php\/wp-json\/wp\/v2\/product"}],"about":[{"href":"https:\/\/roveyayinevi.com.tr\/index.php\/wp-json\/wp\/v2\/types\/product"}],"wp:attachment":[{"href":"https:\/\/roveyayinevi.com.tr\/index.php\/wp-json\/wp\/v2\/media?parent=734030"}],"wp:term":[{"taxonomy":"product_brand","embeddable":true,"href":"https:\/\/roveyayinevi.com.tr\/index.php\/wp-json\/wp\/v2\/product_brand?post=734030"},{"taxonomy":"product_cat","embeddable":true,"href":"https:\/\/roveyayinevi.com.tr\/index.php\/wp-json\/wp\/v2\/product_cat?post=734030"},{"taxonomy":"product_tag","embeddable":true,"href":"https:\/\/roveyayinevi.com.tr\/index.php\/wp-json\/wp\/v2\/product_tag?post=734030"}],"curies":[{"name":"wp","href":"https:\/\/api.w.org\/{rel}","templated":true}]}}