{"id":734021,"date":"2025-08-27T22:20:41","date_gmt":"2025-08-27T19:20:41","guid":{"rendered":"https:\/\/roveyayinevi.com.tr\/index.php\/urun\/marie-curie-ilham-verenler-3\/"},"modified":"2026-04-16T02:41:56","modified_gmt":"2026-04-15T23:41:56","slug":"marie-curie-ilham-verenler-3","status":"publish","type":"product","link":"https:\/\/roveyayinevi.com.tr\/index.php\/urun\/marie-curie-ilham-verenler-3\/","title":{"rendered":"Marie Curie &#8211; \u0130lham Verenler 3"},"content":{"rendered":"<p>OKUMAK i\u00e7in her \u015feyi g\u00f6ze al\u0131p cahilli\u011fe kar\u015f\u0131 b\u00fcy\u00fck bir sava\u015f a\u00e7t\u0131. S\u0131rf \u2018kad\u0131n\u2019 oldu\u011fu i\u00e7in binbir zorlukla kar\u015f\u0131la\u015ft\u0131. \u00d6n\u00fcne \u00e7\u0131kan b\u00fct\u00fcn engellere ve ya\u015fad\u0131\u011f\u0131 t\u00fcm haks\u0131zl\u0131klara ra\u011fmen fizik ve kimya dal\u0131nda bir de\u011fil, iki Nobel \u00d6d\u00fcl\u00fc birden almay\u0131 ba\u015fard\u0131. Nobel \u00d6d\u00fcl\u00fc kazanan ilk kad\u0131n olarak tarihe ge\u00e7ti. Muhte\u015fem bulu\u015flar\u0131 ile insanl\u0131\u011f\u0131n kaderine etki eden ender insanlardan biri oldu. Zaman\u0131nda, Avrupa toplumunun kad\u0131n\u0131 sadece \u2018ev han\u0131m\u0131\u2019 olarak g\u00f6ren alg\u0131s\u0131n\u0131 yerle bir etti. B\u00fct\u00fcn d\u00fcnyan\u0131n Madame Curie ad\u0131yla bildi\u011fi bu s\u0131ra d\u0131\u015f\u0131 bilim insan\u0131n\u0131n zorluk, tutku ve macera ile \u00f6r\u00fcl\u00fc, ilham veren hik\u00e2yesine ortak olmak ister misiniz? <\/p>\n","protected":false},"excerpt":{"rendered":"<p>OKUMAK i\u00e7in her \u015feyi g\u00f6ze al\u0131p cahilli\u011fe kar\u015f\u0131 b\u00fcy\u00fck bir sava\u015f a\u00e7t\u0131. S\u0131rf \u2018kad\u0131n\u2019 oldu\u011fu i\u00e7in binbir zorlukla kar\u015f\u0131la\u015ft\u0131. \u00d6n\u00fcne \u00e7\u0131kan b\u00fct\u00fcn engellere ve ya\u015fad\u0131\u011f\u0131 t\u00fcm<span class=\"excerpt-hellip\"> [\u2026]<\/span><\/p>\n","protected":false},"featured_media":0,"template":"","meta":{"_monsterinsights_skip_tracking":false,"_monsterinsights_sitenote_active":false,"_monsterinsights_sitenote_note":"","_monsterinsights_sitenote_category":0},"product_brand":[],"product_cat":[12275,12274],"product_tag":[],"class_list":{"0":"post-734021","1":"product","2":"type-product","3":"status-publish","5":"product_cat-6-12-yas-kitaplari","6":"product_cat-cocuk-ve-genclik-kitaplari","7":"pa_cilt-ciltsiz","8":"pa_tur-kitap","9":"pa_yayinevi-ugurbocegi-yayinlari","10":"pa_yazar-sevgi-basman","12":"first","13":"instock","14":"sale","15":"shipping-taxable","16":"purchasable","17":"product-type-simple"},"_links":{"self":[{"href":"https:\/\/roveyayinevi.com.tr\/index.php\/wp-json\/wp\/v2\/product\/734021","targetHints":{"allow":["GET"]}}],"collection":[{"href":"https:\/\/roveyayinevi.com.tr\/index.php\/wp-json\/wp\/v2\/product"}],"about":[{"href":"https:\/\/roveyayinevi.com.tr\/index.php\/wp-json\/wp\/v2\/types\/product"}],"wp:attachment":[{"href":"https:\/\/roveyayinevi.com.tr\/index.php\/wp-json\/wp\/v2\/media?parent=734021"}],"wp:term":[{"taxonomy":"product_brand","embeddable":true,"href":"https:\/\/roveyayinevi.com.tr\/index.php\/wp-json\/wp\/v2\/product_brand?post=734021"},{"taxonomy":"product_cat","embeddable":true,"href":"https:\/\/roveyayinevi.com.tr\/index.php\/wp-json\/wp\/v2\/product_cat?post=734021"},{"taxonomy":"product_tag","embeddable":true,"href":"https:\/\/roveyayinevi.com.tr\/index.php\/wp-json\/wp\/v2\/product_tag?post=734021"}],"curies":[{"name":"wp","href":"https:\/\/api.w.org\/{rel}","templated":true}]}}