{"id":734017,"date":"2025-08-27T22:20:37","date_gmt":"2025-08-27T19:20:37","guid":{"rendered":"https:\/\/roveyayinevi.com.tr\/index.php\/urun\/huzunlu-kalem\/"},"modified":"2026-04-16T02:41:41","modified_gmt":"2026-04-15T23:41:41","slug":"huzunlu-kalem","status":"publish","type":"product","link":"https:\/\/roveyayinevi.com.tr\/index.php\/urun\/huzunlu-kalem\/","title":{"rendered":"H\u00fcz\u00fcnl\u00fc Kalem"},"content":{"rendered":"<p>De\u011ferli okurlar\u0131m, \u015fiir yazma iste\u011fim gen\u00e7lik y\u0131llar\u0131ma dayan\u0131yor. Gen\u00e7lik y\u0131lar\u0131mdan beri biriktirdi\u011fim \u015fiirleri sizlerle payla\u015fma heyecan\u0131 i\u00e7erisindeyim. Umar\u0131m sizler de okudu\u011funuz bu \u015fiirlerde kendinizden bir \u015feyler bulur ve zevkle okursunuz.   \u015eiirlerimde genellikle sevgi ve dini konular h\u00e2kimdir. Hem hayat\u0131mda hem de \u015fiirlerimde sevgi ve sayg\u0131ya daima \u00f6nem vermi\u015fimdir. \u0130nsan sevgisini, insan y\u00fcre\u011finin g\u00fczelliklerini hep anlatt\u0131m ve anlatmaya da devam edece\u011fim. Sevgi ve sayg\u0131n\u0131n olmad\u0131\u011f\u0131 hi\u00e7bir yerde g\u00fczelliklerin olmayaca\u011f\u0131 inanc\u0131nday\u0131m. \u015eair Yunus Emre\u2019nin dedi\u011fi gibi \u201cGelin tan\u0131\u015f olal\u0131m\/\u0130\u015fin kolay\u0131n tutal\u0131m\/Sevelim sevilelim\/D\u00fcnya kimseye kalmaz. \u015eiirlerimi yazarken Allah a\u015fk\u0131n\u0131 daima \u00f6n planda tutmu\u015fumdur. Bizi yaradana sonsuz \u015f\u00fck\u00fcrler olsun ki b\u00f6yle bir kitap \u00e7\u0131karmay\u0131 ve siz de\u011ferli okurlarla payla\u015fmay\u0131 bana nasip etti.   Ayr\u0131ca \u015fiirlerimde Karap\u0131nar\u2019\u0131m\u0131z\u0131n g\u00fczel de\u011ferlerini, b\u00fct\u00fcn g\u00fczelliklerini yazmaya \u00e7al\u0131\u015ft\u0131m. Bunlar\u0131 \u015fiirlerimde anlat\u0131rken de y\u00fcre\u011fim daima h\u00fcz\u00fcnl\u00fcd\u00fcr. Uzun y\u0131llardan beri yazd\u0131\u011f\u0131m \u015fiirleri \u201cH\u00dcZ\u00dcNL\u00dc KALEM\u201d adl\u0131 \u015fiir kitab\u0131mda sizler i\u00e7in birle\u015ftirdim. Bu kitab\u0131n haz\u0131rlanmas\u0131nda eme\u011fi ge\u00e7en herkese \u00e7ok te\u015fekk\u00fcr ediyorum.   De\u011ferli okurlar\u0131m, hepinizi sevgi ve sayg\u0131 ile selaml\u0131yorum&#8230; <\/p>\n","protected":false},"excerpt":{"rendered":"<p>De\u011ferli okurlar\u0131m, \u015fiir yazma iste\u011fim gen\u00e7lik y\u0131llar\u0131ma dayan\u0131yor. Gen\u00e7lik y\u0131lar\u0131mdan beri biriktirdi\u011fim \u015fiirleri sizlerle payla\u015fma heyecan\u0131 i\u00e7erisindeyim. Umar\u0131m sizler de okudu\u011funuz bu \u015fiirlerde kendinizden bir \u015feyler<span class=\"excerpt-hellip\"> [\u2026]<\/span><\/p>\n","protected":false},"featured_media":0,"template":"","meta":{"_monsterinsights_skip_tracking":false,"_monsterinsights_sitenote_active":false,"_monsterinsights_sitenote_note":"","_monsterinsights_sitenote_category":0},"product_brand":[],"product_cat":[12291,12509],"product_tag":[],"class_list":{"0":"post-734017","1":"product","2":"type-product","3":"status-publish","5":"product_cat-edebiyat","6":"product_cat-siir","7":"pa_cilt-ciltsiz","8":"pa_tur-kitap","9":"pa_yayinevi-gulnar-yayinlari","10":"pa_yazar-nihad-ozturk","12":"first","13":"instock","14":"sale","15":"shipping-taxable","16":"purchasable","17":"product-type-simple"},"_links":{"self":[{"href":"https:\/\/roveyayinevi.com.tr\/index.php\/wp-json\/wp\/v2\/product\/734017","targetHints":{"allow":["GET"]}}],"collection":[{"href":"https:\/\/roveyayinevi.com.tr\/index.php\/wp-json\/wp\/v2\/product"}],"about":[{"href":"https:\/\/roveyayinevi.com.tr\/index.php\/wp-json\/wp\/v2\/types\/product"}],"wp:attachment":[{"href":"https:\/\/roveyayinevi.com.tr\/index.php\/wp-json\/wp\/v2\/media?parent=734017"}],"wp:term":[{"taxonomy":"product_brand","embeddable":true,"href":"https:\/\/roveyayinevi.com.tr\/index.php\/wp-json\/wp\/v2\/product_brand?post=734017"},{"taxonomy":"product_cat","embeddable":true,"href":"https:\/\/roveyayinevi.com.tr\/index.php\/wp-json\/wp\/v2\/product_cat?post=734017"},{"taxonomy":"product_tag","embeddable":true,"href":"https:\/\/roveyayinevi.com.tr\/index.php\/wp-json\/wp\/v2\/product_tag?post=734017"}],"curies":[{"name":"wp","href":"https:\/\/api.w.org\/{rel}","templated":true}]}}