{"id":734013,"date":"2025-08-27T22:20:33","date_gmt":"2025-08-27T19:20:33","guid":{"rendered":"https:\/\/roveyayinevi.com.tr\/index.php\/urun\/akilli-cocuk-matematik-calismalari\/"},"modified":"2026-04-16T02:41:41","modified_gmt":"2026-04-15T23:41:41","slug":"akilli-cocuk-matematik-calismalari","status":"publish","type":"product","link":"https:\/\/roveyayinevi.com.tr\/index.php\/urun\/akilli-cocuk-matematik-calismalari\/","title":{"rendered":"Ak\u0131ll\u0131 \u00c7ocuk &#8211; Matematik \u00c7al\u0131\u015fmalar\u0131"},"content":{"rendered":"<p>\u00c7\u0131kartmal\u0131 EtkinliklerTemel Basit EtkinliklerG\u00f6rsel Haf\u0131za Geli\u015ftirmeDikkat Geli\u015ftirme\u201cAk\u0131ll\u0131 \u00c7ocuk Geli\u015fim Etkinlikleri\u201d, 3 ya\u015f ve \u00fczeri \u00e7ocuklar\u0131n geli\u015fimsel d\u00fczeyleri dikkate al\u0131narak haz\u0131rlanm\u0131\u015ft\u0131r. Etkinlik sayfalar\u0131 planlan\u0131rken bu ya\u015f grubu \u00e7ocuklar\u0131n\u0131n ilgi ve meraklar\u0131 da g\u00f6z \u00f6n\u00fcne al\u0131nm\u0131\u015ft\u0131r. Okul \u00e7a\u011f\u0131na gelen \u00e7ocu\u011fun bir\u00e7ok beceriyi kazanm\u0131\u015f olmas\u0131 gerekir. Bu nedenle geli\u015fim etkinliklerine 3 ya\u015f\u0131ndan itibaren ba\u015flanmas\u0131 ve e\u011fitimlerin uzun y\u0131llara yay\u0131lmas\u0131 son derece \u00f6nemlidir. \u00c7ocuklar\u0131n s\u0131k\u0131lmadan, e\u011flenerek okula haz\u0131rlanmalar\u0131, kal\u0131c\u0131 \u00f6\u011frenmelerin olu\u015fumu ve beceri geli\u015fimi a\u00e7\u0131s\u0131ndan vazge\u00e7ilmezdir. Bu \u00e7er\u00e7eveden hareketle \u00e7ocuklar\u0131n ilkokula ve hayata geni\u015f bir vizyonla haz\u0131rlanabilmeleri i\u00e7in \u201cAk\u0131ll\u0131 \u00c7ocuk Geli\u015fim Etkinlikleri\u201d kitaplar\u0131 haz\u0131rlanm\u0131\u015ft\u0131r. <\/p>\n","protected":false},"excerpt":{"rendered":"<p>\u00c7\u0131kartmal\u0131 EtkinliklerTemel Basit EtkinliklerG\u00f6rsel Haf\u0131za Geli\u015ftirmeDikkat Geli\u015ftirme\u201cAk\u0131ll\u0131 \u00c7ocuk Geli\u015fim Etkinlikleri\u201d, 3 ya\u015f ve \u00fczeri \u00e7ocuklar\u0131n geli\u015fimsel d\u00fczeyleri dikkate al\u0131narak haz\u0131rlanm\u0131\u015ft\u0131r. Etkinlik sayfalar\u0131 planlan\u0131rken bu ya\u015f grubu<span class=\"excerpt-hellip\"> [\u2026]<\/span><\/p>\n","protected":false},"featured_media":0,"template":"","meta":{"_monsterinsights_skip_tracking":false,"_monsterinsights_sitenote_active":false,"_monsterinsights_sitenote_note":"","_monsterinsights_sitenote_category":0},"product_brand":[],"product_cat":[12913,12274],"product_tag":[],"class_list":{"0":"post-734013","1":"product","2":"type-product","3":"status-publish","5":"product_cat-3-6-yas-kitaplari","6":"product_cat-cocuk-ve-genclik-kitaplari","7":"pa_cilt-ciltsiz","8":"pa_tur-kitap","9":"pa_yayinevi-bicirik-yayinlari","10":"pa_yazar-bicirik-yayinlari-kolektif","12":"first","13":"instock","14":"sale","15":"shipping-taxable","16":"purchasable","17":"product-type-simple"},"_links":{"self":[{"href":"https:\/\/roveyayinevi.com.tr\/index.php\/wp-json\/wp\/v2\/product\/734013","targetHints":{"allow":["GET"]}}],"collection":[{"href":"https:\/\/roveyayinevi.com.tr\/index.php\/wp-json\/wp\/v2\/product"}],"about":[{"href":"https:\/\/roveyayinevi.com.tr\/index.php\/wp-json\/wp\/v2\/types\/product"}],"wp:attachment":[{"href":"https:\/\/roveyayinevi.com.tr\/index.php\/wp-json\/wp\/v2\/media?parent=734013"}],"wp:term":[{"taxonomy":"product_brand","embeddable":true,"href":"https:\/\/roveyayinevi.com.tr\/index.php\/wp-json\/wp\/v2\/product_brand?post=734013"},{"taxonomy":"product_cat","embeddable":true,"href":"https:\/\/roveyayinevi.com.tr\/index.php\/wp-json\/wp\/v2\/product_cat?post=734013"},{"taxonomy":"product_tag","embeddable":true,"href":"https:\/\/roveyayinevi.com.tr\/index.php\/wp-json\/wp\/v2\/product_tag?post=734013"}],"curies":[{"name":"wp","href":"https:\/\/api.w.org\/{rel}","templated":true}]}}