{"id":733998,"date":"2025-08-27T22:20:19","date_gmt":"2025-08-27T19:20:19","guid":{"rendered":"https:\/\/roveyayinevi.com.tr\/index.php\/urun\/ozgur-irade\/"},"modified":"2026-03-25T02:53:35","modified_gmt":"2026-03-24T23:53:35","slug":"ozgur-irade","status":"publish","type":"product","link":"https:\/\/roveyayinevi.com.tr\/index.php\/urun\/ozgur-irade\/","title":{"rendered":"\u00d6zg\u00fcr \u0130rade?"},"content":{"rendered":"<p>\u00d6zg\u00fcrl\u00fck yaln\u0131zca hukuki-siyasi de\u011fil, ayn\u0131 zamanda felsefi bir kavramd\u0131r. Filozoflar Antik \u00c7a\u011f\u2019dan bu yana \u201c\u00f6zg\u00fcr olman\u0131n ba\u015fl\u0131ca ko\u015fulu, \u00f6zg\u00fcr irade sahibi olmak m\u0131d\u0131r?\u201d sorusu \u00fczerine d\u00fc\u015f\u00fcnm\u00fc\u015f; insan toplumlar\u0131n\u0131n ve k\u00fclt\u00fcrlerinin b\u00fcy\u00fck \u00e7o\u011funlu\u011funda kar\u015f\u0131m\u0131za \u00e7\u0131kan, insan\u0131n \u00f6zg\u00fcr iradeyle donat\u0131lm\u0131\u015f bir canl\u0131 oldu\u011fu yarg\u0131s\u0131n\u0131 tart\u0131\u015fmaya a\u00e7m\u0131\u015flard\u0131r. 20. y\u00fczy\u0131lda n\u00f6robilimcilerin de bu tart\u0131\u015fmaya kat\u0131ld\u0131klar\u0131n\u0131 ve zihin felsefesinin bu \u00e7etrefil sorunsal\u0131n\u0131 farkl\u0131 bir a\u00e7\u0131dan ele almaya ba\u015flad\u0131klar\u0131n\u0131 g\u00f6r\u00fcyoruz. Bu derlemede yer alan yaz\u0131larda hukuk, felsefe, psikoloji, n\u00f6robilim, m\u00fchendislik gibi \u00e7e\u015fitli alanlarda \u00e7al\u0131\u015fan akademisyenler, \u00f6zg\u00fcr irade konusunu farkl\u0131 a\u00e7\u0131lardan tart\u0131\u015f\u0131yorlar ve \u00f6zg\u00fcr irade varsay\u0131m\u0131n\u0131n bilimsel geli\u015fmeler sonucunda ge\u00e7ersiz kalmas\u0131 ihtimalinin yarataca\u011f\u0131 etkileri de\u011ferlendirmeye al\u0131yorlar<\/p>\n","protected":false},"excerpt":{"rendered":"<p>\u00d6zg\u00fcrl\u00fck yaln\u0131zca hukuki-siyasi de\u011fil, ayn\u0131 zamanda felsefi bir kavramd\u0131r. Filozoflar Antik \u00c7a\u011f\u2019dan bu yana \u201c\u00f6zg\u00fcr olman\u0131n ba\u015fl\u0131ca ko\u015fulu, \u00f6zg\u00fcr irade sahibi olmak m\u0131d\u0131r?\u201d sorusu \u00fczerine d\u00fc\u015f\u00fcnm\u00fc\u015f;<span class=\"excerpt-hellip\"> [\u2026]<\/span><\/p>\n","protected":false},"featured_media":0,"template":"","meta":{"_monsterinsights_skip_tracking":false,"_monsterinsights_sitenote_active":false,"_monsterinsights_sitenote_note":"","_monsterinsights_sitenote_category":0},"product_brand":[],"product_cat":[15350,17602],"product_tag":[],"class_list":{"0":"post-733998","1":"product","2":"type-product","3":"status-publish","5":"product_cat-hukuk","6":"product_cat-hukuk-uzerine","7":"pa_cilt-ciltsiz","8":"pa_tur-kitap","9":"pa_yayinevi-zoe-kitap","10":"pa_yazar-zoe-kitap-kolektif","12":"first","13":"instock","14":"sale","15":"shipping-taxable","16":"purchasable","17":"product-type-simple"},"_links":{"self":[{"href":"https:\/\/roveyayinevi.com.tr\/index.php\/wp-json\/wp\/v2\/product\/733998","targetHints":{"allow":["GET"]}}],"collection":[{"href":"https:\/\/roveyayinevi.com.tr\/index.php\/wp-json\/wp\/v2\/product"}],"about":[{"href":"https:\/\/roveyayinevi.com.tr\/index.php\/wp-json\/wp\/v2\/types\/product"}],"wp:attachment":[{"href":"https:\/\/roveyayinevi.com.tr\/index.php\/wp-json\/wp\/v2\/media?parent=733998"}],"wp:term":[{"taxonomy":"product_brand","embeddable":true,"href":"https:\/\/roveyayinevi.com.tr\/index.php\/wp-json\/wp\/v2\/product_brand?post=733998"},{"taxonomy":"product_cat","embeddable":true,"href":"https:\/\/roveyayinevi.com.tr\/index.php\/wp-json\/wp\/v2\/product_cat?post=733998"},{"taxonomy":"product_tag","embeddable":true,"href":"https:\/\/roveyayinevi.com.tr\/index.php\/wp-json\/wp\/v2\/product_tag?post=733998"}],"curies":[{"name":"wp","href":"https:\/\/api.w.org\/{rel}","templated":true}]}}