{"id":733994,"date":"2025-08-27T22:20:15","date_gmt":"2025-08-27T19:20:15","guid":{"rendered":"https:\/\/roveyayinevi.com.tr\/index.php\/urun\/buyuk-yakinsama\/"},"modified":"2026-04-16T02:41:41","modified_gmt":"2026-04-15T23:41:41","slug":"buyuk-yakinsama","status":"publish","type":"product","link":"https:\/\/roveyayinevi.com.tr\/index.php\/urun\/buyuk-yakinsama\/","title":{"rendered":"B\u00fcy\u00fck Yak\u0131nsama"},"content":{"rendered":"<p>1800\u2019lerde, buhar g\u00fcc\u00fc ve uluslararas\u0131 bar\u0131\u015f, mallar\u0131n s\u0131n\u0131r \u00f6tesine ta\u015f\u0131nmas\u0131n\u0131n maliyetlerini d\u00fc\u015f\u00fcrd\u00fc\u011f\u00fcnde, k\u00fcreselle\u015fme bir s\u0131\u00e7rama ya\u015fad\u0131. Bu, g\u00fcn\u00fcm\u00fcz\u00fcn zengin uluslar\u0131n\u0131 h\u00e2kimiyet kurmaya iten, kendi kendini besleyen bir end\u00fcstriyel y\u0131\u011f\u0131lmay\u0131 ve b\u00fcy\u00fcme d\u00f6ng\u00fcs\u00fcn\u00fc tetikledi. B\u00fcy\u00fck Iraksama\u2019yd\u0131 bu. Yeni k\u00fcreselle\u015fme ise, fikirleri s\u0131n\u0131r \u00f6tesi ta\u015f\u0131man\u0131n maliyetini k\u00f6kten azaltan bilgi teknolojisi taraf\u0131ndan y\u00f6nlendirildi. Bu, \u00e7ok uluslu firmalar\u0131n emek yo\u011fun i\u015fleri, geli\u015fmekte olan \u00fclkelere ta\u015f\u0131mas\u0131n\u0131 pratik hale getirdi. Ancak firmalar, t\u00fcm \u00fcretim s\u00fcrecini senkronize tutmak i\u00e7in deniza\u015f\u0131r\u0131 i\u015fleriyle birlikte pazarlama, y\u00f6netim ve teknik bilgilerini de yurt d\u0131\u015f\u0131na g\u00f6nderdi. Y\u00fcksek teknolojiyi d\u00fc\u015f\u00fck \u00fccretlerle birle\u015ftirmenin yeni olas\u0131l\u0131\u011f\u0131, bir avu\u00e7 geli\u015fmekte olan ulusun h\u0131zl\u0131 sanayile\u015fmesini, geli\u015fmi\u015f uluslar\u0131n e\u015fzamanl\u0131 sanayisizle\u015fmesini ve \u015fu an s\u00f6nmekte olan bir emtia s\u00fcper d\u00f6ng\u00fcs\u00fcn\u00fc harekete ge\u00e7irdi. Sonu\u00e7, bug\u00fcn\u00fcn B\u00fcy\u00fck Yak\u0131nsamas\u0131\u2019d\u0131r.B\u00fcy\u00fck Yak\u0131nsama, hik\u00e2yeler ve analizler olarak sunulan \u00f6rnekler aras\u0131ndaki dengeyi a\u00e7\u0131k ve hevesli bir \u015fekilde aktaran \u00f6nemli bir kitap.- Paul Collier, Oxford \u00dcniversitesi,Kapitalizmin Gelece\u011fi kitab\u0131n\u0131n yazar\u0131.Bu \u00f6nemli kitap, k\u00fcreselle\u015fmeyle ilgili d\u00fc\u015f\u00fcncelerimizi de\u011fi\u015ftirmeli. Son iki y\u00fczy\u0131lda d\u00fcnya, iki b\u00fcy\u00fck k\u00fcreselle\u015fme patlamas\u0131 ya\u015fad\u0131. Bunlardan ilki zengin ve fakir \u00fclkeler aras\u0131nda \u0131raksamaya; 1970\u2019lerden beri s\u00fcregelen ikincisi ise yak\u0131nsamaya sebep oldu. Richard Baldwin, ustaca bunun nedenlerini bize anlat\u0131yor.- Jeffrey G. Williams, Harvard \u00dcniversitesi,Unequal Gains kitab\u0131n\u0131n yazar\u0131.Bir\u00e7ok kitap, k\u00fcreselle\u015fmenin \u00e7e\u015fitli t\u00fcrleriyle ilgileniyor. Fakat yaln\u0131zca Baldwin\u2019in kitab\u0131 k\u00fcreselle\u015fmenin mant\u0131\u011f\u0131na iniyor. K\u00fcreselle\u015fme, insanlar\u0131n, mallar\u0131n ve bilginin \u00fclkeler aras\u0131 ge\u00e7i\u015finin ucuz ve m\u00fcmk\u00fcn olmas\u0131yla ger\u00e7ekle\u015fir. \u0130lk k\u00fcreselle\u015fme mallar\u0131n ge\u00e7i\u015fi \u00fczerine; bug\u00fcnk\u00fc ise bilgi ve kavray\u0131\u015f \u00fczerine kuruldu. Bir sonraki ise insanlar\u0131n hareketini konu alacak. Bu kitap, k\u00fcreselle\u015fmenin ge\u00e7mi\u015fini ve gelece\u011fini anlamak isteyen herkes taraf\u0131ndan okunmal\u0131.- Branko Milanovic, New York \u015eehir \u00dcniversitesi,K\u00fcresel E\u015fitsizlik ve Kapitalizm, Tek Ba\u015f\u0131na kitaplar\u0131n\u0131n yazar\u0131.<\/p>\n","protected":false},"excerpt":{"rendered":"<p>1800\u2019lerde, buhar g\u00fcc\u00fc ve uluslararas\u0131 bar\u0131\u015f, mallar\u0131n s\u0131n\u0131r \u00f6tesine ta\u015f\u0131nmas\u0131n\u0131n maliyetlerini d\u00fc\u015f\u00fcrd\u00fc\u011f\u00fcnde, k\u00fcreselle\u015fme bir s\u0131\u00e7rama ya\u015fad\u0131. Bu, g\u00fcn\u00fcm\u00fcz\u00fcn zengin uluslar\u0131n\u0131 h\u00e2kimiyet kurmaya iten, kendi kendini besleyen<span class=\"excerpt-hellip\"> [\u2026]<\/span><\/p>\n","protected":false},"featured_media":0,"template":"","meta":{"_monsterinsights_skip_tracking":false,"_monsterinsights_sitenote_active":false,"_monsterinsights_sitenote_note":"","_monsterinsights_sitenote_category":0},"product_brand":[],"product_cat":[13043,65318],"product_tag":[],"class_list":{"0":"post-733994","1":"product","2":"type-product","3":"status-publish","5":"product_cat-ekonomi","6":"product_cat-kuresellesme","7":"pa_cilt-ciltsiz","8":"pa_tur-kitap","9":"pa_yayinevi-efil-yayinevi","10":"pa_yazar-richard-baldwin","12":"first","13":"instock","14":"sale","15":"shipping-taxable","16":"purchasable","17":"product-type-simple"},"_links":{"self":[{"href":"https:\/\/roveyayinevi.com.tr\/index.php\/wp-json\/wp\/v2\/product\/733994","targetHints":{"allow":["GET"]}}],"collection":[{"href":"https:\/\/roveyayinevi.com.tr\/index.php\/wp-json\/wp\/v2\/product"}],"about":[{"href":"https:\/\/roveyayinevi.com.tr\/index.php\/wp-json\/wp\/v2\/types\/product"}],"wp:attachment":[{"href":"https:\/\/roveyayinevi.com.tr\/index.php\/wp-json\/wp\/v2\/media?parent=733994"}],"wp:term":[{"taxonomy":"product_brand","embeddable":true,"href":"https:\/\/roveyayinevi.com.tr\/index.php\/wp-json\/wp\/v2\/product_brand?post=733994"},{"taxonomy":"product_cat","embeddable":true,"href":"https:\/\/roveyayinevi.com.tr\/index.php\/wp-json\/wp\/v2\/product_cat?post=733994"},{"taxonomy":"product_tag","embeddable":true,"href":"https:\/\/roveyayinevi.com.tr\/index.php\/wp-json\/wp\/v2\/product_tag?post=733994"}],"curies":[{"name":"wp","href":"https:\/\/api.w.org\/{rel}","templated":true}]}}