{"id":733975,"date":"2025-08-27T22:19:55","date_gmt":"2025-08-27T19:19:55","guid":{"rendered":"https:\/\/roveyayinevi.com.tr\/index.php\/urun\/okuldaki-sir-3\/"},"modified":"2026-04-16T02:41:40","modified_gmt":"2026-04-15T23:41:40","slug":"okuldaki-sir-3","status":"publish","type":"product","link":"https:\/\/roveyayinevi.com.tr\/index.php\/urun\/okuldaki-sir-3\/","title":{"rendered":"Okuldaki S\u0131r 3"},"content":{"rendered":"<p>R\u00fcyalar\u0131n k\u00e2buslaraa d\u00f6n\u00fc\u015ft\u00fc\u011f\u00fc yer&#8230; Hayalet k\u0131zlar nereden geldi ve ne istiyorlar? \u00d6\u011frenciler daha bunu \u00f6\u011frenemeden, kay\u0131p k\u0131zlar okula girmeye ba\u015fl\u0131yor. \u0130\u015fte tam burada Amber, Millie\u2019yi fark ediyor. Millie, sanki onu bir \u015feylere kar\u015f\u0131 uyarmaya \u00e7al\u0131\u015f\u0131yor. Okulun haricinde bu do\u011fa\u00fcst\u00fc gizemi olu\u015fturan farkl\u0131 \u015feyler de mi var? Bu k\u0131zlar\u0131n geri d\u00f6nme sebebini ve \u00f6l\u00fcmlerine yol a\u00e7an \u015feyi serinin son kitab\u0131nda bulacaks\u0131n\u0131z.<\/p>\n","protected":false},"excerpt":{"rendered":"<p>R\u00fcyalar\u0131n k\u00e2buslaraa d\u00f6n\u00fc\u015ft\u00fc\u011f\u00fc yer&#8230; Hayalet k\u0131zlar nereden geldi ve ne istiyorlar? \u00d6\u011frenciler daha bunu \u00f6\u011frenemeden, kay\u0131p k\u0131zlar okula girmeye ba\u015fl\u0131yor. \u0130\u015fte tam burada Amber, Millie\u2019yi fark<span class=\"excerpt-hellip\"> [\u2026]<\/span><\/p>\n","protected":false},"featured_media":0,"template":"","meta":{"_monsterinsights_skip_tracking":false,"_monsterinsights_sitenote_active":false,"_monsterinsights_sitenote_note":"","_monsterinsights_sitenote_category":0},"product_brand":[],"product_cat":[12689,12274],"product_tag":[],"class_list":{"0":"post-733975","1":"product","2":"type-product","3":"status-publish","5":"product_cat-cizgi-roman-cocuk-ve-genclik-kitaplari","6":"product_cat-cocuk-ve-genclik-kitaplari","7":"pa_cilt-ciltsiz","8":"pa_tur-kitap","9":"pa_yayinevi-desen-yayinlari","10":"pa_yazar-queenie-chan","12":"first","13":"instock","14":"sale","15":"shipping-taxable","16":"purchasable","17":"product-type-simple"},"_links":{"self":[{"href":"https:\/\/roveyayinevi.com.tr\/index.php\/wp-json\/wp\/v2\/product\/733975","targetHints":{"allow":["GET"]}}],"collection":[{"href":"https:\/\/roveyayinevi.com.tr\/index.php\/wp-json\/wp\/v2\/product"}],"about":[{"href":"https:\/\/roveyayinevi.com.tr\/index.php\/wp-json\/wp\/v2\/types\/product"}],"wp:attachment":[{"href":"https:\/\/roveyayinevi.com.tr\/index.php\/wp-json\/wp\/v2\/media?parent=733975"}],"wp:term":[{"taxonomy":"product_brand","embeddable":true,"href":"https:\/\/roveyayinevi.com.tr\/index.php\/wp-json\/wp\/v2\/product_brand?post=733975"},{"taxonomy":"product_cat","embeddable":true,"href":"https:\/\/roveyayinevi.com.tr\/index.php\/wp-json\/wp\/v2\/product_cat?post=733975"},{"taxonomy":"product_tag","embeddable":true,"href":"https:\/\/roveyayinevi.com.tr\/index.php\/wp-json\/wp\/v2\/product_tag?post=733975"}],"curies":[{"name":"wp","href":"https:\/\/api.w.org\/{rel}","templated":true}]}}