{"id":733949,"date":"2025-08-27T22:19:27","date_gmt":"2025-08-27T19:19:27","guid":{"rendered":"https:\/\/roveyayinevi.com.tr\/index.php\/urun\/medya-ve-toplum-imgesi\/"},"modified":"2026-04-16T02:41:40","modified_gmt":"2026-04-15T23:41:40","slug":"medya-ve-toplum-imgesi","status":"publish","type":"product","link":"https:\/\/roveyayinevi.com.tr\/index.php\/urun\/medya-ve-toplum-imgesi\/","title":{"rendered":"Medya ve Toplum \u0130mgesi"},"content":{"rendered":"<p>Medya, \u00f6zellikle de yeni ileti\u015fim teknolojileriyle bi\u00e7imlenmi\u015f ili\u015fki ortam\u0131 yapayaln\u0131z sosyalli\u011fimizin \u00fcreticisi, yans\u0131t\u0131c\u0131s\u0131 ve yay\u0131c\u0131s\u0131 haline geldi son birka\u00e7 y\u0131ld\u0131r. \u0130leti\u015fimsel ili\u015fkilerimizin toplumsal boyutunu daha da tahkim edece\u011fi s\u00f6ylenen yeni teknolojiler, sonunda birbirinden kopuk anlam\/empati halkalar\u0131ndan m\u00fcte\u015fekkil devasa bo\u015fluklar, ba\u011flams\u0131z ve ba\u011flant\u0131s\u0131z zincirler yaratt\u0131. Duyumsanan ger\u00e7eklik hissine de \u201cbir \u015feyler\u201d oldu sanki bu umulmad\u0131k sonuncu geli\u015fmeyle birlikte. Adeta, Sokrat\u2019\u0131n kehaneti birdenbire ger\u00e7ek oluverdi. Malum, filozof \u00e7a\u011flar \u00f6ncesinden yeni bulunan yaz\u0131n\u0131n kullan\u0131lmas\u0131na ku\u015fkuyla yakla\u015farak \u015f\u00f6yle diyordu: \u201cYaz\u0131y\u0131 kullanmaya ba\u015flayanlar haf\u0131zalar\u0131n\u0131 kullanmaktan vazge\u00e7ecekler ve unutkanla\u015facaklar (\u2026) Sonu\u00e7ta belki bilgili say\u0131lacaklar ama bir\u00e7ok \u015feyin de cahili olacaklar\u2026\u201d (Platon, 2015: 910). Ne kadar da isabetli bir \u00f6ng\u00f6r\u00fc ger\u00e7ekten. Bilhassa da 2000 ve sonras\u0131 do\u011fumlular i\u00e7in. Zira g\u00f6rece olarak bir sonraki ku\u015fakla birlikte en fazla onlar a\u015f\u0131r\u0131 enformasyon bollu\u011funa ko\u015fut bir bi\u00e7imde bilgi me\u015fgul\u00fc ama anlam malul\u00fc bir uygarl\u0131\u011f\u0131n i\u00e7ine do\u011fmu\u015f oldular. Son be\u015f on y\u0131ldan bu yana ise, ya\u015fam herkes i\u00e7in hi\u00e7 olmad\u0131\u011f\u0131 \u00f6l\u00e7\u00fcde dijitalle\u015fti, ger\u00e7eklik de aksine bir o kadar okunaks\u0131z ve ak\u0131\u015fkan hale geldi. <\/p>\n","protected":false},"excerpt":{"rendered":"<p>Medya, \u00f6zellikle de yeni ileti\u015fim teknolojileriyle bi\u00e7imlenmi\u015f ili\u015fki ortam\u0131 yapayaln\u0131z sosyalli\u011fimizin \u00fcreticisi, yans\u0131t\u0131c\u0131s\u0131 ve yay\u0131c\u0131s\u0131 haline geldi son birka\u00e7 y\u0131ld\u0131r. \u0130leti\u015fimsel ili\u015fkilerimizin toplumsal boyutunu daha da<span class=\"excerpt-hellip\"> [\u2026]<\/span><\/p>\n","protected":false},"featured_media":0,"template":"","meta":{"_monsterinsights_skip_tracking":false,"_monsterinsights_sitenote_active":false,"_monsterinsights_sitenote_note":"","_monsterinsights_sitenote_category":0},"product_brand":[],"product_cat":[15983,13488],"product_tag":[],"class_list":{"0":"post-733949","1":"product","2":"type-product","3":"status-publish","5":"product_cat-iletisim-ve-medya","6":"product_cat-toplum-ve-insan","7":"pa_cilt-ciltsiz","8":"pa_tur-kitap","9":"pa_yayinevi-kalkedon-yayincilik","10":"pa_yazar-huseyin-kose","12":"first","13":"instock","14":"sale","15":"shipping-taxable","16":"purchasable","17":"product-type-simple"},"_links":{"self":[{"href":"https:\/\/roveyayinevi.com.tr\/index.php\/wp-json\/wp\/v2\/product\/733949","targetHints":{"allow":["GET"]}}],"collection":[{"href":"https:\/\/roveyayinevi.com.tr\/index.php\/wp-json\/wp\/v2\/product"}],"about":[{"href":"https:\/\/roveyayinevi.com.tr\/index.php\/wp-json\/wp\/v2\/types\/product"}],"wp:attachment":[{"href":"https:\/\/roveyayinevi.com.tr\/index.php\/wp-json\/wp\/v2\/media?parent=733949"}],"wp:term":[{"taxonomy":"product_brand","embeddable":true,"href":"https:\/\/roveyayinevi.com.tr\/index.php\/wp-json\/wp\/v2\/product_brand?post=733949"},{"taxonomy":"product_cat","embeddable":true,"href":"https:\/\/roveyayinevi.com.tr\/index.php\/wp-json\/wp\/v2\/product_cat?post=733949"},{"taxonomy":"product_tag","embeddable":true,"href":"https:\/\/roveyayinevi.com.tr\/index.php\/wp-json\/wp\/v2\/product_tag?post=733949"}],"curies":[{"name":"wp","href":"https:\/\/api.w.org\/{rel}","templated":true}]}}