{"id":733938,"date":"2025-08-27T22:19:17","date_gmt":"2025-08-27T19:19:17","guid":{"rendered":"https:\/\/roveyayinevi.com.tr\/index.php\/urun\/basimin-belasi-2-kelebek\/"},"modified":"2025-11-21T07:11:55","modified_gmt":"2025-11-21T04:11:55","slug":"basimin-belasi-2-kelebek","status":"publish","type":"product","link":"https:\/\/roveyayinevi.com.tr\/index.php\/urun\/basimin-belasi-2-kelebek\/","title":{"rendered":"Ba\u015f\u0131m\u0131n Belas\u0131 2 &#8211; Kelebek"},"content":{"rendered":"<p>A\u015fk r\u00fczg\u00e2r\u0131nda kanat \u00e7\u0131rparken sevdi\u011fi adam\u0131n y\u00fcre\u011finden kovuldu\u011funda, her \u015feyin bitti\u011fini sand\u0131 Zeynep.Buz tutan kalbine a\u015fk\u0131 i\u015fleyen mavi bak\u0131\u015flar g\u00f6zlerinden \u00e7ekildi\u011finde, sonsuz k\u00e2busuna yeniden tutsak edildi\u011fine inand\u0131 R\u00fczg\u00e2r. Oysa onlar\u0131n masal\u0131nda ayr\u0131l\u0131k bir son de\u011fildi. Aylar sonra her \u015feyin ba\u015flad\u0131\u011f\u0131 yerde yeniden kar\u015f\u0131la\u015ft\u0131klar\u0131nda da kaderleri o masal\u0131 en ba\u015ftan yazmakt\u0131.Ve unutmamalar\u0131 gereken bir \u015fey daha vard\u0131. Onlar i\u00e7in masal\u0131n sonu asl\u0131nda sonsuzlu\u011fun ba\u015flang\u0131c\u0131yd\u0131.  &#8220;A\u015fk sadece seninle g\u00fczel, seninle olan her \u015fey i\u00e7inde sen vars\u0131n diye g\u00fczel\u2026 Seni sevmek, kendimi sevmeye ba\u015flamam demek. Seni sevmek, akl\u0131mla kurdu\u011fum bir hayalin kalbimde can bulmas\u0131 demek. Seni sevmek \u00e7ok g\u00fczel, Zeynep\u2019im. Seni sevmek bu hayatta senin kadar g\u00fczel olan tek \u015fey!&#8221;  \u201c\u0130stedi\u011fin buysa e\u011fer\u2026 \u00dczg\u00fcn\u00fcm ama biz arkada\u015f falan olamay\u0131z, Zeynep.Biz olamad\u0131ysak\u2026Biz olam\u0131yorsak e\u011fer seninle ben, hi\u00e7bir \u015fey olamay\u0131z art\u0131k!\u201d<\/p>\n","protected":false},"excerpt":{"rendered":"<p>A\u015fk r\u00fczg\u00e2r\u0131nda kanat \u00e7\u0131rparken sevdi\u011fi adam\u0131n y\u00fcre\u011finden kovuldu\u011funda, her \u015feyin bitti\u011fini sand\u0131 Zeynep.Buz tutan kalbine a\u015fk\u0131 i\u015fleyen mavi bak\u0131\u015flar g\u00f6zlerinden \u00e7ekildi\u011finde, sonsuz k\u00e2busuna yeniden tutsak edildi\u011fine<span class=\"excerpt-hellip\"> [\u2026]<\/span><\/p>\n","protected":false},"featured_media":0,"template":"","meta":{"_monsterinsights_skip_tracking":false,"_monsterinsights_sitenote_active":false,"_monsterinsights_sitenote_note":"","_monsterinsights_sitenote_category":0},"product_brand":[],"product_cat":[12291,12711],"product_tag":[],"class_list":{"0":"post-733938","1":"product","2":"type-product","3":"status-publish","5":"product_cat-edebiyat","6":"product_cat-roman-oyku","7":"pa_cilt-ciltsiz","8":"pa_tur-kitap","9":"pa_yayinevi-epsilon-yayinlari","10":"pa_yazar-aysenur-ince","12":"first","13":"instock","14":"sale","15":"shipping-taxable","16":"purchasable","17":"product-type-simple"},"_links":{"self":[{"href":"https:\/\/roveyayinevi.com.tr\/index.php\/wp-json\/wp\/v2\/product\/733938","targetHints":{"allow":["GET"]}}],"collection":[{"href":"https:\/\/roveyayinevi.com.tr\/index.php\/wp-json\/wp\/v2\/product"}],"about":[{"href":"https:\/\/roveyayinevi.com.tr\/index.php\/wp-json\/wp\/v2\/types\/product"}],"wp:attachment":[{"href":"https:\/\/roveyayinevi.com.tr\/index.php\/wp-json\/wp\/v2\/media?parent=733938"}],"wp:term":[{"taxonomy":"product_brand","embeddable":true,"href":"https:\/\/roveyayinevi.com.tr\/index.php\/wp-json\/wp\/v2\/product_brand?post=733938"},{"taxonomy":"product_cat","embeddable":true,"href":"https:\/\/roveyayinevi.com.tr\/index.php\/wp-json\/wp\/v2\/product_cat?post=733938"},{"taxonomy":"product_tag","embeddable":true,"href":"https:\/\/roveyayinevi.com.tr\/index.php\/wp-json\/wp\/v2\/product_tag?post=733938"}],"curies":[{"name":"wp","href":"https:\/\/api.w.org\/{rel}","templated":true}]}}