{"id":733935,"date":"2025-08-27T22:19:14","date_gmt":"2025-08-27T19:19:14","guid":{"rendered":"https:\/\/roveyayinevi.com.tr\/index.php\/urun\/fikir-ve-sanat-alemimize-bu-hurriyet-kafi-degildir\/"},"modified":"2026-04-16T02:41:39","modified_gmt":"2026-04-15T23:41:39","slug":"fikir-ve-sanat-alemimize-bu-hurriyet-kafi-degildir","status":"publish","type":"product","link":"https:\/\/roveyayinevi.com.tr\/index.php\/urun\/fikir-ve-sanat-alemimize-bu-hurriyet-kafi-degildir\/","title":{"rendered":"Fikir ve Sanat Alemimize Bu H\u00fcrriyet Kafi De\u011fildir"},"content":{"rendered":"<p>V\u00e2l\u00e2 Nureddin \u2018V\u00e2-N\u00fb\u2019, g\u00fcn\u00fcm\u00fczde sadece N\u00e2z\u0131m Hikmet\u2019in yak\u0131n dostu ve biyograficisi olarak hat\u0131rlan\u0131yor. Oysa \u00e7ok uzun y\u0131llar \u201cT\u00fcrkiye\u2019nin bir numaral\u0131 f\u0131krac\u0131s\u0131\u201d kabul edilmi\u015f, hem inan\u0131lmaz geni\u015flikteki ilgi alan\u0131yla hem de k\u0131vrak T\u00fcrk\u00e7esiyle \u00f6zellikle kendinden gen\u00e7 birka\u00e7 ku\u015fak ayd\u0131n\u0131n b\u00fcy\u00fck bir zevkle takip etti\u011fi iyi bir yazard\u0131. F\u0131krac\u0131l\u0131k mesaisini, 1920\u2019lerin ikinci yar\u0131s\u0131ndan 1960\u2019lar\u0131n ortalar\u0131na kadar kesintisiz olarak, belli bir d\u00fcnya g\u00f6r\u00fc\u015f\u00fc etraf\u0131nda s\u00fcrd\u00fcrm\u00fc\u015f istisnai bir kalem adam\u0131yd\u0131. Hep \u015fu kayg\u0131y\u0131 g\u00f6zetmi\u015fti: Yeni kurulan Cumhuriyet\u2019in yurtta\u015flar\u0131n\u0131 modern, sek\u00fcler bir kamusal ahlak ve bu ahlak\u0131 kurumsalla\u015ft\u0131racak bir \u00f6rg\u00fctl\u00fcl\u00fck geli\u015ftirmeye te\u015fvik etmek; toplumsal k\u00fclt\u00fcr\u00fcm\u00fcz\u00fcn bu ahlak\u0131n geli\u015ftirilmesine engel olan yanlar\u0131n\u0131 tatl\u0131 bir dille ama k\u0131yas\u0131ya ele\u015ftirmek.   \u00c7ok farkl\u0131 t\u00fcrlerde \u201ciki kamyon\u201d dolusu metin \u00fcreten V\u00e2-N\u00fb en \u00e7ok f\u0131kra yazarl\u0131\u011f\u0131n\u0131 \u00f6nemsiyordu; \u00e7\u00fcnk\u00fc ileriki y\u0131llar\u0131n ara\u015ft\u0131rmac\u0131lar\u0131n\u0131n onun tan\u0131kl\u0131k etti\u011fi ola\u011fan\u00fcst\u00fc d\u00f6nemi anlamak istediklerinde mutlaka f\u0131kra yazarlar\u0131na ba\u015fvuraca\u011f\u0131n\u0131 d\u00fc\u015f\u00fcn\u00fcyordu. Biz de onu g\u00fcn\u00fcm\u00fcz okurlar\u0131na tan\u0131tmak i\u00e7in on binlerce yaz\u0131s\u0131 aras\u0131ndan \u00fc\u00e7 y\u00fcz kadar f\u0131kras\u0131n\u0131 iki cilt halinde sunuyoruz. Fikir ve Sanat \u00c2lemimize Bu H\u00fcrriyet K\u00e2fi De\u011fildir cildi edebiyat, dil, din ve ahlak, fikir ve sanatla ilgili yaz\u0131lar\u0131ndan, Asri R\u00fcyalar, Feti\u015f Rejimler cildi ise g\u00fcndelik hayat\u0131 ve toplumsal k\u00fclt\u00fcr\u00fcm\u00fcz\u00fc ele\u015ftiren yaz\u0131lar\u0131yla \u00e7al\u0131\u015fma hayat\u0131 ve siyasetle ilgili yaz\u0131lar\u0131ndan bir se\u00e7ki niteli\u011finde.   Haldun Taner, V\u00e2-N\u00fb\u2019yu \u015f\u00f6yle anlat\u0131r: \u201cOnun s\u00fctunu bize hocalar\u0131m\u0131z\u0131n a\u00e7amad\u0131\u011f\u0131 ne pencereler a\u00e7t\u0131. K\u00f6kl\u00fc bir \u0130stanbul terbiye ve g\u00f6rg\u00fcs\u00fcnden gelen \u00e7elebili\u011fi, Galatasarayl\u0131l\u0131\u011f\u0131n verdi\u011fi ince bir esprisi, \u00e7ok sevdi\u011fi Viyana\u2019n\u0131n hayat \u00fcslubundan edindi\u011fi zarif bir Avrupal\u0131 gustosu ve nihayet Moskova g\u00fcnlerinin an\u0131s\u0131 bir diyalektikten \u00f6r\u00fclme, kendine \u00f6zg\u00fc, \u00e7ok ilgin\u00e7 bir k\u00fclt\u00fcr\u00fc vard\u0131.\u201d Bu yaz\u0131lar, eminiz, g\u00fcn\u00fcm\u00fcz okurlar\u0131 i\u00e7in de yeni pencereler a\u00e7acak!<\/p>\n","protected":false},"excerpt":{"rendered":"<p>V\u00e2l\u00e2 Nureddin \u2018V\u00e2-N\u00fb\u2019, g\u00fcn\u00fcm\u00fczde sadece N\u00e2z\u0131m Hikmet\u2019in yak\u0131n dostu ve biyograficisi olarak hat\u0131rlan\u0131yor. Oysa \u00e7ok uzun y\u0131llar \u201cT\u00fcrkiye\u2019nin bir numaral\u0131 f\u0131krac\u0131s\u0131\u201d kabul edilmi\u015f, hem inan\u0131lmaz geni\u015flikteki<span class=\"excerpt-hellip\"> [\u2026]<\/span><\/p>\n","protected":false},"featured_media":0,"template":"","meta":{"_monsterinsights_skip_tracking":false,"_monsterinsights_sitenote_active":false,"_monsterinsights_sitenote_note":"","_monsterinsights_sitenote_category":0},"product_brand":[],"product_cat":[12777,12291],"product_tag":[],"class_list":{"0":"post-733935","1":"product","2":"type-product","3":"status-publish","5":"product_cat-deneme","6":"product_cat-edebiyat","7":"pa_cilt-ciltsiz","8":"pa_tur-kitap","9":"pa_yayinevi-can-yayinlari","10":"pa_yazar-va-nu","12":"first","13":"instock","14":"sale","15":"shipping-taxable","16":"purchasable","17":"product-type-simple"},"_links":{"self":[{"href":"https:\/\/roveyayinevi.com.tr\/index.php\/wp-json\/wp\/v2\/product\/733935","targetHints":{"allow":["GET"]}}],"collection":[{"href":"https:\/\/roveyayinevi.com.tr\/index.php\/wp-json\/wp\/v2\/product"}],"about":[{"href":"https:\/\/roveyayinevi.com.tr\/index.php\/wp-json\/wp\/v2\/types\/product"}],"wp:attachment":[{"href":"https:\/\/roveyayinevi.com.tr\/index.php\/wp-json\/wp\/v2\/media?parent=733935"}],"wp:term":[{"taxonomy":"product_brand","embeddable":true,"href":"https:\/\/roveyayinevi.com.tr\/index.php\/wp-json\/wp\/v2\/product_brand?post=733935"},{"taxonomy":"product_cat","embeddable":true,"href":"https:\/\/roveyayinevi.com.tr\/index.php\/wp-json\/wp\/v2\/product_cat?post=733935"},{"taxonomy":"product_tag","embeddable":true,"href":"https:\/\/roveyayinevi.com.tr\/index.php\/wp-json\/wp\/v2\/product_tag?post=733935"}],"curies":[{"name":"wp","href":"https:\/\/api.w.org\/{rel}","templated":true}]}}