{"id":733928,"date":"2025-08-27T22:19:06","date_gmt":"2025-08-27T19:19:06","guid":{"rendered":"https:\/\/roveyayinevi.com.tr\/index.php\/urun\/kultablasindan-tasanlar\/"},"modified":"2026-04-16T02:41:39","modified_gmt":"2026-04-15T23:41:39","slug":"kultablasindan-tasanlar","status":"publish","type":"product","link":"https:\/\/roveyayinevi.com.tr\/index.php\/urun\/kultablasindan-tasanlar\/","title":{"rendered":"K\u00fcltablas\u0131ndan Ta\u015fanlar"},"content":{"rendered":"<p>K\u00fcl tablas\u0131ndan ta\u015fanlar: ya\u015fanm\u0131\u015fl\u0131klar, metaforlar, a\u015fk, h\u00fcz\u00fcn\u2026   Okudu\u011funuz her sat\u0131rda insanl\u0131ktan kendinizden bir \u015feyler bulacaks\u0131n\u0131z.   Ucu sonu olmayan bir anlam deryas\u0131nda kaybolmaya haz\u0131r olun!<\/p>\n","protected":false},"excerpt":{"rendered":"<p>K\u00fcl tablas\u0131ndan ta\u015fanlar: ya\u015fanm\u0131\u015fl\u0131klar, metaforlar, a\u015fk, h\u00fcz\u00fcn\u2026 Okudu\u011funuz her sat\u0131rda insanl\u0131ktan kendinizden bir \u015feyler bulacaks\u0131n\u0131z. Ucu sonu olmayan bir anlam deryas\u0131nda kaybolmaya haz\u0131r olun!<\/p>\n","protected":false},"featured_media":0,"template":"","meta":{"_monsterinsights_skip_tracking":false,"_monsterinsights_sitenote_active":false,"_monsterinsights_sitenote_note":"","_monsterinsights_sitenote_category":0},"product_brand":[],"product_cat":[12291,12711],"product_tag":[],"class_list":{"0":"post-733928","1":"product","2":"type-product","3":"status-publish","5":"product_cat-edebiyat","6":"product_cat-roman-oyku","7":"pa_cilt-ciltsiz","8":"pa_tur-kitap","9":"pa_yayinevi-elpis-yayinlari","10":"pa_yazar-mustafa-agir","12":"first","13":"instock","14":"sale","15":"shipping-taxable","16":"purchasable","17":"product-type-simple"},"_links":{"self":[{"href":"https:\/\/roveyayinevi.com.tr\/index.php\/wp-json\/wp\/v2\/product\/733928","targetHints":{"allow":["GET"]}}],"collection":[{"href":"https:\/\/roveyayinevi.com.tr\/index.php\/wp-json\/wp\/v2\/product"}],"about":[{"href":"https:\/\/roveyayinevi.com.tr\/index.php\/wp-json\/wp\/v2\/types\/product"}],"wp:attachment":[{"href":"https:\/\/roveyayinevi.com.tr\/index.php\/wp-json\/wp\/v2\/media?parent=733928"}],"wp:term":[{"taxonomy":"product_brand","embeddable":true,"href":"https:\/\/roveyayinevi.com.tr\/index.php\/wp-json\/wp\/v2\/product_brand?post=733928"},{"taxonomy":"product_cat","embeddable":true,"href":"https:\/\/roveyayinevi.com.tr\/index.php\/wp-json\/wp\/v2\/product_cat?post=733928"},{"taxonomy":"product_tag","embeddable":true,"href":"https:\/\/roveyayinevi.com.tr\/index.php\/wp-json\/wp\/v2\/product_tag?post=733928"}],"curies":[{"name":"wp","href":"https:\/\/api.w.org\/{rel}","templated":true}]}}