{"id":733902,"date":"2025-08-27T22:18:41","date_gmt":"2025-08-27T19:18:41","guid":{"rendered":"https:\/\/roveyayinevi.com.tr\/index.php\/urun\/siber-psikoloji\/"},"modified":"2026-04-16T02:41:38","modified_gmt":"2026-04-15T23:41:38","slug":"siber-psikoloji","status":"publish","type":"product","link":"https:\/\/roveyayinevi.com.tr\/index.php\/urun\/siber-psikoloji\/","title":{"rendered":"Siber Psikoloji"},"content":{"rendered":"<p>Ya\u015fam\u0131n her an\u0131nda kullan\u0131lan bir ara\u00e7 olmaktan \u00e7\u0131k\u0131p kendi uzay\u0131nda insanlar\u0131n var oldu\u011fu bir dijital d\u00f6neme hen\u00fcz yeni ad\u0131m at\u0131yoruz. Evet, dijital teknolojilerin say\u0131s\u0131z faydas\u0131 var ancak bu teknolojiler bir\u00e7ok yeni tehdit ve daha \u00f6nceden tan\u0131mlayamad\u0131\u011f\u0131m\u0131z yeni problemlere de neden oluyor. Siber uzay, art\u0131k her g\u00fcn yenilerinin de eklendi\u011fi ve etkilerinin fizik\u00ee d\u00fcnyaya da yans\u0131d\u0131\u011f\u0131 y\u00fczlerce farkl\u0131 tehdit bar\u0131nd\u0131r\u0131yor. Daha da \u00f6nemlisi davran\u0131\u015flar\u0131m\u0131z\u0131, alg\u0131m\u0131z\u0131, kimli\u011fimizi, benli\u011fimizi etkiliyor, de\u011fi\u015ftiriyor ve bir d\u00f6n\u00fc\u015f\u00fcme zorluyor. Baz\u0131 de\u011fi\u015fim ve d\u00f6n\u00fc\u015f\u00fcmler i\u00e7in iyi-k\u00f6t\u00fc, do\u011fru-yanl\u0131\u015f noktas\u0131nda g\u00f6receli durumlar s\u00f6z konusu olsa da sebep oldu\u011fu baz\u0131 problemler neredeyse tart\u0131\u015fmas\u0131z olarak bu yeni uzayda halledilmesi gereken sorunlar olarak \u00e7\u00f6z\u00fcm bekliyor. \u0130\u015fte yeni ve y\u00fckselen bir bilim alan\u0131 olan siber psikoloji veya siber uzay psikolojisi; dijital teknolojilerin temelde insan beyni \u00fczerinde, ba\u015fta negatif olmak \u00fczere, etkilerini inceliyor. Siber psikoloji, dijital teknolojilerin insan \u00fczerindeki bili\u015fsel, duygusal, fiziksel, davran\u0131\u015fsal ve sosyal etkilerini bir b\u00fct\u00fcn olarak ele al\u0131p sorguluyor; hem siber uzay\u0131n kendi s\u0131n\u0131rlar\u0131 i\u00e7indeki insan psikolojisini hem de siber uzay ve fizik\u00ee uzay aras\u0131nda birbirini etkileyen dinamikleri anlamaya \u00e7al\u0131\u015f\u0131yor.   Bu kitap; ara\u015ft\u0131rmac\u0131, psikolog, dan\u0131\u015fman, uzman ve siber psikolojiyle ilgili t\u00fcm \u00f6\u011frenci ve okuyuculara hem siber psikoloji bilimi hakk\u0131nda iyi bir temel sunuyor hem de bilimsel ara\u015ft\u0131rmalarla dijital teknolojilerden insan\u0131n A\u2019dan Z\u2019ye ya\u015fam\u0131n\u0131n nas\u0131l bir de\u011fi\u015fim ve d\u00f6n\u00fc\u015f\u00fcm ge\u00e7irmekte oldu\u011funu g\u00f6zler \u00f6n\u00fcne seriyor. Kitab\u0131 okurken yer yer kayg\u0131lanacaks\u0131n\u0131z, daha \u00e7ok sorunuz olu\u015facak ve ara\u015ft\u0131rma merak\u0131n\u0131z daha da canlanacak. Siber psikoloji, hen\u00fcz bilinmeyenlerin ku\u015fatt\u0131\u011f\u0131 bir evrende sorular\u0131n cevaplar\u0131n\u0131 aramaya devam ediyor. Bu kitab\u0131 okudu\u011funuzda siber uzay\u0131n dinamiklerini daha iyi anlayacaks\u0131n\u0131z. \u0130yi okumalar\u2026 <\/p>\n","protected":false},"excerpt":{"rendered":"<p>Ya\u015fam\u0131n her an\u0131nda kullan\u0131lan bir ara\u00e7 olmaktan \u00e7\u0131k\u0131p kendi uzay\u0131nda insanlar\u0131n var oldu\u011fu bir dijital d\u00f6neme hen\u00fcz yeni ad\u0131m at\u0131yoruz. Evet, dijital teknolojilerin say\u0131s\u0131z faydas\u0131 var<span class=\"excerpt-hellip\"> [\u2026]<\/span><\/p>\n","protected":false},"featured_media":0,"template":"","meta":{"_monsterinsights_skip_tracking":false,"_monsterinsights_sitenote_active":false,"_monsterinsights_sitenote_note":"","_monsterinsights_sitenote_category":0},"product_brand":[],"product_cat":[12358,12357],"product_tag":[],"class_list":{"0":"post-733902","1":"product","2":"type-product","3":"status-publish","5":"product_cat-genel-psikoloji","6":"product_cat-psikoloji","7":"pa_cilt-ciltsiz","8":"pa_tur-kitap","9":"pa_yayinevi-ani-yayincilik","10":"pa_yazar-selim-gunuc","12":"first","13":"instock","14":"sale","15":"shipping-taxable","16":"purchasable","17":"product-type-simple"},"_links":{"self":[{"href":"https:\/\/roveyayinevi.com.tr\/index.php\/wp-json\/wp\/v2\/product\/733902","targetHints":{"allow":["GET"]}}],"collection":[{"href":"https:\/\/roveyayinevi.com.tr\/index.php\/wp-json\/wp\/v2\/product"}],"about":[{"href":"https:\/\/roveyayinevi.com.tr\/index.php\/wp-json\/wp\/v2\/types\/product"}],"wp:attachment":[{"href":"https:\/\/roveyayinevi.com.tr\/index.php\/wp-json\/wp\/v2\/media?parent=733902"}],"wp:term":[{"taxonomy":"product_brand","embeddable":true,"href":"https:\/\/roveyayinevi.com.tr\/index.php\/wp-json\/wp\/v2\/product_brand?post=733902"},{"taxonomy":"product_cat","embeddable":true,"href":"https:\/\/roveyayinevi.com.tr\/index.php\/wp-json\/wp\/v2\/product_cat?post=733902"},{"taxonomy":"product_tag","embeddable":true,"href":"https:\/\/roveyayinevi.com.tr\/index.php\/wp-json\/wp\/v2\/product_tag?post=733902"}],"curies":[{"name":"wp","href":"https:\/\/api.w.org\/{rel}","templated":true}]}}