{"id":733898,"date":"2025-08-27T22:18:37","date_gmt":"2025-08-27T19:18:37","guid":{"rendered":"https:\/\/roveyayinevi.com.tr\/index.php\/urun\/super-cocuk\/"},"modified":"2026-04-16T02:41:38","modified_gmt":"2026-04-15T23:41:38","slug":"super-cocuk","status":"publish","type":"product","link":"https:\/\/roveyayinevi.com.tr\/index.php\/urun\/super-cocuk\/","title":{"rendered":"S\u00fcper \u00c7ocuk"},"content":{"rendered":"<p>S\u0131radan bir sokaktaki, s\u0131radan bir evde, s\u0131ra d\u0131\u015f\u0131 bir \u00e7ocuk ya\u015f\u0131yor! S\u00fcper \u00c7ocuk! S\u00fcper \u00c7ocuk, g\u00fcvenilir dostu Mega K\u00f6pek ile birlikte, yard\u0131ma ihtiyac\u0131 olanlar\u0131n yard\u0131m\u0131na ko\u015fuyor, \u015fehri tehlikelerden koruyordu. Bir g\u00fcn a\u011fa\u00e7 evden inemeyen iki kahraman\u0131 kim kurtaracak dersin? <\/p>\n","protected":false},"excerpt":{"rendered":"<p>S\u0131radan bir sokaktaki, s\u0131radan bir evde, s\u0131ra d\u0131\u015f\u0131 bir \u00e7ocuk ya\u015f\u0131yor! S\u00fcper \u00c7ocuk! S\u00fcper \u00c7ocuk, g\u00fcvenilir dostu Mega K\u00f6pek ile birlikte, yard\u0131ma ihtiyac\u0131 olanlar\u0131n yard\u0131m\u0131na ko\u015fuyor,<span class=\"excerpt-hellip\"> [\u2026]<\/span><\/p>\n","protected":false},"featured_media":0,"template":"","meta":{"_monsterinsights_skip_tracking":false,"_monsterinsights_sitenote_active":false,"_monsterinsights_sitenote_note":"","_monsterinsights_sitenote_category":0},"product_brand":[],"product_cat":[12274,12518],"product_tag":[],"class_list":{"0":"post-733898","1":"product","2":"type-product","3":"status-publish","5":"product_cat-cocuk-ve-genclik-kitaplari","6":"product_cat-okul-oncesi-kitaplar","7":"pa_cilt-ciltsiz","8":"pa_tur-kitap","9":"pa_yayinevi-is-bankasi-kultur-yayinlari","10":"pa_yazar-hannah-cather","12":"first","13":"instock","14":"sale","15":"shipping-taxable","16":"purchasable","17":"product-type-simple"},"_links":{"self":[{"href":"https:\/\/roveyayinevi.com.tr\/index.php\/wp-json\/wp\/v2\/product\/733898","targetHints":{"allow":["GET"]}}],"collection":[{"href":"https:\/\/roveyayinevi.com.tr\/index.php\/wp-json\/wp\/v2\/product"}],"about":[{"href":"https:\/\/roveyayinevi.com.tr\/index.php\/wp-json\/wp\/v2\/types\/product"}],"wp:attachment":[{"href":"https:\/\/roveyayinevi.com.tr\/index.php\/wp-json\/wp\/v2\/media?parent=733898"}],"wp:term":[{"taxonomy":"product_brand","embeddable":true,"href":"https:\/\/roveyayinevi.com.tr\/index.php\/wp-json\/wp\/v2\/product_brand?post=733898"},{"taxonomy":"product_cat","embeddable":true,"href":"https:\/\/roveyayinevi.com.tr\/index.php\/wp-json\/wp\/v2\/product_cat?post=733898"},{"taxonomy":"product_tag","embeddable":true,"href":"https:\/\/roveyayinevi.com.tr\/index.php\/wp-json\/wp\/v2\/product_tag?post=733898"}],"curies":[{"name":"wp","href":"https:\/\/api.w.org\/{rel}","templated":true}]}}