{"id":733895,"date":"2025-08-27T22:18:34","date_gmt":"2025-08-27T19:18:34","guid":{"rendered":"https:\/\/roveyayinevi.com.tr\/index.php\/urun\/otuz-dokuz-basamak-2\/"},"modified":"2026-04-16T02:41:38","modified_gmt":"2026-04-15T23:41:38","slug":"otuz-dokuz-basamak-2","status":"publish","type":"product","link":"https:\/\/roveyayinevi.com.tr\/index.php\/urun\/otuz-dokuz-basamak-2\/","title":{"rendered":"Otuz Dokuz Basamak"},"content":{"rendered":"<p>Richard Hannay, Londra\u2019daki hayat\u0131ndan \u00e7ok s\u0131k\u0131ld\u0131\u011f\u0131 bir ak\u015fam kendini son derece tehlikeli bir durumun ve b\u00fcy\u00fck sonu\u00e7lar\u0131 olacak bir komplonun ortas\u0131nda bulur. 15 Haziran\u2019da uluslararas\u0131 dengeler temelinden sars\u0131lacakt\u0131r ve bunu engelleyebilecek tek ki\u015fi, \u00fcst kat kom\u015fusudur. Neler olup bitti\u011fini \u00e7\u00f6zmeye \u00e7al\u0131\u015f\u0131rken cinayet zanl\u0131s\u0131 oluveren Hannay, memleketi \u0130sko\u00e7ya\u2019ya ka\u00e7mak zorunda kal\u0131r.   Ka\u00e7\u0131\u015f temal\u0131 gerilim polisiyelerinin arketipik \u00f6rneklerinden biri olan Otuz Dokuz Basamak, ilk olarak 1915 y\u0131l\u0131nda Blackwood\u2019s Magazine dergisinde tefrika edildi, ayn\u0131 y\u0131l kitap olarak da piyasaya \u00e7\u0131kt\u0131. Birinci D\u00fcnya Sava\u015f\u0131\u2019n\u0131n hemen \u00f6ncesini konu edinen roman, y\u0131llar boyu pek \u00e7ok film ve televizyon uyarlamas\u0131na ilham verdi; Alfred Hitchcock taraf\u0131ndan 1935 y\u0131l\u0131nda baz\u0131 k\u00f6kl\u00fc de\u011fi\u015fikliklerle beyazperdeye uyarland\u0131. Bu s\u00fcr\u00fckleyici casus hik\u00e2yesi, Graham Greene ve James Bond\u2019un yarat\u0131c\u0131s\u0131 Ian Fleming gibi bir\u00e7ok yazar\u0131 da etkilemi\u015ftir. <\/p>\n","protected":false},"excerpt":{"rendered":"<p>Richard Hannay, Londra\u2019daki hayat\u0131ndan \u00e7ok s\u0131k\u0131ld\u0131\u011f\u0131 bir ak\u015fam kendini son derece tehlikeli bir durumun ve b\u00fcy\u00fck sonu\u00e7lar\u0131 olacak bir komplonun ortas\u0131nda bulur. 15 Haziran\u2019da uluslararas\u0131 dengeler<span class=\"excerpt-hellip\"> [\u2026]<\/span><\/p>\n","protected":false},"featured_media":0,"template":"","meta":{"_monsterinsights_skip_tracking":false,"_monsterinsights_sitenote_active":false,"_monsterinsights_sitenote_note":"","_monsterinsights_sitenote_category":0},"product_brand":[],"product_cat":[12291,26797],"product_tag":[],"class_list":{"0":"post-733895","1":"product","2":"type-product","3":"status-publish","5":"product_cat-edebiyat","6":"product_cat-modern-klasikler","7":"pa_cilt-ciltsiz","8":"pa_tur-kitap","9":"pa_yayinevi-is-bankasi-kultur-yayinlari","10":"pa_yazar-john-buchan","12":"first","13":"instock","14":"sale","15":"shipping-taxable","16":"purchasable","17":"product-type-simple"},"_links":{"self":[{"href":"https:\/\/roveyayinevi.com.tr\/index.php\/wp-json\/wp\/v2\/product\/733895","targetHints":{"allow":["GET"]}}],"collection":[{"href":"https:\/\/roveyayinevi.com.tr\/index.php\/wp-json\/wp\/v2\/product"}],"about":[{"href":"https:\/\/roveyayinevi.com.tr\/index.php\/wp-json\/wp\/v2\/types\/product"}],"wp:attachment":[{"href":"https:\/\/roveyayinevi.com.tr\/index.php\/wp-json\/wp\/v2\/media?parent=733895"}],"wp:term":[{"taxonomy":"product_brand","embeddable":true,"href":"https:\/\/roveyayinevi.com.tr\/index.php\/wp-json\/wp\/v2\/product_brand?post=733895"},{"taxonomy":"product_cat","embeddable":true,"href":"https:\/\/roveyayinevi.com.tr\/index.php\/wp-json\/wp\/v2\/product_cat?post=733895"},{"taxonomy":"product_tag","embeddable":true,"href":"https:\/\/roveyayinevi.com.tr\/index.php\/wp-json\/wp\/v2\/product_tag?post=733895"}],"curies":[{"name":"wp","href":"https:\/\/api.w.org\/{rel}","templated":true}]}}