{"id":733893,"date":"2025-08-27T22:18:31","date_gmt":"2025-08-27T19:18:31","guid":{"rendered":"https:\/\/roveyayinevi.com.tr\/index.php\/urun\/filiponun-kitabi\/"},"modified":"2026-04-16T02:41:38","modified_gmt":"2026-04-15T23:41:38","slug":"filiponun-kitabi","status":"publish","type":"product","link":"https:\/\/roveyayinevi.com.tr\/index.php\/urun\/filiponun-kitabi\/","title":{"rendered":"Filipo&#8217;nun Kitab\u0131"},"content":{"rendered":"<p>\u201c\u00c7ok da uzak olmayan bir zamanda, ben Filipo\u2019ydum.\u201dLa Casa de Papel dizisindeki Berlin karakteriyle d\u00fcnya \u00e7ap\u0131nda tan\u0131nan Pedro Alonso, Filipo\u2019nun Kitab\u0131\u2019nda hipnoz yoluyla yap\u0131lan bir regresyon seans\u0131yla ba\u015fka bir ya\u015fama ve ba\u015fka bir bedene yapt\u0131\u011f\u0131 yolculu\u011fu anlat\u0131yor.Bu yolculukta imparatorluk g\u00fcnlerinde do\u011fuda g\u00f6reve giden Romal\u0131 asker Filipo olarak reenkarne olur. Bu g\u00f6rev, imparatorlu\u011fun geni\u015flemesine engel olabilecek potansiyel d\u00fc\u015fmanlar\u0131 tespit etmekten ve gerekirse onlar\u0131 ortadan kald\u0131rmaktan ibarettir. Asi bir grubun lideri olan hayat\u0131n\u0131 de\u011fi\u015ftirecek o adamla tan\u0131\u015f\u0131r. Yilak&#8217;ta beklenmedik bir \u015fekilde kimseyi yarg\u0131lamayan, dinlemek isteyene konu\u015fan, ger\u00e7e\u011fi bulmaya, vicdan\u0131 uyand\u0131rmaya ve g\u00f6r\u00fcnmezi g\u00f6rmeye \u00e7al\u0131\u015fan bir ak\u0131l hocas\u0131 ke\u015ffeder.Filipo, benli\u011finin en derinlerine do\u011fru \u00e7\u0131kt\u0131\u011f\u0131 yolculukta ke\u015ffettiklerinin ona sundu\u011fu \u00f6\u011fretileri alabilecek mi? Kimin can\u0131n\u0131 yakacak? Kime minnet duyacak? \u0130nanc\u0131 sayesinde her \u015feyin \u00fcstesinden gelecek g\u00fcc\u00fc ve cesareti sonunda kendinde buldu\u011funda, ge\u00e7mi\u015fine yapt\u0131\u011f\u0131 bu spirit\u00fcel yolculukta solmu\u015f t\u00fckenmi\u015f ruhuna bir can suyu bulabilecek mi?<\/p>\n","protected":false},"excerpt":{"rendered":"<p>\u201c\u00c7ok da uzak olmayan bir zamanda, ben Filipo\u2019ydum.\u201dLa Casa de Papel dizisindeki Berlin karakteriyle d\u00fcnya \u00e7ap\u0131nda tan\u0131nan Pedro Alonso, Filipo\u2019nun Kitab\u0131\u2019nda hipnoz yoluyla yap\u0131lan bir regresyon<span class=\"excerpt-hellip\"> [\u2026]<\/span><\/p>\n","protected":false},"featured_media":0,"template":"","meta":{"_monsterinsights_skip_tracking":false,"_monsterinsights_sitenote_active":false,"_monsterinsights_sitenote_note":"","_monsterinsights_sitenote_category":0},"product_brand":[],"product_cat":[12291,12711],"product_tag":[],"class_list":{"0":"post-733893","1":"product","2":"type-product","3":"status-publish","5":"product_cat-edebiyat","6":"product_cat-roman-oyku","7":"pa_cilt-ciltsiz","8":"pa_tur-kitap","9":"pa_yayinevi-epsilon-yayinlari","10":"pa_yazar-pedro-alonso-ochoro","12":"first","13":"instock","14":"sale","15":"shipping-taxable","16":"purchasable","17":"product-type-simple"},"_links":{"self":[{"href":"https:\/\/roveyayinevi.com.tr\/index.php\/wp-json\/wp\/v2\/product\/733893","targetHints":{"allow":["GET"]}}],"collection":[{"href":"https:\/\/roveyayinevi.com.tr\/index.php\/wp-json\/wp\/v2\/product"}],"about":[{"href":"https:\/\/roveyayinevi.com.tr\/index.php\/wp-json\/wp\/v2\/types\/product"}],"wp:attachment":[{"href":"https:\/\/roveyayinevi.com.tr\/index.php\/wp-json\/wp\/v2\/media?parent=733893"}],"wp:term":[{"taxonomy":"product_brand","embeddable":true,"href":"https:\/\/roveyayinevi.com.tr\/index.php\/wp-json\/wp\/v2\/product_brand?post=733893"},{"taxonomy":"product_cat","embeddable":true,"href":"https:\/\/roveyayinevi.com.tr\/index.php\/wp-json\/wp\/v2\/product_cat?post=733893"},{"taxonomy":"product_tag","embeddable":true,"href":"https:\/\/roveyayinevi.com.tr\/index.php\/wp-json\/wp\/v2\/product_tag?post=733893"}],"curies":[{"name":"wp","href":"https:\/\/api.w.org\/{rel}","templated":true}]}}