{"id":733887,"date":"2025-08-27T22:18:25","date_gmt":"2025-08-27T19:18:25","guid":{"rendered":"https:\/\/roveyayinevi.com.tr\/index.php\/urun\/yesil-vadinin-korkusuz-cocuklari\/"},"modified":"2026-04-16T02:41:38","modified_gmt":"2026-04-15T23:41:38","slug":"yesil-vadinin-korkusuz-cocuklari","status":"publish","type":"product","link":"https:\/\/roveyayinevi.com.tr\/index.php\/urun\/yesil-vadinin-korkusuz-cocuklari\/","title":{"rendered":"Ye\u015fil Vadi&#8217;nin Korkusuz \u00c7ocuklar\u0131"},"content":{"rendered":"<p>Karadeniz&#8217;in engin ye\u015filli\u011finde bir vadi. Vadiyi yuvas\u0131 bellemi\u015f \u00e7ocuklar ve her \u015feyi bir anda alt\u00fcst eden i\u015f makineleri. Demet \u0130kinci&#8217;den y\u00f6resel ayr\u0131nt\u0131lar ve tan\u0131d\u0131k karakterlerle zenginle\u015ftirilmi\u015f, ya\u015fam alanlar\u0131n\u0131 korumak i\u00e7in m\u00fccadele eden herkesin a\u015fina oldu\u011fu bir hik\u00e2ye: Ye\u015fil Vadi&#8217;nin Korkusuz \u00c7ocuklar\u0131.  <\/p>\n","protected":false},"excerpt":{"rendered":"<p>Karadeniz&#8217;in engin ye\u015filli\u011finde bir vadi. Vadiyi yuvas\u0131 bellemi\u015f \u00e7ocuklar ve her \u015feyi bir anda alt\u00fcst eden i\u015f makineleri. Demet \u0130kinci&#8217;den y\u00f6resel ayr\u0131nt\u0131lar ve tan\u0131d\u0131k karakterlerle zenginle\u015ftirilmi\u015f,<span class=\"excerpt-hellip\"> [\u2026]<\/span><\/p>\n","protected":false},"featured_media":0,"template":"","meta":{"_monsterinsights_skip_tracking":false,"_monsterinsights_sitenote_active":false,"_monsterinsights_sitenote_note":"","_monsterinsights_sitenote_category":0},"product_brand":[],"product_cat":[12275,12274],"product_tag":[],"class_list":{"0":"post-733887","1":"product","2":"type-product","3":"status-publish","5":"product_cat-6-12-yas-kitaplari","6":"product_cat-cocuk-ve-genclik-kitaplari","7":"pa_cilt-ciltsiz","8":"pa_tur-kitap","9":"pa_yayinevi-kirmizi-kedi-yayinevi","10":"pa_yazar-demet-ikinci","12":"first","13":"instock","14":"sale","15":"shipping-taxable","16":"purchasable","17":"product-type-simple"},"_links":{"self":[{"href":"https:\/\/roveyayinevi.com.tr\/index.php\/wp-json\/wp\/v2\/product\/733887","targetHints":{"allow":["GET"]}}],"collection":[{"href":"https:\/\/roveyayinevi.com.tr\/index.php\/wp-json\/wp\/v2\/product"}],"about":[{"href":"https:\/\/roveyayinevi.com.tr\/index.php\/wp-json\/wp\/v2\/types\/product"}],"wp:attachment":[{"href":"https:\/\/roveyayinevi.com.tr\/index.php\/wp-json\/wp\/v2\/media?parent=733887"}],"wp:term":[{"taxonomy":"product_brand","embeddable":true,"href":"https:\/\/roveyayinevi.com.tr\/index.php\/wp-json\/wp\/v2\/product_brand?post=733887"},{"taxonomy":"product_cat","embeddable":true,"href":"https:\/\/roveyayinevi.com.tr\/index.php\/wp-json\/wp\/v2\/product_cat?post=733887"},{"taxonomy":"product_tag","embeddable":true,"href":"https:\/\/roveyayinevi.com.tr\/index.php\/wp-json\/wp\/v2\/product_tag?post=733887"}],"curies":[{"name":"wp","href":"https:\/\/api.w.org\/{rel}","templated":true}]}}