{"id":733883,"date":"2025-08-27T22:18:21","date_gmt":"2025-08-27T19:18:21","guid":{"rendered":"https:\/\/roveyayinevi.com.tr\/index.php\/urun\/kisa-portekiz-tarihi\/"},"modified":"2026-04-16T02:41:38","modified_gmt":"2026-04-15T23:41:38","slug":"kisa-portekiz-tarihi","status":"publish","type":"product","link":"https:\/\/roveyayinevi.com.tr\/index.php\/urun\/kisa-portekiz-tarihi\/","title":{"rendered":"K\u0131sa Portekiz Tarihi"},"content":{"rendered":"<p>Portekiz tarihinden \u00f6nce co\u011frafi ve iklimsel ko\u015fullar\u0131n a\u00e7\u0131klanmas\u0131yla ba\u015flayan K\u0131sa Portekiz Tarihi, \u0130berya Yar\u0131madas\u0131\u2019ndaki ilk yerle\u015fimlerin kurulmas\u0131, Roma k\u00fclt\u00fcr\u00fcn\u00fcn miras\u0131 ve islami fetihler konular\u0131na k\u0131saca de\u011findikten sonra Erken Modernite D\u00f6neminde Portekiz\u2019in bir imparatorluk g\u00fcc\u00fc olarak y\u00fckselmesini t\u00fcm ayr\u0131nt\u0131lar\u0131yla i\u015fliyor. Black\u2019in 19. y\u00fczy\u0131l\u0131n krizlerini, Salazar rejiminin karakterini ve 1970\u2019lerden g\u00fcn\u00fcm\u00fcze k\u00fclt\u00fcr ve toplumun liberalle\u015fmesini de tart\u0131\u015ft\u0131\u011f\u0131 bu k\u0131sa kitap gezginler i\u00e7in \u00f6nemli ipu\u00e7lar\u0131 i\u00e7ermekle beraber ayn\u0131 zamanda pandemi ko\u015fullar\u0131nda seyahat edemeyenler i\u00e7in de birka\u00e7 saatlik mutlu bir ka\u00e7\u0131\u015f olana\u011f\u0131 sa\u011fl\u0131yor. <\/p>\n","protected":false},"excerpt":{"rendered":"<p>Portekiz tarihinden \u00f6nce co\u011frafi ve iklimsel ko\u015fullar\u0131n a\u00e7\u0131klanmas\u0131yla ba\u015flayan K\u0131sa Portekiz Tarihi, \u0130berya Yar\u0131madas\u0131\u2019ndaki ilk yerle\u015fimlerin kurulmas\u0131, Roma k\u00fclt\u00fcr\u00fcn\u00fcn miras\u0131 ve islami fetihler konular\u0131na k\u0131saca de\u011findikten<span class=\"excerpt-hellip\"> [\u2026]<\/span><\/p>\n","protected":false},"featured_media":0,"template":"","meta":{"_monsterinsights_skip_tracking":false,"_monsterinsights_sitenote_active":false,"_monsterinsights_sitenote_note":"","_monsterinsights_sitenote_category":0},"product_brand":[],"product_cat":[12370,12304],"product_tag":[],"class_list":{"0":"post-733883","1":"product","2":"type-product","3":"status-publish","5":"product_cat-arastirma-inceleme","6":"product_cat-tarih","7":"pa_cilt-ciltsiz","8":"pa_tur-kitap","9":"pa_yayinevi-say-yayinlari","10":"pa_yazar-jeremy-black","12":"first","13":"instock","14":"sale","15":"shipping-taxable","16":"purchasable","17":"product-type-simple"},"_links":{"self":[{"href":"https:\/\/roveyayinevi.com.tr\/index.php\/wp-json\/wp\/v2\/product\/733883","targetHints":{"allow":["GET"]}}],"collection":[{"href":"https:\/\/roveyayinevi.com.tr\/index.php\/wp-json\/wp\/v2\/product"}],"about":[{"href":"https:\/\/roveyayinevi.com.tr\/index.php\/wp-json\/wp\/v2\/types\/product"}],"wp:attachment":[{"href":"https:\/\/roveyayinevi.com.tr\/index.php\/wp-json\/wp\/v2\/media?parent=733883"}],"wp:term":[{"taxonomy":"product_brand","embeddable":true,"href":"https:\/\/roveyayinevi.com.tr\/index.php\/wp-json\/wp\/v2\/product_brand?post=733883"},{"taxonomy":"product_cat","embeddable":true,"href":"https:\/\/roveyayinevi.com.tr\/index.php\/wp-json\/wp\/v2\/product_cat?post=733883"},{"taxonomy":"product_tag","embeddable":true,"href":"https:\/\/roveyayinevi.com.tr\/index.php\/wp-json\/wp\/v2\/product_tag?post=733883"}],"curies":[{"name":"wp","href":"https:\/\/api.w.org\/{rel}","templated":true}]}}