{"id":733882,"date":"2025-08-27T22:18:20","date_gmt":"2025-08-27T19:18:20","guid":{"rendered":"https:\/\/roveyayinevi.com.tr\/index.php\/urun\/terapiye-baslarken\/"},"modified":"2026-04-16T02:41:38","modified_gmt":"2026-04-15T23:41:38","slug":"terapiye-baslarken","status":"publish","type":"product","link":"https:\/\/roveyayinevi.com.tr\/index.php\/urun\/terapiye-baslarken\/","title":{"rendered":"Terapiye Ba\u015flarken"},"content":{"rendered":"<p>Bu kitap, dinamik psikoterapiye haz\u0131rl\u0131k amac\u0131yla yap\u0131lacak anamnez, de\u011ferlendirme, tan\u0131, form\u00fclasyon, terapi s\u00f6zle\u015fmesi s\u00fcre\u00e7leri i\u00e7in bir k\u0131lavuz olarak haz\u0131rlanm\u0131\u015ft\u0131r.   <\/p>\n","protected":false},"excerpt":{"rendered":"<p>Bu kitap, dinamik psikoterapiye haz\u0131rl\u0131k amac\u0131yla yap\u0131lacak anamnez, de\u011ferlendirme, tan\u0131, form\u00fclasyon, terapi s\u00f6zle\u015fmesi s\u00fcre\u00e7leri i\u00e7in bir k\u0131lavuz olarak haz\u0131rlanm\u0131\u015ft\u0131r.<\/p>\n","protected":false},"featured_media":0,"template":"","meta":{"_monsterinsights_skip_tracking":false,"_monsterinsights_sitenote_active":false,"_monsterinsights_sitenote_note":"","_monsterinsights_sitenote_category":0},"product_brand":[],"product_cat":[12358,12357],"product_tag":[],"class_list":{"0":"post-733882","1":"product","2":"type-product","3":"status-publish","5":"product_cat-genel-psikoloji","6":"product_cat-psikoloji","7":"pa_cilt-ciltsiz","8":"pa_tur-kitap","9":"pa_yayinevi-pinhan-yayincilik","10":"pa_yazar-dogan-sahin","12":"first","13":"instock","14":"sale","15":"shipping-taxable","16":"purchasable","17":"product-type-simple"},"_links":{"self":[{"href":"https:\/\/roveyayinevi.com.tr\/index.php\/wp-json\/wp\/v2\/product\/733882","targetHints":{"allow":["GET"]}}],"collection":[{"href":"https:\/\/roveyayinevi.com.tr\/index.php\/wp-json\/wp\/v2\/product"}],"about":[{"href":"https:\/\/roveyayinevi.com.tr\/index.php\/wp-json\/wp\/v2\/types\/product"}],"wp:attachment":[{"href":"https:\/\/roveyayinevi.com.tr\/index.php\/wp-json\/wp\/v2\/media?parent=733882"}],"wp:term":[{"taxonomy":"product_brand","embeddable":true,"href":"https:\/\/roveyayinevi.com.tr\/index.php\/wp-json\/wp\/v2\/product_brand?post=733882"},{"taxonomy":"product_cat","embeddable":true,"href":"https:\/\/roveyayinevi.com.tr\/index.php\/wp-json\/wp\/v2\/product_cat?post=733882"},{"taxonomy":"product_tag","embeddable":true,"href":"https:\/\/roveyayinevi.com.tr\/index.php\/wp-json\/wp\/v2\/product_tag?post=733882"}],"curies":[{"name":"wp","href":"https:\/\/api.w.org\/{rel}","templated":true}]}}