{"id":733875,"date":"2025-08-27T22:18:13","date_gmt":"2025-08-27T19:18:13","guid":{"rendered":"https:\/\/roveyayinevi.com.tr\/index.php\/urun\/cocuklar-icin-sudoku-boyama-3-yas\/"},"modified":"2026-04-16T02:41:38","modified_gmt":"2026-04-15T23:41:38","slug":"cocuklar-icin-sudoku-boyama-3-yas","status":"publish","type":"product","link":"https:\/\/roveyayinevi.com.tr\/index.php\/urun\/cocuklar-icin-sudoku-boyama-3-yas\/","title":{"rendered":"\u00c7ocuklar \u0130\u00e7in Sudoku Boyama (3+ Ya\u015f)"},"content":{"rendered":"<p>S\u00fcper bir zek\u00e2ya sahip olmak ister misin? Yeni bilgiler \u00f6\u011frenmek, uygulamak ve depolamak hi\u00e7 bu kadar e\u011flenceli ve kolay olmam\u0131\u015ft\u0131! Bu kitapta yer alan 27 adet SUDOKU etkinlikleri, \u00e7ocu\u011funuzun bir yandan e\u011flenmesini sa\u011flayacak bir yandan da mant\u0131kl\u0131 d\u00fc\u015f\u00fcnme becerilerini harekete ge\u00e7irecektir. 3 ya\u015f ve \u00fczeri \u00e7ocuklar i\u00e7in haz\u0131rlanan bu etkinlikler 3&#215;3 ve 4&#215;4 resimli karelerden olu\u015fmaktad\u0131r. SUDOKU mant\u0131\u011f\u0131yla yerle\u015ftirilmi\u015f her bir g\u00f6rsel ayn\u0131 s\u00fctun ve sat\u0131rda sadece 1 kez yer alm\u0131\u015ft\u0131r. Renksiz olan g\u00f6rseller uygun renkler ile boyanmal\u0131d\u0131r.   De\u011ferli ebeveynler ve e\u011fitimciler; Erken \u00e7ocukluk d\u00f6neminde \u00e7ocu\u011fun geli\u015fimi ve \u00f6\u011frenmesi olduk\u00e7a h\u0131zl\u0131d\u0131r. \u00c7ocuklar pek \u00e7ok kaynaktan bilgi toplayarak \u00f6\u011frenir ve geli\u015firler. Bu kitap setinde, \u00e7ocu\u011funuzun keyifli vakit ge\u00e7irerek geli\u015fimine katk\u0131 sa\u011flayacak etkinlikler yer almaktad\u0131r. <\/p>\n","protected":false},"excerpt":{"rendered":"<p>S\u00fcper bir zek\u00e2ya sahip olmak ister misin? Yeni bilgiler \u00f6\u011frenmek, uygulamak ve depolamak hi\u00e7 bu kadar e\u011flenceli ve kolay olmam\u0131\u015ft\u0131! Bu kitapta yer alan 27 adet<span class=\"excerpt-hellip\"> [\u2026]<\/span><\/p>\n","protected":false},"featured_media":0,"template":"","meta":{"_monsterinsights_skip_tracking":false,"_monsterinsights_sitenote_active":false,"_monsterinsights_sitenote_note":"","_monsterinsights_sitenote_category":0},"product_brand":[],"product_cat":[12492,12274],"product_tag":[],"class_list":{"0":"post-733875","1":"product","2":"type-product","3":"status-publish","5":"product_cat-bilmece-bulmaca","6":"product_cat-cocuk-ve-genclik-kitaplari","7":"pa_cilt-ciltsiz","8":"pa_tur-kitap10","9":"pa_yayinevi-dokuz-yayinlari","10":"pa_yazar-dokuz-yayinlari-kolektif","12":"first","13":"instock","14":"sale","15":"shipping-taxable","16":"purchasable","17":"product-type-simple"},"_links":{"self":[{"href":"https:\/\/roveyayinevi.com.tr\/index.php\/wp-json\/wp\/v2\/product\/733875","targetHints":{"allow":["GET"]}}],"collection":[{"href":"https:\/\/roveyayinevi.com.tr\/index.php\/wp-json\/wp\/v2\/product"}],"about":[{"href":"https:\/\/roveyayinevi.com.tr\/index.php\/wp-json\/wp\/v2\/types\/product"}],"wp:attachment":[{"href":"https:\/\/roveyayinevi.com.tr\/index.php\/wp-json\/wp\/v2\/media?parent=733875"}],"wp:term":[{"taxonomy":"product_brand","embeddable":true,"href":"https:\/\/roveyayinevi.com.tr\/index.php\/wp-json\/wp\/v2\/product_brand?post=733875"},{"taxonomy":"product_cat","embeddable":true,"href":"https:\/\/roveyayinevi.com.tr\/index.php\/wp-json\/wp\/v2\/product_cat?post=733875"},{"taxonomy":"product_tag","embeddable":true,"href":"https:\/\/roveyayinevi.com.tr\/index.php\/wp-json\/wp\/v2\/product_tag?post=733875"}],"curies":[{"name":"wp","href":"https:\/\/api.w.org\/{rel}","templated":true}]}}