{"id":733870,"date":"2025-08-27T22:18:08","date_gmt":"2025-08-27T19:18:08","guid":{"rendered":"https:\/\/roveyayinevi.com.tr\/index.php\/urun\/fakultelerin-catismasi\/"},"modified":"2026-04-16T02:41:38","modified_gmt":"2026-04-15T23:41:38","slug":"fakultelerin-catismasi","status":"publish","type":"product","link":"https:\/\/roveyayinevi.com.tr\/index.php\/urun\/fakultelerin-catismasi\/","title":{"rendered":"Fak\u00fcltelerin \u00c7at\u0131\u015fmas\u0131"},"content":{"rendered":"<p>Bu kitap, Kant\u2019\u0131n hayattayken yay\u0131mlad\u0131\u011f\u0131 son eseridir. Ancak. II. Frederick William\u2019\u0131n bask\u0131c\u0131 tedbirleri nedeniyle bas\u0131lmas\u0131 kolay olmam\u0131\u015f ve Prusya sans\u00fcr\u00fcn\u00fcn d\u00fc\u015fmanca g\u00f6zetimi alt\u0131nda yay\u0131mlanm\u0131\u015ft\u0131r. Kitap, yaln\u0131zca bireysel akla kar\u015f\u0131 sorumlu olan Felsefe Fak\u00fcltesi ile \u00f6\u011fretileri ve uygulamalar\u0131 kamuyu ilgilendiren teoloji, hukuk ve t\u0131p fak\u00fclteleri aras\u0131ndaki ebed\u00ee m\u00fccadeleyi konu al\u0131r. Burada Teoloji Fak\u00fcltesi ile Felsefe Fak\u00fcltesi aras\u0131nda ya\u015fanan otorite m\u00fccadelesi \u00f6ne \u00e7\u0131kar. Bu asl\u0131nda, din-felsefe, vahiy-ak\u0131l \u00e7at\u0131\u015fmas\u0131n\u0131n Ayd\u0131nlanma \u00fczerinden yeniden tart\u0131\u015fmaya a\u00e7\u0131lmas\u0131d\u0131r. \u201cAkl\u0131n\u0131 kullanmaya cesaret et!\u201d diyen Kant i\u00e7in filozof \u00f6zg\u00fcr olmal\u0131d\u0131r. Bu kitap da akl\u0131n\u0131 her y\u00f6n\u00fcyle \u00e7ekinmeden kullanma \u00f6zg\u00fcrl\u00fc\u011f\u00fcne ve \u00fcniversitelerin \u00f6zg\u00fcrl\u00fc\u011f\u00fcn\u00fcn bunun \u015fart\u0131 oldu\u011funa ili\u015fkin bir manifesto niteli\u011findedir.<\/p>\n","protected":false},"excerpt":{"rendered":"<p>Bu kitap, Kant\u2019\u0131n hayattayken yay\u0131mlad\u0131\u011f\u0131 son eseridir. Ancak. II. Frederick William\u2019\u0131n bask\u0131c\u0131 tedbirleri nedeniyle bas\u0131lmas\u0131 kolay olmam\u0131\u015f ve Prusya sans\u00fcr\u00fcn\u00fcn d\u00fc\u015fmanca g\u00f6zetimi alt\u0131nda yay\u0131mlanm\u0131\u015ft\u0131r. Kitap, yaln\u0131zca<span class=\"excerpt-hellip\"> [\u2026]<\/span><\/p>\n","protected":false},"featured_media":0,"template":"","meta":{"_monsterinsights_skip_tracking":false,"_monsterinsights_sitenote_active":false,"_monsterinsights_sitenote_note":"","_monsterinsights_sitenote_category":0},"product_brand":[],"product_cat":[12388,15536],"product_tag":[],"class_list":{"0":"post-733870","1":"product","2":"type-product","3":"status-publish","5":"product_cat-felsefe","6":"product_cat-siyaset-felsefesi","7":"pa_cilt-ciltsiz","8":"pa_tur-kitap","9":"pa_yayinevi-fol-kitap","10":"pa_yazar-immanuel-kant","12":"first","13":"instock","14":"sale","15":"shipping-taxable","16":"purchasable","17":"product-type-simple"},"_links":{"self":[{"href":"https:\/\/roveyayinevi.com.tr\/index.php\/wp-json\/wp\/v2\/product\/733870","targetHints":{"allow":["GET"]}}],"collection":[{"href":"https:\/\/roveyayinevi.com.tr\/index.php\/wp-json\/wp\/v2\/product"}],"about":[{"href":"https:\/\/roveyayinevi.com.tr\/index.php\/wp-json\/wp\/v2\/types\/product"}],"wp:attachment":[{"href":"https:\/\/roveyayinevi.com.tr\/index.php\/wp-json\/wp\/v2\/media?parent=733870"}],"wp:term":[{"taxonomy":"product_brand","embeddable":true,"href":"https:\/\/roveyayinevi.com.tr\/index.php\/wp-json\/wp\/v2\/product_brand?post=733870"},{"taxonomy":"product_cat","embeddable":true,"href":"https:\/\/roveyayinevi.com.tr\/index.php\/wp-json\/wp\/v2\/product_cat?post=733870"},{"taxonomy":"product_tag","embeddable":true,"href":"https:\/\/roveyayinevi.com.tr\/index.php\/wp-json\/wp\/v2\/product_tag?post=733870"}],"curies":[{"name":"wp","href":"https:\/\/api.w.org\/{rel}","templated":true}]}}