{"id":733869,"date":"2025-08-27T22:18:07","date_gmt":"2025-08-27T19:18:07","guid":{"rendered":"https:\/\/roveyayinevi.com.tr\/index.php\/urun\/ben-maymun-muyum\/"},"modified":"2026-04-16T02:41:38","modified_gmt":"2026-04-15T23:41:38","slug":"ben-maymun-muyum","status":"publish","type":"product","link":"https:\/\/roveyayinevi.com.tr\/index.php\/urun\/ben-maymun-muyum\/","title":{"rendered":"Ben Maymun Muyum?"},"content":{"rendered":"<p>Bu kitapta, evrim teorisi merak uyand\u0131r\u0131c\u0131 alt\u0131 b\u00fcy\u00fck soru etraf\u0131nda tart\u0131\u015f\u0131lmaktad\u0131r. K\u0131s\u0131r bir d\u00f6ng\u00fc i\u00e7erisine \u00e7ekilen evrim tart\u0131\u015fmalar\u0131 bu d\u00f6ng\u00fcden \u00e7\u0131kar\u0131larak bilimsel y\u00f6nleriyle incelenmektedir. Ben maymun muyum? Evrim neden bir kuram olarak ele al\u0131n\u0131r? DNA nedir ve evrim s\u00fcrecine etkileri nelerdir? B\u00fct\u00fcn bilim insanlar\u0131 evrim kuram\u0131n\u0131 kabul eder mi? Ya\u015fam nas\u0131l ba\u015flad\u0131? T\u00fcm bu sorularla evrim kuram\u0131na dair yapt\u0131\u011f\u0131 a\u00e7\u0131klamalar\u0131 geni\u015fleten Francisco J. Ayala, kitab\u0131n son b\u00f6l\u00fcm\u00fcnde ise hem evrime hem Tanr\u0131\u2019ya ayn\u0131 anda inanman\u0131n m\u00fcmk\u00fcn olup olmad\u0131\u011f\u0131n\u0131 ele al\u0131yor.<\/p>\n","protected":false},"excerpt":{"rendered":"<p>Bu kitapta, evrim teorisi merak uyand\u0131r\u0131c\u0131 alt\u0131 b\u00fcy\u00fck soru etraf\u0131nda tart\u0131\u015f\u0131lmaktad\u0131r. K\u0131s\u0131r bir d\u00f6ng\u00fc i\u00e7erisine \u00e7ekilen evrim tart\u0131\u015fmalar\u0131 bu d\u00f6ng\u00fcden \u00e7\u0131kar\u0131larak bilimsel y\u00f6nleriyle incelenmektedir. Ben maymun<span class=\"excerpt-hellip\"> [\u2026]<\/span><\/p>\n","protected":false},"featured_media":0,"template":"","meta":{"_monsterinsights_skip_tracking":false,"_monsterinsights_sitenote_active":false,"_monsterinsights_sitenote_note":"","_monsterinsights_sitenote_category":0},"product_brand":[],"product_cat":[20351,12388],"product_tag":[],"class_list":{"0":"post-733869","1":"product","2":"type-product","3":"status-publish","5":"product_cat-dusunce","6":"product_cat-felsefe","7":"pa_cilt-ciltsiz","8":"pa_tur-kitap","9":"pa_yayinevi-fol-kitap","10":"pa_yazar-francisco-j-ayala","12":"first","13":"instock","14":"sale","15":"shipping-taxable","16":"purchasable","17":"product-type-simple"},"_links":{"self":[{"href":"https:\/\/roveyayinevi.com.tr\/index.php\/wp-json\/wp\/v2\/product\/733869","targetHints":{"allow":["GET"]}}],"collection":[{"href":"https:\/\/roveyayinevi.com.tr\/index.php\/wp-json\/wp\/v2\/product"}],"about":[{"href":"https:\/\/roveyayinevi.com.tr\/index.php\/wp-json\/wp\/v2\/types\/product"}],"wp:attachment":[{"href":"https:\/\/roveyayinevi.com.tr\/index.php\/wp-json\/wp\/v2\/media?parent=733869"}],"wp:term":[{"taxonomy":"product_brand","embeddable":true,"href":"https:\/\/roveyayinevi.com.tr\/index.php\/wp-json\/wp\/v2\/product_brand?post=733869"},{"taxonomy":"product_cat","embeddable":true,"href":"https:\/\/roveyayinevi.com.tr\/index.php\/wp-json\/wp\/v2\/product_cat?post=733869"},{"taxonomy":"product_tag","embeddable":true,"href":"https:\/\/roveyayinevi.com.tr\/index.php\/wp-json\/wp\/v2\/product_tag?post=733869"}],"curies":[{"name":"wp","href":"https:\/\/api.w.org\/{rel}","templated":true}]}}