{"id":733865,"date":"2025-08-27T22:18:04","date_gmt":"2025-08-27T19:18:04","guid":{"rendered":"https:\/\/roveyayinevi.com.tr\/index.php\/urun\/herakleitos-ile-yasam-ve-felsefe\/"},"modified":"2026-04-16T02:41:38","modified_gmt":"2026-04-15T23:41:38","slug":"herakleitos-ile-yasam-ve-felsefe","status":"publish","type":"product","link":"https:\/\/roveyayinevi.com.tr\/index.php\/urun\/herakleitos-ile-yasam-ve-felsefe\/","title":{"rendered":"Herakleitos ile Ya\u015fam ve Felsefe"},"content":{"rendered":"<p>Her \u015feyin s\u00fcrekli bir ak\u0131\u015fta oldu\u011funu ve de\u011fi\u015fime u\u011frad\u0131\u011f\u0131n\u0131 savunan Yunan filozof Herakleitos, evreni olu\u015fturan ana maddenin ne oldu\u011funu sorgulam\u0131\u015f, ya\u015fam\u0131n \u00f6z\u00fcnde kaos oldu\u011funu ifade etmi\u015ftir. Bunun kar\u015f\u0131l\u0131\u011f\u0131 olarak da d\u00fczenin \u00f6z\u00fc kavram\u0131n\u0131 ortaya atm\u0131\u015ft\u0131r. De\u011fi\u015fmeyen tek \u015feyin de\u011fi\u015fimin kendisi oldu\u011fu felsefesiyle di\u011fer filozoflar\u0131n \u00e7al\u0131\u015fmalar\u0131na ilham olmu\u015ftur.   Bu kitap, Herakleitos&#8217;un felsefesinden, s\u00f6zlerinden, fikirlerinden ilham al\u0131narak yaz\u0131ld\u0131. Onu anlamak, s\u00f6zlerini modern \u00e7a\u011fa g\u00f6re yorumlamak ve felsefenin hayata dokunan de\u011fi\u015ftirici g\u00fcc\u00fcn\u00fc ke\u015ffetmek isteyenler i\u00e7in. <\/p>\n","protected":false},"excerpt":{"rendered":"<p>Her \u015feyin s\u00fcrekli bir ak\u0131\u015fta oldu\u011funu ve de\u011fi\u015fime u\u011frad\u0131\u011f\u0131n\u0131 savunan Yunan filozof Herakleitos, evreni olu\u015fturan ana maddenin ne oldu\u011funu sorgulam\u0131\u015f, ya\u015fam\u0131n \u00f6z\u00fcnde kaos oldu\u011funu ifade etmi\u015ftir.<span class=\"excerpt-hellip\"> [\u2026]<\/span><\/p>\n","protected":false},"featured_media":0,"template":"","meta":{"_monsterinsights_skip_tracking":false,"_monsterinsights_sitenote_active":false,"_monsterinsights_sitenote_note":"","_monsterinsights_sitenote_category":0},"product_brand":[],"product_cat":[12388,14717],"product_tag":[],"class_list":{"0":"post-733865","1":"product","2":"type-product","3":"status-publish","5":"product_cat-felsefe","6":"product_cat-felsefe-tarihi","7":"pa_cilt-ciltsiz","8":"pa_tur-kitap","9":"pa_yayinevi-nemesis-kitap","10":"pa_yazar-serhan-kansu","12":"first","13":"instock","14":"sale","15":"shipping-taxable","16":"purchasable","17":"product-type-simple"},"_links":{"self":[{"href":"https:\/\/roveyayinevi.com.tr\/index.php\/wp-json\/wp\/v2\/product\/733865","targetHints":{"allow":["GET"]}}],"collection":[{"href":"https:\/\/roveyayinevi.com.tr\/index.php\/wp-json\/wp\/v2\/product"}],"about":[{"href":"https:\/\/roveyayinevi.com.tr\/index.php\/wp-json\/wp\/v2\/types\/product"}],"wp:attachment":[{"href":"https:\/\/roveyayinevi.com.tr\/index.php\/wp-json\/wp\/v2\/media?parent=733865"}],"wp:term":[{"taxonomy":"product_brand","embeddable":true,"href":"https:\/\/roveyayinevi.com.tr\/index.php\/wp-json\/wp\/v2\/product_brand?post=733865"},{"taxonomy":"product_cat","embeddable":true,"href":"https:\/\/roveyayinevi.com.tr\/index.php\/wp-json\/wp\/v2\/product_cat?post=733865"},{"taxonomy":"product_tag","embeddable":true,"href":"https:\/\/roveyayinevi.com.tr\/index.php\/wp-json\/wp\/v2\/product_tag?post=733865"}],"curies":[{"name":"wp","href":"https:\/\/api.w.org\/{rel}","templated":true}]}}