{"id":733862,"date":"2025-08-27T22:18:01","date_gmt":"2025-08-27T19:18:01","guid":{"rendered":"https:\/\/roveyayinevi.com.tr\/index.php\/urun\/renkli-sokak\/"},"modified":"2026-04-16T02:41:38","modified_gmt":"2026-04-15T23:41:38","slug":"renkli-sokak","status":"publish","type":"product","link":"https:\/\/roveyayinevi.com.tr\/index.php\/urun\/renkli-sokak\/","title":{"rendered":"Renkli Sokak"},"content":{"rendered":"<p>Birbirinden \u00e7ok farkl\u0131 g\u00f6r\u00fcnen Mimi, Bibi ve Lili\u2019nin tan\u0131\u015fma anlar\u0131n\u0131 ve duygular\u0131n\u0131 anlatan bu hik\u00e2ye, hayat\u0131 g\u00fczelle\u015ftiren farkl\u0131l\u0131klara dikkat \u00e7ekerken, k\u00fc\u00e7\u00fck-b\u00fcy\u00fck herkesin y\u00fcz\u00fcnde bir g\u00fcl\u00fcmseme b\u0131rakacak\u2026 <\/p>\n","protected":false},"excerpt":{"rendered":"<p>Birbirinden \u00e7ok farkl\u0131 g\u00f6r\u00fcnen Mimi, Bibi ve Lili\u2019nin tan\u0131\u015fma anlar\u0131n\u0131 ve duygular\u0131n\u0131 anlatan bu hik\u00e2ye, hayat\u0131 g\u00fczelle\u015ftiren farkl\u0131l\u0131klara dikkat \u00e7ekerken, k\u00fc\u00e7\u00fck-b\u00fcy\u00fck herkesin y\u00fcz\u00fcnde bir g\u00fcl\u00fcmseme b\u0131rakacak\u2026<\/p>\n","protected":false},"featured_media":0,"template":"","meta":{"_monsterinsights_skip_tracking":false,"_monsterinsights_sitenote_active":false,"_monsterinsights_sitenote_note":"","_monsterinsights_sitenote_category":0},"product_brand":[],"product_cat":[12913,12274],"product_tag":[],"class_list":{"0":"post-733862","1":"product","2":"type-product","3":"status-publish","5":"product_cat-3-6-yas-kitaplari","6":"product_cat-cocuk-ve-genclik-kitaplari","7":"pa_cilt-ciltsiz","8":"pa_tur-kitap","9":"pa_yayinevi-ithaki-yayinlari","10":"pa_yazar-seyma-goksay","12":"first","13":"instock","14":"sale","15":"shipping-taxable","16":"purchasable","17":"product-type-simple"},"_links":{"self":[{"href":"https:\/\/roveyayinevi.com.tr\/index.php\/wp-json\/wp\/v2\/product\/733862","targetHints":{"allow":["GET"]}}],"collection":[{"href":"https:\/\/roveyayinevi.com.tr\/index.php\/wp-json\/wp\/v2\/product"}],"about":[{"href":"https:\/\/roveyayinevi.com.tr\/index.php\/wp-json\/wp\/v2\/types\/product"}],"wp:attachment":[{"href":"https:\/\/roveyayinevi.com.tr\/index.php\/wp-json\/wp\/v2\/media?parent=733862"}],"wp:term":[{"taxonomy":"product_brand","embeddable":true,"href":"https:\/\/roveyayinevi.com.tr\/index.php\/wp-json\/wp\/v2\/product_brand?post=733862"},{"taxonomy":"product_cat","embeddable":true,"href":"https:\/\/roveyayinevi.com.tr\/index.php\/wp-json\/wp\/v2\/product_cat?post=733862"},{"taxonomy":"product_tag","embeddable":true,"href":"https:\/\/roveyayinevi.com.tr\/index.php\/wp-json\/wp\/v2\/product_tag?post=733862"}],"curies":[{"name":"wp","href":"https:\/\/api.w.org\/{rel}","templated":true}]}}