{"id":733859,"date":"2025-08-27T22:17:58","date_gmt":"2025-08-27T19:17:58","guid":{"rendered":"https:\/\/roveyayinevi.com.tr\/index.php\/urun\/buyuk-av-zaman-carki-2\/"},"modified":"2026-04-16T02:41:37","modified_gmt":"2026-04-15T23:41:37","slug":"buyuk-av-zaman-carki-2","status":"publish","type":"product","link":"https:\/\/roveyayinevi.com.tr\/index.php\/urun\/buyuk-av-zaman-carki-2\/","title":{"rendered":"B\u00fcy\u00fck Av &#8211; Zaman \u00c7ark\u0131 2"},"content":{"rendered":"<p>\u201cZaman \u00c7ark\u0131 d\u00f6ner, \u00c7a\u011flar gelip ge\u00e7er, efsanele\u015fen an\u0131lar b\u0131rak\u0131r ard\u0131nda. Efsaneler solarak mit olur ve onlar\u0131 do\u011furan \u00c7a\u011f yeniden geldi\u011finde mitler bile unutulur.\u201dFantastik edebiyat\u0131n devi Robert Jordan\u2019\u0131n kaleminden \u00e7\u0131kan Zaman \u00c7ark\u0131 destan\u0131 d\u00fcnya \u00e7ap\u0131nda milyonlar\u0131n hayal g\u00fcc\u00fcnde yer etti. Ayr\u0131nt\u0131l\u0131 d\u00fcnyas\u0131, en ince detay\u0131na kadar d\u00fc\u015f\u00fcn\u00fclm\u00fc\u015f b\u00fcy\u00fc sistemi, g\u00f6n\u00fcllere taht kuran karakterleri Zaman \u00c7ark\u0131\u2019n\u0131n okurlar taraf\u0131ndan bu kadar sevilmesinin sadece birka\u00e7 sebebi. Zaman \u00c7ark\u0131\u2019n\u0131n etkileri, Patrick Rothfuss, Brandon Sanderson, Brent Weeks gibi g\u00fcn\u00fcm\u00fcz\u00fcn en b\u00fcy\u00fck fantastik yazarlar\u0131n\u0131n eserlerinde g\u00f6r\u00fclebilir.   Terkedilmi\u015fler serbestti. Valere Borusu ger\u00e7ekti ve \u00d6l\u00fcler uykular\u0131ndan uyan\u0131yordu. Kehanetler ger\u00e7ekle\u015fmeye ba\u015flam\u0131\u015ft\u0131 ama Aes Sedai\u2019nin ger\u00e7ek Yenidendo\u011fan Ejder ilan etti\u011fi gen\u00e7 \u00e7oban Rand al\u2019Thor bu ger\u00e7ekten ka\u00e7maya \u00e7al\u0131\u015f\u0131yordu.   Hepsi ta\u2019veren olan Rand al\u2019Thor, Mat Cauthon ve Perrin Aybara efsanevi Valere Borusu\u2019nu d\u00fc\u015fman\u0131n elinden almak i\u00e7in Shienar askerlerine kat\u0131l\u0131rlar. Bu s\u0131rada, Egwene al\u2019Vere, Nynaeve al\u2019Meara ve Elayne Trakand, Aes Sedai\u2019nin y\u00f6ntemlerini \u00f6\u011frenmeye ba\u015flamak i\u00e7in Tar Valon\u2019daki Beyaz Kule\u2019ye giderler. Uzak bir toprakta ise tuhaf bir grup insan bat\u0131 k\u0131y\u0131s\u0131n\u0131 istila etmeye ba\u015flar.    Ejderha, bir kez daha zaman\u0131n r\u00fczg\u00e2rlar\u0131nda havalanacak.   \u201cZaman \u00c7ark\u0131, fantastik edebiyat\u0131n yeniden tan\u0131mlanmas\u0131n\u0131 sa\u011flad\u0131.\u201d \u2013George R. R. Martin   \u201cRobert Jordan\u2019\u0131n eseri, bir nesil fantastik edebiyat yazar\u0131 i\u00e7in ilham veren, ufuk a\u00e7\u0131c\u0131 bir etkiye sahip.\u201d \u2013Brent Weeks   <\/p>\n","protected":false},"excerpt":{"rendered":"<p>\u201cZaman \u00c7ark\u0131 d\u00f6ner, \u00c7a\u011flar gelip ge\u00e7er, efsanele\u015fen an\u0131lar b\u0131rak\u0131r ard\u0131nda. Efsaneler solarak mit olur ve onlar\u0131 do\u011furan \u00c7a\u011f yeniden geldi\u011finde mitler bile unutulur.\u201dFantastik edebiyat\u0131n devi Robert<span class=\"excerpt-hellip\"> [\u2026]<\/span><\/p>\n","protected":false},"featured_media":0,"template":"","meta":{"_monsterinsights_skip_tracking":false,"_monsterinsights_sitenote_active":false,"_monsterinsights_sitenote_note":"","_monsterinsights_sitenote_category":0},"product_brand":[],"product_cat":[12291,14777],"product_tag":[],"class_list":{"0":"post-733859","1":"product","2":"type-product","3":"status-publish","5":"product_cat-edebiyat","6":"product_cat-fantastik","7":"pa_cilt-ciltsiz","8":"pa_tur-kitap","9":"pa_yayinevi-ithaki-yayinlari","10":"pa_yazar-robert-jordan","12":"first","13":"instock","14":"sale","15":"shipping-taxable","16":"purchasable","17":"product-type-simple"},"_links":{"self":[{"href":"https:\/\/roveyayinevi.com.tr\/index.php\/wp-json\/wp\/v2\/product\/733859","targetHints":{"allow":["GET"]}}],"collection":[{"href":"https:\/\/roveyayinevi.com.tr\/index.php\/wp-json\/wp\/v2\/product"}],"about":[{"href":"https:\/\/roveyayinevi.com.tr\/index.php\/wp-json\/wp\/v2\/types\/product"}],"wp:attachment":[{"href":"https:\/\/roveyayinevi.com.tr\/index.php\/wp-json\/wp\/v2\/media?parent=733859"}],"wp:term":[{"taxonomy":"product_brand","embeddable":true,"href":"https:\/\/roveyayinevi.com.tr\/index.php\/wp-json\/wp\/v2\/product_brand?post=733859"},{"taxonomy":"product_cat","embeddable":true,"href":"https:\/\/roveyayinevi.com.tr\/index.php\/wp-json\/wp\/v2\/product_cat?post=733859"},{"taxonomy":"product_tag","embeddable":true,"href":"https:\/\/roveyayinevi.com.tr\/index.php\/wp-json\/wp\/v2\/product_tag?post=733859"}],"curies":[{"name":"wp","href":"https:\/\/api.w.org\/{rel}","templated":true}]}}