{"id":733856,"date":"2025-08-27T22:17:55","date_gmt":"2025-08-27T19:17:55","guid":{"rendered":"https:\/\/roveyayinevi.com.tr\/index.php\/urun\/bagimsiz-denetimde-bes-boyutlu-kalite-algisi-olcegi\/"},"modified":"2026-04-16T02:41:37","modified_gmt":"2026-04-15T23:41:37","slug":"bagimsiz-denetimde-bes-boyutlu-kalite-algisi-olcegi","status":"publish","type":"product","link":"https:\/\/roveyayinevi.com.tr\/index.php\/urun\/bagimsiz-denetimde-bes-boyutlu-kalite-algisi-olcegi\/","title":{"rendered":"Ba\u011f\u0131ms\u0131z Denetimde Be\u015f Boyutlu Kalite Alg\u0131s\u0131 \u00d6l\u00e7e\u011fi"},"content":{"rendered":"<p>1.      BA\u011eIMSIZ DENET\u0130M 1.1.   Ba\u011f\u0131ms\u0131z Denetimin Gereklili\u011fi 1.2.   Ba\u011f\u0131ms\u0131z Denetim Kavram\u0131 ve Denetim T\u00fcrleri 1.3.   Denet\u00e7i ve Denet\u00e7i T\u00fcrleri 1.4.   Genel Kabul G\u00f6rm\u00fc\u0122 Denetim Standartlar\u0131 1.5.   Ba\u011f\u0131ms\u0131z Denetim S\u00fcreci 1.6.   Ba\u011f\u0131ms\u0131z Denetimin Faydalar\u0131 2.      BA\u011eIMSIZ DENET\u0120MDE KAL\u0130TE 2.1.   Ba\u011f\u0131ms\u0131z Denetimde Kalite Kavram\u0131 2.2.   Ba\u011f\u0131ms\u0131z Denetimde Kalitenin \u00d6nemi 2.3.   Ba\u011f\u0131ms\u0131z Denetimde Kaliteyi Etkileyen Fakt\u00f6rler 3.      BA\u011eIMSIZ DENET\u0130MDE KAL\u0130TEN\u0130N BOYUTLARI 3.1.   Denet\u00e7i Boyutu 3.2.   . Denetim Firmas\u0131 Boyutu 3.3.   Muhasebe Kalitesi (Denetlenen \u0120\u0122letme) Boyutu 3.4.   Standartlar Boyutu 3.5.   Denetimin G\u00f6zetimi Boyutu 4.      ARA\u015eTIRMANIN Y\u00d6NTEM\u0130 4.1.   Ara\u015ft\u0131rman\u0131n Amac\u0131 ve Kapsam\u0131 4.2.   Veri Toplama Arac\u0131 4.3.   Analiz Teknikleri 4.4.   Ara\u015ft\u0131rman\u0131n Bulgular\u0131 5.      SONU\u00c7 <\/p>\n","protected":false},"excerpt":{"rendered":"<p>1. BA\u011eIMSIZ DENET\u0130M 1.1. Ba\u011f\u0131ms\u0131z Denetimin Gereklili\u011fi 1.2. Ba\u011f\u0131ms\u0131z Denetim Kavram\u0131 ve Denetim T\u00fcrleri 1.3. Denet\u00e7i ve Denet\u00e7i T\u00fcrleri 1.4. Genel Kabul G\u00f6rm\u00fc\u0122 Denetim Standartlar\u0131 1.5.<span class=\"excerpt-hellip\"> [\u2026]<\/span><\/p>\n","protected":false},"featured_media":0,"template":"","meta":{"_monsterinsights_skip_tracking":false,"_monsterinsights_sitenote_active":false,"_monsterinsights_sitenote_note":"","_monsterinsights_sitenote_category":0},"product_brand":[],"product_cat":[13043,14381],"product_tag":[],"class_list":{"0":"post-733856","1":"product","2":"type-product","3":"status-publish","5":"product_cat-ekonomi","6":"product_cat-isletme-muhasebe-maliye","7":"pa_cilt-ciltsiz","8":"pa_tur-kitap","9":"pa_yayinevi-gazi-kitabevi","10":"pa_yazar-nurettin-koca","12":"first","13":"instock","14":"sale","15":"shipping-taxable","16":"purchasable","17":"product-type-simple"},"_links":{"self":[{"href":"https:\/\/roveyayinevi.com.tr\/index.php\/wp-json\/wp\/v2\/product\/733856","targetHints":{"allow":["GET"]}}],"collection":[{"href":"https:\/\/roveyayinevi.com.tr\/index.php\/wp-json\/wp\/v2\/product"}],"about":[{"href":"https:\/\/roveyayinevi.com.tr\/index.php\/wp-json\/wp\/v2\/types\/product"}],"wp:attachment":[{"href":"https:\/\/roveyayinevi.com.tr\/index.php\/wp-json\/wp\/v2\/media?parent=733856"}],"wp:term":[{"taxonomy":"product_brand","embeddable":true,"href":"https:\/\/roveyayinevi.com.tr\/index.php\/wp-json\/wp\/v2\/product_brand?post=733856"},{"taxonomy":"product_cat","embeddable":true,"href":"https:\/\/roveyayinevi.com.tr\/index.php\/wp-json\/wp\/v2\/product_cat?post=733856"},{"taxonomy":"product_tag","embeddable":true,"href":"https:\/\/roveyayinevi.com.tr\/index.php\/wp-json\/wp\/v2\/product_tag?post=733856"}],"curies":[{"name":"wp","href":"https:\/\/api.w.org\/{rel}","templated":true}]}}