{"id":733853,"date":"2025-08-27T22:17:52","date_gmt":"2025-08-27T19:17:52","guid":{"rendered":"https:\/\/roveyayinevi.com.tr\/index.php\/urun\/orgutsel-demokrasi-orgutsel-demokrasi-algisi-uzerine-bir-arastirma\/"},"modified":"2026-04-16T02:41:37","modified_gmt":"2026-04-15T23:41:37","slug":"orgutsel-demokrasi-orgutsel-demokrasi-algisi-uzerine-bir-arastirma","status":"publish","type":"product","link":"https:\/\/roveyayinevi.com.tr\/index.php\/urun\/orgutsel-demokrasi-orgutsel-demokrasi-algisi-uzerine-bir-arastirma\/","title":{"rendered":"\u00d6rg\u00fctsel Demokrasi \u00d6rg\u00fctsel Demokrasi Alg\u0131s\u0131 \u00dczerine Bir Ara\u015ft\u0131rma"},"content":{"rendered":"<p>1.      Demokrasi ve End\u00fcstriyel Demokrasi 1.1.   Demokrasinin Tan\u0131m\u0131 1.2.   Demokrasinin Temel \u0130lkeleri 1.3.   Demokrasi Modelleri 1.4.   Demokrasi K\u00fclt\u00fcr\u00fc 1.5.   Demokrasinin Tarihsel Geli\u015fimi 1.6.   End\u00fcstriyel Demokrasi 1.7.   T\u00fcrkiye\u2019de Sendikala\u015fman\u0131n Geli\u015fimi 2.      \u00d6rg\u00fctsel Demokrasi 2.1.   \u00d6rg\u00fctsel Demokrasi Kavram\u0131 2.2.   Tarihsel Geli\u015fim S\u00fcreci \u0130\u00e7inde \u00d6rg\u00fctsel demokrasi 2.3.   \u00d6rg\u00fctsel Demokrasiye Y\u00f6neli\u015fin Sebepleri 2.4.   Demokratik \u00d6rg\u00fctlerin \u00d6zellikleri 2.5.   Demokratik \u00d6rg\u00fctler ile Demokratik Olmayan \u00d6rg\u00fctlerin Kar\u015f\u0131la\u015ft\u0131r\u0131lmas\u0131 2.6.   \u00d6rg\u00fctsel Demokrasiyi Sa\u011flaman\u0131n Yollar\u0131 2.7.   \u00d6rg\u00fctsel Demokrasi ve Karar T\u00fcrleri 2.8.   \u0130\u015fletmelerde Demokratik Bir Y\u00f6neticinin Nitelikleri 2.9.   \u00c7al\u0131\u015fanlar A\u00e7\u0131s\u0131ndan Demokratik Y\u00f6netimin \u00d6nemi 2.10.                   \u00d6rg\u00fctsel Demokrasinin \u00d6rg\u00fctlere Katk\u0131lar\u0131 2.11.                   \u00d6rg\u00fctsel Demokraside Sorunlar ve Zorluklar 2.12.                   \u0130\u015fletme Y\u00f6netiminde Demokratik Y\u00f6netsel Uygulamalar 3.      \u00d6rg\u00fctsel Demokrasi Alg\u0131s\u0131, \u0130\u015f Tatmini ve \u00d6rg\u00fctsel Adalet Aras\u0131ndaki \u0130li\u015fki 3.1.   Ara\u015ft\u0131rman\u0131n Amac\u0131 ve Y\u00f6ntemi 3.2.   Veri Toplama Arac\u0131 3.3.   Evren ve \u00d6rneklem 3.4.   Ara\u015ft\u0131rman\u0131n K\u0131s\u0131tlar\u0131 3.5.   Ara\u015ft\u0131rman\u0131n \u00d6l\u00e7eklerine \u0130li\u015fkin Ge\u00e7erlilik ve G\u00fcvenirlik \u00c7al\u0131\u015fmas\u0131 3.6.   Ara\u015ft\u0131rman\u0131n Bulgular 4.      Sonu\u00e7 ve \u00d6neriler <\/p>\n","protected":false},"excerpt":{"rendered":"<p>1. Demokrasi ve End\u00fcstriyel Demokrasi 1.1. Demokrasinin Tan\u0131m\u0131 1.2. Demokrasinin Temel \u0130lkeleri 1.3. Demokrasi Modelleri 1.4. Demokrasi K\u00fclt\u00fcr\u00fc 1.5. Demokrasinin Tarihsel Geli\u015fimi 1.6. End\u00fcstriyel Demokrasi 1.7.<span class=\"excerpt-hellip\"> [\u2026]<\/span><\/p>\n","protected":false},"featured_media":0,"template":"","meta":{"_monsterinsights_skip_tracking":false,"_monsterinsights_sitenote_active":false,"_monsterinsights_sitenote_note":"","_monsterinsights_sitenote_category":0},"product_brand":[],"product_cat":[12573,12566],"product_tag":[],"class_list":{"0":"post-733853","1":"product","2":"type-product","3":"status-publish","5":"product_cat-akademik-kitaplar","6":"product_cat-egitim","7":"pa_cilt-ciltsiz","8":"pa_tur-kitap","9":"pa_yayinevi-gazi-kitabevi","10":"pa_yazar-pinar-erkal","12":"first","13":"instock","14":"sale","15":"shipping-taxable","16":"purchasable","17":"product-type-simple"},"_links":{"self":[{"href":"https:\/\/roveyayinevi.com.tr\/index.php\/wp-json\/wp\/v2\/product\/733853","targetHints":{"allow":["GET"]}}],"collection":[{"href":"https:\/\/roveyayinevi.com.tr\/index.php\/wp-json\/wp\/v2\/product"}],"about":[{"href":"https:\/\/roveyayinevi.com.tr\/index.php\/wp-json\/wp\/v2\/types\/product"}],"wp:attachment":[{"href":"https:\/\/roveyayinevi.com.tr\/index.php\/wp-json\/wp\/v2\/media?parent=733853"}],"wp:term":[{"taxonomy":"product_brand","embeddable":true,"href":"https:\/\/roveyayinevi.com.tr\/index.php\/wp-json\/wp\/v2\/product_brand?post=733853"},{"taxonomy":"product_cat","embeddable":true,"href":"https:\/\/roveyayinevi.com.tr\/index.php\/wp-json\/wp\/v2\/product_cat?post=733853"},{"taxonomy":"product_tag","embeddable":true,"href":"https:\/\/roveyayinevi.com.tr\/index.php\/wp-json\/wp\/v2\/product_tag?post=733853"}],"curies":[{"name":"wp","href":"https:\/\/api.w.org\/{rel}","templated":true}]}}