{"id":733851,"date":"2025-08-27T22:17:51","date_gmt":"2025-08-27T19:17:51","guid":{"rendered":"https:\/\/roveyayinevi.com.tr\/index.php\/urun\/uluslararasi-ticaret-ve-kuresel-gelismeler\/"},"modified":"2026-04-16T02:41:37","modified_gmt":"2026-04-15T23:41:37","slug":"uluslararasi-ticaret-ve-kuresel-gelismeler","status":"publish","type":"product","link":"https:\/\/roveyayinevi.com.tr\/index.php\/urun\/uluslararasi-ticaret-ve-kuresel-gelismeler\/","title":{"rendered":"Uluslararas\u0131 Ticaret ve K\u00fcresel Geli\u015fmeler"},"content":{"rendered":"<p>1.      M\u00fcbadele Oyunlar\u0131 2.      Uluslararas\u0131 Ticaret ve K\u00fcreselle\u015fme: Genel G\u00f6r\u00fcn\u00fcm 3.      Uluslararas\u0131 Ticari Sat\u0131\u015f S\u00f6zle\u015fmelerin Haz\u0131rlanmas\u0131nda Dikkat Edilmesi Gereken Hususlar 4.      Uluslararas\u0131 Finansal Raporlama Standartlar\u0131 ve Uluslararas\u0131 Sermaye Ak\u0131\u015flar\u0131na Etkileri 5.      Rantiye Ekonomi\/Rant\u00e7\u0131 Devlet Modeli: Orta Do\u011fu ve Kuzey Afrika\u2019n\u0131n Politik Ekonomisi 6.      Bat\u0131 Balkanlarda D\u0131\u015f Ticaret Politikas\u0131: \u0130\u00e7 Siyaset, Avrupa Birli\u011fi G\u00fcndemi ve Alternatif G\u00fc\u00e7ler 7.      Geli\u015fen Piyasa Ekonomilerinde Finansal Piyasa Geli\u015fmesinin \u0130novasyon \u00dczerindeki Etkisi: Panel Veri Analizi 8.      Banka Kredilerinin T\u00fcrk \u0130malat Sanayi \u00dcretimi ve \u0130hracat\u0131 \u00dczerine Etkisi 9.      T\u00fcrkiye\u2019de Balt\u0131k Kuru Y\u00fck Endeksi ile Hisse Senedi, Emtia ve D\u00f6viz Piyasalar\u0131 Aras\u0131ndaki Finansal Ba\u011flant\u0131l\u0131l\u0131\u011f\u0131n Analizi <\/p>\n","protected":false},"excerpt":{"rendered":"<p>1. M\u00fcbadele Oyunlar\u0131 2. Uluslararas\u0131 Ticaret ve K\u00fcreselle\u015fme: Genel G\u00f6r\u00fcn\u00fcm 3. Uluslararas\u0131 Ticari Sat\u0131\u015f S\u00f6zle\u015fmelerin Haz\u0131rlanmas\u0131nda Dikkat Edilmesi Gereken Hususlar 4. Uluslararas\u0131 Finansal Raporlama Standartlar\u0131 ve<span class=\"excerpt-hellip\"> [\u2026]<\/span><\/p>\n","protected":false},"featured_media":0,"template":"","meta":{"_monsterinsights_skip_tracking":false,"_monsterinsights_sitenote_active":false,"_monsterinsights_sitenote_note":"","_monsterinsights_sitenote_category":0},"product_brand":[],"product_cat":[12337,17225],"product_tag":[],"class_list":{"0":"post-733851","1":"product","2":"type-product","3":"status-publish","5":"product_cat-politika-siyaset","6":"product_cat-uluslararasi-iliskiler","7":"pa_cilt-ciltsiz","8":"pa_tur-kitap","9":"pa_yayinevi-gazi-kitabevi","10":"pa_yazar-gazi-kitabevi-kolektif","12":"first","13":"instock","14":"sale","15":"shipping-taxable","16":"purchasable","17":"product-type-simple"},"_links":{"self":[{"href":"https:\/\/roveyayinevi.com.tr\/index.php\/wp-json\/wp\/v2\/product\/733851","targetHints":{"allow":["GET"]}}],"collection":[{"href":"https:\/\/roveyayinevi.com.tr\/index.php\/wp-json\/wp\/v2\/product"}],"about":[{"href":"https:\/\/roveyayinevi.com.tr\/index.php\/wp-json\/wp\/v2\/types\/product"}],"wp:attachment":[{"href":"https:\/\/roveyayinevi.com.tr\/index.php\/wp-json\/wp\/v2\/media?parent=733851"}],"wp:term":[{"taxonomy":"product_brand","embeddable":true,"href":"https:\/\/roveyayinevi.com.tr\/index.php\/wp-json\/wp\/v2\/product_brand?post=733851"},{"taxonomy":"product_cat","embeddable":true,"href":"https:\/\/roveyayinevi.com.tr\/index.php\/wp-json\/wp\/v2\/product_cat?post=733851"},{"taxonomy":"product_tag","embeddable":true,"href":"https:\/\/roveyayinevi.com.tr\/index.php\/wp-json\/wp\/v2\/product_tag?post=733851"}],"curies":[{"name":"wp","href":"https:\/\/api.w.org\/{rel}","templated":true}]}}