{"id":733850,"date":"2025-08-27T22:17:50","date_gmt":"2025-08-27T19:17:50","guid":{"rendered":"https:\/\/roveyayinevi.com.tr\/index.php\/urun\/iyi-yonetisimde-sivil-toplum\/"},"modified":"2026-04-16T02:41:37","modified_gmt":"2026-04-15T23:41:37","slug":"iyi-yonetisimde-sivil-toplum","status":"publish","type":"product","link":"https:\/\/roveyayinevi.com.tr\/index.php\/urun\/iyi-yonetisimde-sivil-toplum\/","title":{"rendered":"\u0130yi Y\u00f6neti\u015fimde Sivil Toplum"},"content":{"rendered":"<p>1.      KAVRAMSAL \u00c7ER\u00c7EVE: \u0130Y\u0130 Y\u00d6NET\u0130\u015e\u0130M 1.1.   . \u0130yi Y\u00f6neti\u015fim Kavram\u0131na Genel Bak\u0131\u015f 1.2.   \u0130yi Y\u00f6neti\u015fim Akt\u00f6rleri 1.3.   \u0130yi Y\u00f6neti\u015fim \u0130lkeleri 1.4.   \u0130yi Y\u00f6neti\u015fim \u00d6zellikleri 1.5.   D\u00fcnya Bankas\u0131n\u0131n \u0130yi Y\u00f6neti\u015fim \u0130lkeleri 1.6.   Nijerya ve Tunus\u2019ta \u0130yi Y\u00f6neti\u015fime Genel Bir Bak\u0131\u015f 2.      S\u0130V\u0130L TOPLUM KURULU\u015eLARI 2.1.   STK\u2019lar\u0131n Kavramsal \u00c7er\u00e7evesi ve Tan\u0131m\u0131 2.2.   Sivil Toplum Kurulu\u015flar\u0131 T\u00fcrleri 2.3.   STK Stratejik Ara\u00e7lar\u0131 2.4.   STK Politikalar\u0131 2.5.   STK\u2019lar\u0131n Olma \u015eartlar\u0131 2.6.   STK\u2019lar\u0131n Ama\u00e7lar\u0131 2.7.   STK\u2019lar\u0131n Temel \u0130lkeleri 2.8.   STK\u2019lar\u0131n \u00d6zellikleri 2.9.   STK\u2019lar\u0131n Topluma Faydalar\u0131 2.10.                   STK\u2019lar\u0131n S\u0131k\u0131nt\u0131lar\u0131 3.      N\u0130JERYA VE TUNUS\u2019TA \u0130Y\u0130 Y\u00d6NET\u0130\u015e\u0130M\u0130N SA\u011eLAMASINDA STK\u2019LARIN ROL\u00dc 3.1.   Nijerya ve Tunus\u2019ta \u0130yi Y\u00f6neti\u015fimin \u00d6nemli Bir Akt\u00f6r\u00fc Olarak STK\u2019lar 4.      ARA\u015eTIRMA BULGULARI VE TARTI\u015eMA 4.1.   Yakla\u015f\u0131m 4.2.   Y\u00f6ntem 4.3.   Ara\u015ft\u0131rma Bulgular\u0131n\u0131n De\u011ferlendirilmesi 4.4.   Kar\u015f\u0131la\u015ft\u0131rmal\u0131 Analizi: Nijerya ve Tunus Aras\u0131nda \u0130yi Y\u00f6neti\u015fim Sa\u011flamas\u0131nda STK\u2019lar\u0131n Rol\u00fcn\u00fcn Benzer ve Farkl\u0131 Taraflar\u0131 5.      SONU\u00c7 VE DE\u011eERLEND\u0130RME 5.1.   Sonu\u00e7 ve \u00d6neriler <\/p>\n","protected":false},"excerpt":{"rendered":"<p>1. KAVRAMSAL \u00c7ER\u00c7EVE: \u0130Y\u0130 Y\u00d6NET\u0130\u015e\u0130M 1.1. . \u0130yi Y\u00f6neti\u015fim Kavram\u0131na Genel Bak\u0131\u015f 1.2. \u0130yi Y\u00f6neti\u015fim Akt\u00f6rleri 1.3. \u0130yi Y\u00f6neti\u015fim \u0130lkeleri 1.4. \u0130yi Y\u00f6neti\u015fim \u00d6zellikleri 1.5. D\u00fcnya<span class=\"excerpt-hellip\"> [\u2026]<\/span><\/p>\n","protected":false},"featured_media":0,"template":"","meta":{"_monsterinsights_skip_tracking":false,"_monsterinsights_sitenote_active":false,"_monsterinsights_sitenote_note":"","_monsterinsights_sitenote_category":0},"product_brand":[],"product_cat":[12337,14706],"product_tag":[],"class_list":{"0":"post-733850","1":"product","2":"type-product","3":"status-publish","5":"product_cat-politika-siyaset","6":"product_cat-siyaset-bilimi","7":"pa_cilt-ciltsiz","8":"pa_tur-kitap","9":"pa_yayinevi-gazi-kitabevi","10":"pa_yazar-yusuf-abubakar-wara","12":"first","13":"instock","14":"sale","15":"shipping-taxable","16":"purchasable","17":"product-type-simple"},"_links":{"self":[{"href":"https:\/\/roveyayinevi.com.tr\/index.php\/wp-json\/wp\/v2\/product\/733850","targetHints":{"allow":["GET"]}}],"collection":[{"href":"https:\/\/roveyayinevi.com.tr\/index.php\/wp-json\/wp\/v2\/product"}],"about":[{"href":"https:\/\/roveyayinevi.com.tr\/index.php\/wp-json\/wp\/v2\/types\/product"}],"wp:attachment":[{"href":"https:\/\/roveyayinevi.com.tr\/index.php\/wp-json\/wp\/v2\/media?parent=733850"}],"wp:term":[{"taxonomy":"product_brand","embeddable":true,"href":"https:\/\/roveyayinevi.com.tr\/index.php\/wp-json\/wp\/v2\/product_brand?post=733850"},{"taxonomy":"product_cat","embeddable":true,"href":"https:\/\/roveyayinevi.com.tr\/index.php\/wp-json\/wp\/v2\/product_cat?post=733850"},{"taxonomy":"product_tag","embeddable":true,"href":"https:\/\/roveyayinevi.com.tr\/index.php\/wp-json\/wp\/v2\/product_tag?post=733850"}],"curies":[{"name":"wp","href":"https:\/\/api.w.org\/{rel}","templated":true}]}}