{"id":733836,"date":"2025-08-27T22:17:34","date_gmt":"2025-08-27T19:17:34","guid":{"rendered":"https:\/\/roveyayinevi.com.tr\/index.php\/urun\/marie-clairein-kokulari\/"},"modified":"2026-04-16T02:41:37","modified_gmt":"2026-04-15T23:41:37","slug":"marie-clairein-kokulari","status":"publish","type":"product","link":"https:\/\/roveyayinevi.com.tr\/index.php\/urun\/marie-clairein-kokulari\/","title":{"rendered":"Marie-Claire&#8217;in Kokular\u0131"},"content":{"rendered":"<p>Marie-Claire\u2019in Kokular\u0131 bitmek bilmeyen hesaplas\u0327malarla dolu, tuhafl\u0131klar\u0131yla insan\u0131 ic\u0327ine c\u0327eken, gizemli bir as\u0327k hika\u0302yesi. Mahfut ne yapacag\u0306\u0131n\u0131 bilmez halde dolas\u0327\u0131yor Paris\u2019te. O yu\u0308ru\u0308rken, sokak lambalar\u0131n\u0131n alt\u0131nda yaln\u0131zl\u0131klar ve bir araya gelis\u0327ler, gu\u0308ndelik kayg\u0131lar ve kay\u0131ts\u0131zl\u0131klar bir belirip bir kayboluyor. Belirsizlikleri iyice art\u0131ran ise Marie-Claire oluyor; bir gu\u0308n, Mahfut ile Marie-Claire kars\u0327\u0131las\u0327t\u0131g\u0306\u0131nda hepten deg\u0306is\u0327iyor hayat. \u0130ki uzak uc\u0327 birbirini c\u0327ektig\u0306i anda tuhaf ritu\u0308eller, s\u0327iddetli c\u0327alkant\u0131lar, sonsuz tensel arzular c\u0327\u0131k\u0131yor ortaya.Habib Selmi\u2019den iki insan\u0131n birbirine ne kadar bag\u0306lanabileceg\u0306ini, daha da o\u0308nemlisi, ne kadar tahammu\u0308l edebileceg\u0306ini go\u0308steren s\u0131rad\u0131s\u0327\u0131 bir roman.\u201cMarie-Claire\u2019in Kokular\u0131 bir as\u0327k hika\u0302yesi anlat\u0131yor. \u0130nsan\u0131n hem ic\u0327ine is\u0327leyen hem ic\u0327ini kemiren, hos\u0327 ve incelikli bir as\u0327k bu.\u201d-Adrienne Nozet<\/p>\n","protected":false},"excerpt":{"rendered":"<p>Marie-Claire\u2019in Kokular\u0131 bitmek bilmeyen hesaplas\u0327malarla dolu, tuhafl\u0131klar\u0131yla insan\u0131 ic\u0327ine c\u0327eken, gizemli bir as\u0327k hika\u0302yesi. Mahfut ne yapacag\u0306\u0131n\u0131 bilmez halde dolas\u0327\u0131yor Paris\u2019te. O yu\u0308ru\u0308rken, sokak lambalar\u0131n\u0131n alt\u0131nda<span class=\"excerpt-hellip\"> [\u2026]<\/span><\/p>\n","protected":false},"featured_media":0,"template":"","meta":{"_monsterinsights_skip_tracking":false,"_monsterinsights_sitenote_active":false,"_monsterinsights_sitenote_note":"","_monsterinsights_sitenote_category":0},"product_brand":[],"product_cat":[12291,12711],"product_tag":[],"class_list":{"0":"post-733836","1":"product","2":"type-product","3":"status-publish","5":"product_cat-edebiyat","6":"product_cat-roman-oyku","7":"pa_cilt-ciltsiz","8":"pa_tur-kitap","9":"pa_yayinevi-iletisim-yayinlari","10":"pa_yazar-habib-selmi","12":"first","13":"instock","14":"sale","15":"shipping-taxable","16":"purchasable","17":"product-type-simple"},"_links":{"self":[{"href":"https:\/\/roveyayinevi.com.tr\/index.php\/wp-json\/wp\/v2\/product\/733836","targetHints":{"allow":["GET"]}}],"collection":[{"href":"https:\/\/roveyayinevi.com.tr\/index.php\/wp-json\/wp\/v2\/product"}],"about":[{"href":"https:\/\/roveyayinevi.com.tr\/index.php\/wp-json\/wp\/v2\/types\/product"}],"wp:attachment":[{"href":"https:\/\/roveyayinevi.com.tr\/index.php\/wp-json\/wp\/v2\/media?parent=733836"}],"wp:term":[{"taxonomy":"product_brand","embeddable":true,"href":"https:\/\/roveyayinevi.com.tr\/index.php\/wp-json\/wp\/v2\/product_brand?post=733836"},{"taxonomy":"product_cat","embeddable":true,"href":"https:\/\/roveyayinevi.com.tr\/index.php\/wp-json\/wp\/v2\/product_cat?post=733836"},{"taxonomy":"product_tag","embeddable":true,"href":"https:\/\/roveyayinevi.com.tr\/index.php\/wp-json\/wp\/v2\/product_tag?post=733836"}],"curies":[{"name":"wp","href":"https:\/\/api.w.org\/{rel}","templated":true}]}}