{"id":733819,"date":"2025-08-27T22:17:11","date_gmt":"2025-08-27T19:17:11","guid":{"rendered":"https:\/\/roveyayinevi.com.tr\/index.php\/urun\/dongusel-ekonomide-cevresel-mali-duzenlemeler-ve-surdurulebilir-vergilendirme\/"},"modified":"2026-04-16T02:41:37","modified_gmt":"2026-04-15T23:41:37","slug":"dongusel-ekonomide-cevresel-mali-duzenlemeler-ve-surdurulebilir-vergilendirme","status":"publish","type":"product","link":"https:\/\/roveyayinevi.com.tr\/index.php\/urun\/dongusel-ekonomide-cevresel-mali-duzenlemeler-ve-surdurulebilir-vergilendirme\/","title":{"rendered":"D\u00f6ng\u00fcsel Ekonomide \u00c7evresel Mali D\u00fczenlemeler ve S\u00fcrd\u00fcr\u00fclebilir Vergilendirme"},"content":{"rendered":"<p>1.      DO\u011eRUSAL EKONOM\u0120 &amp; D\u00d6NG\u00dcSEL EKONOM\u0120 1.1.   Geleneksel Bir Yakla\u0122\u0131m Olarak Do\u011frusal Ekonomi 1.2.   D\u00f6ng\u00fcsel Ekonomi Nedir? 1.3.   D\u00f6ng\u00fcsel Ekonominin Temel Bile\u0122enleri 1.4.   Neden D\u00f6ng\u00fcsel Ekonomi? 2.      D\u00d6NG\u00dcSEL EKONOM\u0120DE MAL\u0120 D\u00dcZENLEMELER 2.1.   \u00c7evresel Mali Ara\u00e7lar 2.2.   Vergi D\u00fczenlemeleri 2.3.   \u00c7evre Vergileri 2.4.   \u00c7evreye Zararl\u0131 S\u00fcbvansiyonlar 2.5.   Pazarlanabilir Kirletme Haklar\u0131 2.6.   Karbon Fiyatland\u0131rmas\u0131 2.7.   Depozito \u0120ade Sistemleri 3.      S\u00dcRD\u00dcR\u00dcLEB\u0120L\u0120R VERG\u0120LEND\u0120RME 3.1.   S\u00fcrd\u00fcr\u00fclebilir Vergilendirmenin Boyutlar\u0131 3.2.   Vergi T\u00fcrlerinin S\u00fcrd\u00fcr\u00fclebilirlik Boyutlar\u0131 \u00dczerindeki Etkileri 3.3.   S\u00fcrd\u00fcr\u00fclebilir Vergilendirmenin \u00d6zellikleri 3.4.   S\u00fcrd\u00fcr\u00fclebilir Vergilendirmenin Potansiyel Etkileri 3.5.   S\u00fcrd\u00fcr\u00fclebilir Vergilendirme G\u00f6stergeleri 3.6.   EK: Vergilendirmenin \u00c7evresel S\u00fcrd\u00fcr\u00fclebilirli\u011fe Etkisi &#8211; Ampirik Bir Analiz 3.7.   De\u011fi\u0122kenler ve Veri 3.8.   Y\u00f6ntem: Panel VAR ve Panel E\u0122b\u00fct\u00fcnle\u0122me 3.9.   Bulgular <\/p>\n","protected":false},"excerpt":{"rendered":"<p>1. DO\u011eRUSAL EKONOM\u0120 &amp; D\u00d6NG\u00dcSEL EKONOM\u0120 1.1. Geleneksel Bir Yakla\u0122\u0131m Olarak Do\u011frusal Ekonomi 1.2. D\u00f6ng\u00fcsel Ekonomi Nedir? 1.3. D\u00f6ng\u00fcsel Ekonominin Temel Bile\u0122enleri 1.4. Neden D\u00f6ng\u00fcsel Ekonomi?<span class=\"excerpt-hellip\"> [\u2026]<\/span><\/p>\n","protected":false},"featured_media":0,"template":"","meta":{"_monsterinsights_skip_tracking":false,"_monsterinsights_sitenote_active":false,"_monsterinsights_sitenote_note":"","_monsterinsights_sitenote_category":0},"product_brand":[],"product_cat":[13043],"product_tag":[],"class_list":{"0":"post-733819","1":"product","2":"type-product","3":"status-publish","5":"product_cat-ekonomi","6":"pa_cilt-ciltsiz","7":"pa_tur-kitap","8":"pa_yayinevi-gazi-kitabevi","9":"pa_yazar-umut-akdugan","11":"first","12":"instock","13":"sale","14":"shipping-taxable","15":"purchasable","16":"product-type-simple"},"_links":{"self":[{"href":"https:\/\/roveyayinevi.com.tr\/index.php\/wp-json\/wp\/v2\/product\/733819","targetHints":{"allow":["GET"]}}],"collection":[{"href":"https:\/\/roveyayinevi.com.tr\/index.php\/wp-json\/wp\/v2\/product"}],"about":[{"href":"https:\/\/roveyayinevi.com.tr\/index.php\/wp-json\/wp\/v2\/types\/product"}],"wp:attachment":[{"href":"https:\/\/roveyayinevi.com.tr\/index.php\/wp-json\/wp\/v2\/media?parent=733819"}],"wp:term":[{"taxonomy":"product_brand","embeddable":true,"href":"https:\/\/roveyayinevi.com.tr\/index.php\/wp-json\/wp\/v2\/product_brand?post=733819"},{"taxonomy":"product_cat","embeddable":true,"href":"https:\/\/roveyayinevi.com.tr\/index.php\/wp-json\/wp\/v2\/product_cat?post=733819"},{"taxonomy":"product_tag","embeddable":true,"href":"https:\/\/roveyayinevi.com.tr\/index.php\/wp-json\/wp\/v2\/product_tag?post=733819"}],"curies":[{"name":"wp","href":"https:\/\/api.w.org\/{rel}","templated":true}]}}