{"id":733817,"date":"2025-08-27T22:17:09","date_gmt":"2025-08-27T19:17:09","guid":{"rendered":"https:\/\/roveyayinevi.com.tr\/index.php\/urun\/icindeki-dagi-as\/"},"modified":"2026-04-16T02:41:37","modified_gmt":"2026-04-15T23:41:37","slug":"icindeki-dagi-as","status":"publish","type":"product","link":"https:\/\/roveyayinevi.com.tr\/index.php\/urun\/icindeki-dagi-as\/","title":{"rendered":"\u0130\u00e7indeki Da\u011f\u0131 A\u015f"},"content":{"rendered":"<p>Bu kitap, zirveden manzaray\u0131 izleyen bir adam\u0131n \u00f6yk\u00fcs\u00fc de\u011fil, zirveyi akl\u0131na ve kalbine inan\u00e7la yerle\u015ftirmi\u015f bir ki\u015finin yolculuk hik\u00e2yesidir.   Hayat, \u00f6n\u00fcm\u00fcze engeller \u00e7\u0131karan, pek \u00e7ok defa kaybolu\u015flar ya\u015fatarak yoran, aray\u0131\u015flar\u0131n ve ac\u0131n\u0131n hi\u00e7 bitmedi\u011fi k\u00f6t\u00fc kurgulanm\u0131\u015f bir oyun de\u011fil, bilakis, engelleri a\u015ft\u0131k\u00e7a haz veren, terlettik\u00e7e g\u00fc\u00e7lendiren, \u00f6\u011freten bir yol. Ona s\u00f6verek, kaderci ve karamsar bir d\u00fcnya kurarak, ondan vazge\u00e7erek nefes almaya devam etmek, kendimize yapabilece\u011fimiz en b\u00fcy\u00fck k\u00f6t\u00fcl\u00fck. Ya\u015fam\u0131n varmak de\u011fil, gitmek, ilerlemek, kendi yolunda y\u00fcr\u00fcmek, d\u00fc\u015f\u00fcnce kalkmak cesareti oldu\u011funu biliyoruz art\u0131k. O halde s\u0131ra toparlan\u0131p aya\u011fa kalkmakta&#8230; Y\u00fcz\u00fcn\u00fcz\u00fc neye d\u00f6nd\u00fc\u011f\u00fcn\u00fcz \u00f6nemli, neyi se\u00e7ti\u011finiz, kendinize neyi ilke edindi\u011finiz&#8230; \u015e\u00fcphesiz ki \u201cama\u00e7\u201d sadece kazanmak de\u011fil, kazand\u0131\u011f\u0131n\u0131 payla\u015fmak, \u201cpayla\u015fmak\u201d bir zorunluluk de\u011fil, insani hazlar\u0131n en de\u011ferlisi, \u201cde\u011fer\u201d \u00f6\u011fretilerimiz do\u011frultusunda bizlere huzur ve tatmin hissini ya\u015fatan \u00f6nemli bir ya\u015fam unsuru, \u201csevgi\u201d ya\u015fama s\u0131k\u0131 s\u0131k\u0131 tutunman\u0131n en temel motivasyonu, \u201chayat\u0131 ama\u00e7lar\u0131 t\u00fcketmeden, payla\u015farak, de\u011ferler ve ilkeler do\u011frultusunda sevgi ile ya\u015fayabilmek\u201d ise \u015fans\u0131n ta kendisi olmal\u0131. Hadi g\u00fczel karde\u015fim! Kald\u0131r ba\u015f\u0131n\u0131 ve daha bir tevekk\u00fcl i\u00e7inde bak ya\u015fama. Ona de\u011fer katacak sensin, unutma! Nas\u0131l m\u0131? \u00d6\u011frenerek, \u00fcreterek, payla\u015farak, destekleyerek, d\u00fc\u015fleyerek, d\u00fc\u015f\u00fcnerek, affederek, bar\u0131\u015farak, sayg\u0131 duyarak ve \u00e7ok severek&#8230; Ve belki de en \u00f6nce, \u0130\u00c7\u0130NDEK\u0130 DA\u011eI A\u015earak\u2026 <\/p>\n","protected":false},"excerpt":{"rendered":"<p>Bu kitap, zirveden manzaray\u0131 izleyen bir adam\u0131n \u00f6yk\u00fcs\u00fc de\u011fil, zirveyi akl\u0131na ve kalbine inan\u00e7la yerle\u015ftirmi\u015f bir ki\u015finin yolculuk hik\u00e2yesidir. Hayat, \u00f6n\u00fcm\u00fcze engeller \u00e7\u0131karan, pek \u00e7ok defa<span class=\"excerpt-hellip\"> [\u2026]<\/span><\/p>\n","protected":false},"featured_media":0,"template":"","meta":{"_monsterinsights_skip_tracking":false,"_monsterinsights_sitenote_active":false,"_monsterinsights_sitenote_note":"","_monsterinsights_sitenote_category":0},"product_brand":[],"product_cat":[18545,12291],"product_tag":[],"class_list":{"0":"post-733817","1":"product","2":"type-product","3":"status-publish","5":"product_cat-anlati","6":"product_cat-edebiyat","7":"pa_cilt-ciltsiz","8":"pa_tur-kitap","9":"pa_yayinevi-destek-yayinlari","10":"pa_yazar-sadettin-saran","12":"first","13":"instock","14":"sale","15":"shipping-taxable","16":"purchasable","17":"product-type-simple"},"_links":{"self":[{"href":"https:\/\/roveyayinevi.com.tr\/index.php\/wp-json\/wp\/v2\/product\/733817","targetHints":{"allow":["GET"]}}],"collection":[{"href":"https:\/\/roveyayinevi.com.tr\/index.php\/wp-json\/wp\/v2\/product"}],"about":[{"href":"https:\/\/roveyayinevi.com.tr\/index.php\/wp-json\/wp\/v2\/types\/product"}],"wp:attachment":[{"href":"https:\/\/roveyayinevi.com.tr\/index.php\/wp-json\/wp\/v2\/media?parent=733817"}],"wp:term":[{"taxonomy":"product_brand","embeddable":true,"href":"https:\/\/roveyayinevi.com.tr\/index.php\/wp-json\/wp\/v2\/product_brand?post=733817"},{"taxonomy":"product_cat","embeddable":true,"href":"https:\/\/roveyayinevi.com.tr\/index.php\/wp-json\/wp\/v2\/product_cat?post=733817"},{"taxonomy":"product_tag","embeddable":true,"href":"https:\/\/roveyayinevi.com.tr\/index.php\/wp-json\/wp\/v2\/product_tag?post=733817"}],"curies":[{"name":"wp","href":"https:\/\/api.w.org\/{rel}","templated":true}]}}