{"id":733816,"date":"2025-08-27T22:17:08","date_gmt":"2025-08-27T19:17:08","guid":{"rendered":"https:\/\/roveyayinevi.com.tr\/index.php\/urun\/hikayesi-var\/"},"modified":"2026-04-08T02:50:44","modified_gmt":"2026-04-07T23:50:44","slug":"hikayesi-var","status":"publish","type":"product","link":"https:\/\/roveyayinevi.com.tr\/index.php\/urun\/hikayesi-var\/","title":{"rendered":"Hikayesi Var"},"content":{"rendered":"<p>\u201cHayat\u0131m\u0131zdaki hi\u00e7bir \u015fey, bize ger\u00e7ekten bilmemiz gerekeni \u00f6\u011fretmeden yok olmaz&#8230;\u201d \u2013 Pema Ch\u00f6dr\u00f6n   Her deneyim bir basamakt\u0131r insana. \u0130ster yukar\u0131 \u00e7\u0131kars\u0131n ister a\u015fa\u011f\u0131 inersin&#8230; Yol senin, se\u00e7im senin&#8230; Basama\u011f\u0131 su\u00e7lamak bo\u015funa. Hayat bazen anlamad\u0131\u011f\u0131n kelimeleri c\u00fcmle i\u00e7inde kullanarak \u00f6\u011fretir. Hik\u00e2yeler anlat\u0131r bazen sana, yeter ki \u00f6\u011fren diye. \u00c7\u00fcnk\u00fc \u00f6\u011frenmeden bitmez. Bu kitap hakikatin c\u00fcmle i\u00e7indeki kullan\u0131m\u0131d\u0131r. Tek bir kelime i\u00e7in yaz\u0131lm\u0131\u015ft\u0131r. Uzunca bir hik\u00e2yeye aktar\u0131lm\u0131\u015f tek bir kelime: \u201cNasip.\u201d <\/p>\n","protected":false},"excerpt":{"rendered":"<p>\u201cHayat\u0131m\u0131zdaki hi\u00e7bir \u015fey, bize ger\u00e7ekten bilmemiz gerekeni \u00f6\u011fretmeden yok olmaz&#8230;\u201d \u2013 Pema Ch\u00f6dr\u00f6n Her deneyim bir basamakt\u0131r insana. \u0130ster yukar\u0131 \u00e7\u0131kars\u0131n ister a\u015fa\u011f\u0131 inersin&#8230; Yol senin,<span class=\"excerpt-hellip\"> [\u2026]<\/span><\/p>\n","protected":false},"featured_media":0,"template":"","meta":{"_monsterinsights_skip_tracking":false,"_monsterinsights_sitenote_active":false,"_monsterinsights_sitenote_note":"","_monsterinsights_sitenote_category":0},"product_brand":[],"product_cat":[12364,12376],"product_tag":[],"class_list":{"0":"post-733816","1":"product","2":"type-product","3":"status-publish","5":"product_cat-genel-konular","6":"product_cat-kisisel-gelisim","7":"pa_cilt-ciltsiz","8":"pa_tur-kitap","9":"pa_yayinevi-destek-yayinlari","10":"pa_yazar-ozlen-copuroglu","12":"first","13":"instock","14":"sale","15":"shipping-taxable","16":"purchasable","17":"product-type-simple"},"_links":{"self":[{"href":"https:\/\/roveyayinevi.com.tr\/index.php\/wp-json\/wp\/v2\/product\/733816","targetHints":{"allow":["GET"]}}],"collection":[{"href":"https:\/\/roveyayinevi.com.tr\/index.php\/wp-json\/wp\/v2\/product"}],"about":[{"href":"https:\/\/roveyayinevi.com.tr\/index.php\/wp-json\/wp\/v2\/types\/product"}],"wp:attachment":[{"href":"https:\/\/roveyayinevi.com.tr\/index.php\/wp-json\/wp\/v2\/media?parent=733816"}],"wp:term":[{"taxonomy":"product_brand","embeddable":true,"href":"https:\/\/roveyayinevi.com.tr\/index.php\/wp-json\/wp\/v2\/product_brand?post=733816"},{"taxonomy":"product_cat","embeddable":true,"href":"https:\/\/roveyayinevi.com.tr\/index.php\/wp-json\/wp\/v2\/product_cat?post=733816"},{"taxonomy":"product_tag","embeddable":true,"href":"https:\/\/roveyayinevi.com.tr\/index.php\/wp-json\/wp\/v2\/product_tag?post=733816"}],"curies":[{"name":"wp","href":"https:\/\/api.w.org\/{rel}","templated":true}]}}