{"id":733809,"date":"2025-08-27T22:17:00","date_gmt":"2025-08-27T19:17:00","guid":{"rendered":"https:\/\/roveyayinevi.com.tr\/index.php\/urun\/tonton-tonki-ile-sekiller\/"},"modified":"2026-04-16T02:41:36","modified_gmt":"2026-04-15T23:41:36","slug":"tonton-tonki-ile-sekiller","status":"publish","type":"product","link":"https:\/\/roveyayinevi.com.tr\/index.php\/urun\/tonton-tonki-ile-sekiller\/","title":{"rendered":"Tonton Tonki \u0130le \u015eekiller"},"content":{"rendered":"<p>Tonton Tonki yine i\u015f ba\u015f\u0131nda! Bu sefer \u015fekiller kitab\u0131ndan \u00e7\u0131kacak hem de sonunda harika bir s\u00fcrprizi olacak! Tonki&#8217;yi takip et, \u015fekilleri ke\u015ffet! Sayfadan sayfaya ko\u015farken Tonki&#8217;nin ge\u00e7ti\u011fi yerlere dikkat! Kitap bitti\u011finde kitab\u0131n eskisi ibi olmayacak! \u015eekillerle dolu bir macera,  s\u00fcrpriz pencereleri a\u00e7may\u0131 unutma!<\/p>\n","protected":false},"excerpt":{"rendered":"<p>Tonton Tonki yine i\u015f ba\u015f\u0131nda! Bu sefer \u015fekiller kitab\u0131ndan \u00e7\u0131kacak hem de sonunda harika bir s\u00fcrprizi olacak! Tonki&#8217;yi takip et, \u015fekilleri ke\u015ffet! Sayfadan sayfaya ko\u015farken Tonki&#8217;nin<span class=\"excerpt-hellip\"> [\u2026]<\/span><\/p>\n","protected":false},"featured_media":0,"template":"","meta":{"_monsterinsights_skip_tracking":false,"_monsterinsights_sitenote_active":false,"_monsterinsights_sitenote_note":"","_monsterinsights_sitenote_category":0},"product_brand":[],"product_cat":[12913,12274],"product_tag":[],"class_list":{"0":"post-733809","1":"product","2":"type-product","3":"status-publish","5":"product_cat-3-6-yas-kitaplari","6":"product_cat-cocuk-ve-genclik-kitaplari","7":"pa_cilt-ciltsiz","8":"pa_tur-kitap","9":"pa_yayinevi-sincap-kitap","10":"pa_yazar-kevser-ozer","12":"first","13":"instock","14":"sale","15":"shipping-taxable","16":"purchasable","17":"product-type-simple"},"_links":{"self":[{"href":"https:\/\/roveyayinevi.com.tr\/index.php\/wp-json\/wp\/v2\/product\/733809","targetHints":{"allow":["GET"]}}],"collection":[{"href":"https:\/\/roveyayinevi.com.tr\/index.php\/wp-json\/wp\/v2\/product"}],"about":[{"href":"https:\/\/roveyayinevi.com.tr\/index.php\/wp-json\/wp\/v2\/types\/product"}],"wp:attachment":[{"href":"https:\/\/roveyayinevi.com.tr\/index.php\/wp-json\/wp\/v2\/media?parent=733809"}],"wp:term":[{"taxonomy":"product_brand","embeddable":true,"href":"https:\/\/roveyayinevi.com.tr\/index.php\/wp-json\/wp\/v2\/product_brand?post=733809"},{"taxonomy":"product_cat","embeddable":true,"href":"https:\/\/roveyayinevi.com.tr\/index.php\/wp-json\/wp\/v2\/product_cat?post=733809"},{"taxonomy":"product_tag","embeddable":true,"href":"https:\/\/roveyayinevi.com.tr\/index.php\/wp-json\/wp\/v2\/product_tag?post=733809"}],"curies":[{"name":"wp","href":"https:\/\/api.w.org\/{rel}","templated":true}]}}