{"id":733800,"date":"2025-08-27T22:16:51","date_gmt":"2025-08-27T19:16:51","guid":{"rendered":"https:\/\/roveyayinevi.com.tr\/index.php\/urun\/halide-edip-kurtulusun-kahramanlari-3\/"},"modified":"2026-04-16T02:41:36","modified_gmt":"2026-04-15T23:41:36","slug":"halide-edip-kurtulusun-kahramanlari-3","status":"publish","type":"product","link":"https:\/\/roveyayinevi.com.tr\/index.php\/urun\/halide-edip-kurtulusun-kahramanlari-3\/","title":{"rendered":"Halide Edip &#8211; Kurtulu\u015fun Kahramanlar\u0131 3"},"content":{"rendered":"<p>Tima\u015f \u00c7ocuk&#8217;un \u00e7ok sevilen &#8220;Kurtulu\u015fun Kahramanlar\u0131&#8221; dizisi devam ediyor.Yine birbirinden cesur, g\u00f6z\u00fcpek on ki\u015fi, yine birbirinden s\u00fcr\u00fckleyici, heyecan verici, kimi zaman h\u00fcz\u00fcnlendirici on hik\u00e2ye&#8230;Tarih\u00ee romanlar\u0131n usta kalemi \u0130smail Bilgin&#8217;den, ilk\u00f6\u011fretim 3. ve 4. s\u0131n\u0131f \u00f6\u011frencileri i\u00e7in haz\u0131rlanm\u0131\u015f, tarihimizin kahramanlar\u0131n\u0131 ve o d\u00f6nemi tan\u0131tan bir eser. Okurlar hem d\u00f6nem hakk\u0131nda bilgi sahibi olacak hem tarihimizdeki kahramanlar\u0131n bir k\u0131sm\u0131n\u0131 daha tan\u0131yacak hem de bu vatan i\u00e7in yap\u0131lan fedak\u00e2rl\u0131klar\u0131 \u00f6\u011frenecek&#8230;<\/p>\n","protected":false},"excerpt":{"rendered":"<p>Tima\u015f \u00c7ocuk&#8217;un \u00e7ok sevilen &#8220;Kurtulu\u015fun Kahramanlar\u0131&#8221; dizisi devam ediyor.Yine birbirinden cesur, g\u00f6z\u00fcpek on ki\u015fi, yine birbirinden s\u00fcr\u00fckleyici, heyecan verici, kimi zaman h\u00fcz\u00fcnlendirici on hik\u00e2ye&#8230;Tarih\u00ee romanlar\u0131n usta<span class=\"excerpt-hellip\"> [\u2026]<\/span><\/p>\n","protected":false},"featured_media":0,"template":"","meta":{"_monsterinsights_skip_tracking":false,"_monsterinsights_sitenote_active":false,"_monsterinsights_sitenote_note":"","_monsterinsights_sitenote_category":0},"product_brand":[],"product_cat":[12275,12274],"product_tag":[],"class_list":{"0":"post-733800","1":"product","2":"type-product","3":"status-publish","5":"product_cat-6-12-yas-kitaplari","6":"product_cat-cocuk-ve-genclik-kitaplari","7":"pa_cilt-ciltsiz","8":"pa_tur-kitap","9":"pa_yayinevi-timas-cocuk","10":"pa_yazar-ismail-bilgin","12":"first","13":"instock","14":"sale","15":"shipping-taxable","16":"purchasable","17":"product-type-simple"},"_links":{"self":[{"href":"https:\/\/roveyayinevi.com.tr\/index.php\/wp-json\/wp\/v2\/product\/733800","targetHints":{"allow":["GET"]}}],"collection":[{"href":"https:\/\/roveyayinevi.com.tr\/index.php\/wp-json\/wp\/v2\/product"}],"about":[{"href":"https:\/\/roveyayinevi.com.tr\/index.php\/wp-json\/wp\/v2\/types\/product"}],"wp:attachment":[{"href":"https:\/\/roveyayinevi.com.tr\/index.php\/wp-json\/wp\/v2\/media?parent=733800"}],"wp:term":[{"taxonomy":"product_brand","embeddable":true,"href":"https:\/\/roveyayinevi.com.tr\/index.php\/wp-json\/wp\/v2\/product_brand?post=733800"},{"taxonomy":"product_cat","embeddable":true,"href":"https:\/\/roveyayinevi.com.tr\/index.php\/wp-json\/wp\/v2\/product_cat?post=733800"},{"taxonomy":"product_tag","embeddable":true,"href":"https:\/\/roveyayinevi.com.tr\/index.php\/wp-json\/wp\/v2\/product_tag?post=733800"}],"curies":[{"name":"wp","href":"https:\/\/api.w.org\/{rel}","templated":true}]}}