{"id":733788,"date":"2025-08-27T22:16:39","date_gmt":"2025-08-27T19:16:39","guid":{"rendered":"https:\/\/roveyayinevi.com.tr\/index.php\/urun\/enneagram-ile-ogrencini-kesfet\/"},"modified":"2026-04-03T02:48:54","modified_gmt":"2026-04-02T23:48:54","slug":"enneagram-ile-ogrencini-kesfet","status":"publish","type":"product","link":"https:\/\/roveyayinevi.com.tr\/index.php\/urun\/enneagram-ile-ogrencini-kesfet\/","title":{"rendered":"Enneagram ile \u00d6\u011frencini Ke\u015ffet"},"content":{"rendered":"<p>\u00d6\u011fretmen-\u00f6\u011frenci aras\u0131nda ya\u015fanan problemlerin ve akademik ba\u015far\u0131s\u0131zl\u0131klar\u0131n temelinde ileti\u015fim hatalar\u0131 vard\u0131r. E\u011fitimde tek tiple\u015ftirme, bu e\u011fitim modeline uymayan mizaca sahip \u00f6\u011frencilerin e\u011fitim hayat\u0131n\u0131 hem ebeveynler hem e\u011fitimciler hem de \u00f6\u011frenciler i\u00e7in i\u00e7inden \u00e7\u0131k\u0131lmas\u0131 g\u00fc\u00e7 b\u00fcy\u00fck bir problem yuma\u011f\u0131na \u00e7evirebiliyor.\u0130smail Acarkan, her \u00e7ocu\u011fun farkl\u0131 bir miza\u00e7la d\u00fcnyaya geldi\u011fini ve bu y\u00fczden anne babalar i\u00e7in oldu\u011fu kadar e\u011fitimciler i\u00e7in de \u00f6\u011frenciyi tan\u0131man\u0131n, sa\u011fl\u0131kl\u0131 ileti\u015fimi ve akademik ba\u015far\u0131y\u0131 beraberinde getirece\u011fini \u00f6zellikle vurguluyor.9 Tip Miza\u00e7 Modeli&#8217;yle ilgili T\u00fcrkiye&#8217;nin farkl\u0131 yerlerinde seminerler veren \u0130smail Acarkan, bireyselle\u015fme \u00e7a\u011f\u0131 olan 21. y\u00fczy\u0131lda bu kadim \u00f6\u011fretinin ne kadar ihtiya\u00e7 duydu\u011fumuz bir anlay\u0131\u015f oldu\u011funun alt\u0131n\u0131 \u00e7izerken e\u011fitimcilerin i\u015flerini kolayla\u015ft\u0131racak bilgiler veriyor.Enneagram ile \u00d6\u011frencini Ke\u015ffet- Miza\u00e7 Fark\u0131ndal\u0131\u011f\u0131yla \u00d6\u011fretmenlik Yapmak kitab\u0131, e\u011fitimcilere \u00f6\u011frencilerini tan\u0131malar\u0131 i\u00e7in destek olurken ayn\u0131 zamanda hem psikolojik hem de akademik ba\u015far\u0131lar\u0131 i\u00e7in onlara rehberlik etmelerine yard\u0131mc\u0131 oluyor.<\/p>\n","protected":false},"excerpt":{"rendered":"<p>\u00d6\u011fretmen-\u00f6\u011frenci aras\u0131nda ya\u015fanan problemlerin ve akademik ba\u015far\u0131s\u0131zl\u0131klar\u0131n temelinde ileti\u015fim hatalar\u0131 vard\u0131r. E\u011fitimde tek tiple\u015ftirme, bu e\u011fitim modeline uymayan mizaca sahip \u00f6\u011frencilerin e\u011fitim hayat\u0131n\u0131 hem ebeveynler hem<span class=\"excerpt-hellip\"> [\u2026]<\/span><\/p>\n","protected":false},"featured_media":0,"template":"","meta":{"_monsterinsights_skip_tracking":false,"_monsterinsights_sitenote_active":false,"_monsterinsights_sitenote_note":"","_monsterinsights_sitenote_category":0},"product_brand":[],"product_cat":[12364,12376],"product_tag":[],"class_list":{"0":"post-733788","1":"product","2":"type-product","3":"status-publish","5":"product_cat-genel-konular","6":"product_cat-kisisel-gelisim","7":"pa_cilt-ciltsiz","8":"pa_tur-kitap","9":"pa_yayinevi-timas-yayinlari","10":"pa_yazar-ismail-acarkan-kubra-zencer","12":"first","13":"instock","14":"sale","15":"shipping-taxable","16":"purchasable","17":"product-type-simple"},"_links":{"self":[{"href":"https:\/\/roveyayinevi.com.tr\/index.php\/wp-json\/wp\/v2\/product\/733788","targetHints":{"allow":["GET"]}}],"collection":[{"href":"https:\/\/roveyayinevi.com.tr\/index.php\/wp-json\/wp\/v2\/product"}],"about":[{"href":"https:\/\/roveyayinevi.com.tr\/index.php\/wp-json\/wp\/v2\/types\/product"}],"wp:attachment":[{"href":"https:\/\/roveyayinevi.com.tr\/index.php\/wp-json\/wp\/v2\/media?parent=733788"}],"wp:term":[{"taxonomy":"product_brand","embeddable":true,"href":"https:\/\/roveyayinevi.com.tr\/index.php\/wp-json\/wp\/v2\/product_brand?post=733788"},{"taxonomy":"product_cat","embeddable":true,"href":"https:\/\/roveyayinevi.com.tr\/index.php\/wp-json\/wp\/v2\/product_cat?post=733788"},{"taxonomy":"product_tag","embeddable":true,"href":"https:\/\/roveyayinevi.com.tr\/index.php\/wp-json\/wp\/v2\/product_tag?post=733788"}],"curies":[{"name":"wp","href":"https:\/\/api.w.org\/{rel}","templated":true}]}}