{"id":733780,"date":"2025-08-27T22:16:30","date_gmt":"2025-08-27T19:16:30","guid":{"rendered":"https:\/\/roveyayinevi.com.tr\/index.php\/urun\/boya-ve-tasarla\/"},"modified":"2026-04-16T02:41:36","modified_gmt":"2026-04-15T23:41:36","slug":"boya-ve-tasarla","status":"publish","type":"product","link":"https:\/\/roveyayinevi.com.tr\/index.php\/urun\/boya-ve-tasarla\/","title":{"rendered":"Boya ve Tasarla"},"content":{"rendered":"<p>Polonya\u2019n\u0131n y\u0131ld\u0131z\u0131 parlayan \u00e7izerlerinden Agata Kr\u00f3lak\u2019\u0131n kaleminden \u00e7\u0131kma aktivite kitab\u0131 Boya ve Tasarla! el becerilerini kullanmaya yeni ba\u015flam\u0131\u015f \u00e7ocuklara y\u00f6nelik ola\u011fan\u00fcst\u00fc bir hayal g\u00fcc\u00fcn\u00fcn kap\u0131lar\u0131n\u0131 aral\u0131yor.Verdi\u011fi y\u00f6nergeler sayesinde \u00e7ocuklar\u0131n kitaplarla interaktif bir ili\u015fki kurmas\u0131n\u0131 sa\u011flayan Kr\u00f3lak, okurun yarat\u0131c\u0131l\u0131klar\u0131n\u0131 s\u0131n\u0131rland\u0131rmamak i\u00e7in aktivitelerini yoruma a\u00e7\u0131k b\u0131rakm\u0131\u015f.Haydi unutulmayacak bir el becerisi deneyimi i\u00e7in kalemlerinizi, boyalar\u0131n\u0131z\u0131 kap\u0131n ve kitaplar\u0131m\u0131z\u0131n ba\u015f\u0131na ge\u00e7in!<\/p>\n","protected":false},"excerpt":{"rendered":"<p>Polonya\u2019n\u0131n y\u0131ld\u0131z\u0131 parlayan \u00e7izerlerinden Agata Kr\u00f3lak\u2019\u0131n kaleminden \u00e7\u0131kma aktivite kitab\u0131 Boya ve Tasarla! el becerilerini kullanmaya yeni ba\u015flam\u0131\u015f \u00e7ocuklara y\u00f6nelik ola\u011fan\u00fcst\u00fc bir hayal g\u00fcc\u00fcn\u00fcn kap\u0131lar\u0131n\u0131 aral\u0131yor.Verdi\u011fi<span class=\"excerpt-hellip\"> [\u2026]<\/span><\/p>\n","protected":false},"featured_media":0,"template":"","meta":{"_monsterinsights_skip_tracking":false,"_monsterinsights_sitenote_active":false,"_monsterinsights_sitenote_note":"","_monsterinsights_sitenote_category":0},"product_brand":[],"product_cat":[12644,12274],"product_tag":[],"class_list":{"0":"post-733780","1":"product","2":"type-product","3":"status-publish","5":"product_cat-boyama-kitaplari","6":"product_cat-cocuk-ve-genclik-kitaplari","7":"pa_cilt-ciltsiz","8":"pa_tur-kitap","9":"pa_yayinevi-abm-yayinevi","10":"pa_yazar-agata-krolak","12":"first","13":"instock","14":"sale","15":"shipping-taxable","16":"purchasable","17":"product-type-simple"},"_links":{"self":[{"href":"https:\/\/roveyayinevi.com.tr\/index.php\/wp-json\/wp\/v2\/product\/733780","targetHints":{"allow":["GET"]}}],"collection":[{"href":"https:\/\/roveyayinevi.com.tr\/index.php\/wp-json\/wp\/v2\/product"}],"about":[{"href":"https:\/\/roveyayinevi.com.tr\/index.php\/wp-json\/wp\/v2\/types\/product"}],"wp:attachment":[{"href":"https:\/\/roveyayinevi.com.tr\/index.php\/wp-json\/wp\/v2\/media?parent=733780"}],"wp:term":[{"taxonomy":"product_brand","embeddable":true,"href":"https:\/\/roveyayinevi.com.tr\/index.php\/wp-json\/wp\/v2\/product_brand?post=733780"},{"taxonomy":"product_cat","embeddable":true,"href":"https:\/\/roveyayinevi.com.tr\/index.php\/wp-json\/wp\/v2\/product_cat?post=733780"},{"taxonomy":"product_tag","embeddable":true,"href":"https:\/\/roveyayinevi.com.tr\/index.php\/wp-json\/wp\/v2\/product_tag?post=733780"}],"curies":[{"name":"wp","href":"https:\/\/api.w.org\/{rel}","templated":true}]}}