{"id":733777,"date":"2025-08-27T22:16:28","date_gmt":"2025-08-27T19:16:28","guid":{"rendered":"https:\/\/roveyayinevi.com.tr\/index.php\/urun\/pisagorun-mirasi\/"},"modified":"2026-04-16T02:41:36","modified_gmt":"2026-04-15T23:41:36","slug":"pisagorun-mirasi","status":"publish","type":"product","link":"https:\/\/roveyayinevi.com.tr\/index.php\/urun\/pisagorun-mirasi\/","title":{"rendered":"Pisagor&#8217;un Miras\u0131"},"content":{"rendered":"<p>&#8220;Say\u0131lar evreni y\u00f6netir.&#8221; Pisagor Pisagor\u2019un bu iddial\u0131 \u00f6nermesi; bilim, m\u00fchendislik ve hatta felsefenin geli\u015fimini h\u0131zland\u0131ran bir\u00e7ok matematiksel ke\u015fifle kan\u0131tlanm\u0131\u015ft\u0131r. Kimilerince \u201czihin sanat\u0131\u201d olarak adland\u0131r\u0131lan matematik, insanl\u0131\u011f\u0131n y\u00fczlerce y\u0131ll\u0131k geli\u015fim ser\u00fcvenini te\u015fvik etmi\u015f ve y\u00f6nlendirmi\u015ftir. Pisagor\u2019un Miras\u0131\u2019nda Marcel Danesi, matemati\u011fin en b\u00fcy\u00fck on kazan\u0131m\u0131na tarihsel bir bak\u0131\u015f sunarken g\u00fcnl\u00fck hayat\u0131m\u0131z \u00fczerindeki etkilerini de dinamik bir \u015fekilde ortaya koyuyor. Matematik tarihindeki kilometre ta\u015flar\u0131n\u0131 m\u00fcstakil olaylardan ziyade bir olaylar zinciri olarak ele alan Danesi, okurunu g\u00fcn\u00fcm\u00fcz matemati\u011finin ba\u015flang\u0131c\u0131 say\u0131labilecek Pisagor\u2019dan s\u0131f\u0131r kavram\u0131na ve modern hesaplama algoritmalar\u0131na uzanan bir yolculu\u011fa \u00e7\u0131kar\u0131yor. Zihin a\u00e7\u0131c\u0131 pratik al\u0131\u015ft\u0131rmalar ve bulmacalarla dolu Pisagor\u2019un Miras\u0131, matematik tarihine genel bir bak\u0131\u015f olmas\u0131n\u0131n yan\u0131nda matemati\u011fin g\u00fcnl\u00fck ya\u015famlar\u0131m\u0131zdaki \u00f6nemini ke\u015ffetmek ad\u0131na e\u015fsiz bir f\u0131rsat!<\/p>\n","protected":false},"excerpt":{"rendered":"<p>&#8220;Say\u0131lar evreni y\u00f6netir.&#8221; Pisagor Pisagor\u2019un bu iddial\u0131 \u00f6nermesi; bilim, m\u00fchendislik ve hatta felsefenin geli\u015fimini h\u0131zland\u0131ran bir\u00e7ok matematiksel ke\u015fifle kan\u0131tlanm\u0131\u015ft\u0131r. Kimilerince \u201czihin sanat\u0131\u201d olarak adland\u0131r\u0131lan matematik, insanl\u0131\u011f\u0131n<span class=\"excerpt-hellip\"> [\u2026]<\/span><\/p>\n","protected":false},"featured_media":0,"template":"","meta":{"_monsterinsights_skip_tracking":false,"_monsterinsights_sitenote_active":false,"_monsterinsights_sitenote_note":"","_monsterinsights_sitenote_category":0},"product_brand":[],"product_cat":[13005,16724],"product_tag":[],"class_list":{"0":"post-733777","1":"product","2":"type-product","3":"status-publish","5":"product_cat-bilim-muhendislik","6":"product_cat-matematik","7":"pa_cilt-ciltsiz","8":"pa_tur-kitap","9":"pa_yayinevi-ketebe-yayinlari","10":"pa_yazar-marcel-danesi","12":"first","13":"instock","14":"sale","15":"shipping-taxable","16":"purchasable","17":"product-type-simple"},"_links":{"self":[{"href":"https:\/\/roveyayinevi.com.tr\/index.php\/wp-json\/wp\/v2\/product\/733777","targetHints":{"allow":["GET"]}}],"collection":[{"href":"https:\/\/roveyayinevi.com.tr\/index.php\/wp-json\/wp\/v2\/product"}],"about":[{"href":"https:\/\/roveyayinevi.com.tr\/index.php\/wp-json\/wp\/v2\/types\/product"}],"wp:attachment":[{"href":"https:\/\/roveyayinevi.com.tr\/index.php\/wp-json\/wp\/v2\/media?parent=733777"}],"wp:term":[{"taxonomy":"product_brand","embeddable":true,"href":"https:\/\/roveyayinevi.com.tr\/index.php\/wp-json\/wp\/v2\/product_brand?post=733777"},{"taxonomy":"product_cat","embeddable":true,"href":"https:\/\/roveyayinevi.com.tr\/index.php\/wp-json\/wp\/v2\/product_cat?post=733777"},{"taxonomy":"product_tag","embeddable":true,"href":"https:\/\/roveyayinevi.com.tr\/index.php\/wp-json\/wp\/v2\/product_tag?post=733777"}],"curies":[{"name":"wp","href":"https:\/\/api.w.org\/{rel}","templated":true}]}}