{"id":733775,"date":"2025-08-27T22:16:26","date_gmt":"2025-08-27T19:16:26","guid":{"rendered":"https:\/\/roveyayinevi.com.tr\/index.php\/urun\/alman-oryantalizmi\/"},"modified":"2026-04-16T02:41:36","modified_gmt":"2026-04-15T23:41:36","slug":"alman-oryantalizmi","status":"publish","type":"product","link":"https:\/\/roveyayinevi.com.tr\/index.php\/urun\/alman-oryantalizmi\/","title":{"rendered":"Alman Oryantalizmi"},"content":{"rendered":"<p>Teoloji merkezli \u00e7al\u0131\u015fmalarla ba\u015flay\u0131p filolojiye evrilerek zamanla bir gelenek yaratan Alman oryantalizmi, 19. y\u00fczy\u0131l\u0131n sonlar\u0131na do\u011fru \u00e7al\u0131\u015fma alan\u0131n\u0131 giderek geni\u015fletir. Bilim insanlar\u0131n\u0131n s\u00f6m\u00fcrge faaliyetlerinde devletlerin siyasi ajandalar\u0131 i\u00e7in mesai harcamalar\u0131 ve bu aktiviteleri bilimsel olarak temellendirme d\u00fc\u015f\u00fcncesi\/giri\u015fimleri, Avrupa d\u0131\u015f\u0131ndaki di\u011fer k\u00fclt\u00fcrlere ilgiyi artt\u0131r\u0131rken bir yandan da bu ara\u015ft\u0131rmalar\u0131 siyasalla\u015ft\u0131rm\u0131\u015ft\u0131r. \u00d6te yandan Do\u011fu\u2019nun, akademik \u00e7al\u0131\u015fmalar\u0131n bir konusu oldu\u011fu kadar d\u0131\u015f politikan\u0131n da belirleyici bir arac\u0131na d\u00f6n\u00fc\u015fmesi, bilim insanlar\u0131n\u0131n siyasetle ili\u015fkilerini kuran en temel parametredir. Avrupa devletleri aras\u0131ndaki siyasi ve ticari rekabet, e\u015fzamanl\u0131 bi\u00e7imde bilim d\u00fcnyas\u0131na da sirayet etmi\u015f ve Do\u011fu \u00e7al\u0131\u015fmalar\u0131n\u0131n hem zenginle\u015fmesine hem de siyasalla\u015f\u0131p pop\u00fclerle\u015fmesine zemin haz\u0131rlam\u0131\u015ft\u0131r. Alman s\u00f6m\u00fcrgecili\u011finin geli\u015fimi ve oryantalizmle ili\u015fkisi Carl Heinrich Becker ve Martin Hartmann\u2019\u0131n Alman gelene\u011fine yeni bir form vermesine yol a\u00e7m\u0131\u015ft\u0131r. B\u00f6ylelikle oryantalist dergi ve kurumlar\u0131n say\u0131s\u0131nda ciddi bir art\u0131\u015f ve temel bir d\u00f6n\u00fc\u015f\u00fcm meydana gelmi\u015ftir.Alman oryantalistlerini inceleyen bu kitap, oryantalizminin siyasalla\u015fma s\u00fcrecini ve Almanlar\u0131n oryantalizme eklemledikleri ideolojik boyutun s\u0131n\u0131rlar\u0131n\u0131 Becker ve Hartmann \u00f6rne\u011fi \u00fczerinden Osmanl\u0131 toplum ve siyasetini ba\u011flama alarak izah etmeye \u00e7al\u0131\u015f\u0131yor.<\/p>\n","protected":false},"excerpt":{"rendered":"<p>Teoloji merkezli \u00e7al\u0131\u015fmalarla ba\u015flay\u0131p filolojiye evrilerek zamanla bir gelenek yaratan Alman oryantalizmi, 19. y\u00fczy\u0131l\u0131n sonlar\u0131na do\u011fru \u00e7al\u0131\u015fma alan\u0131n\u0131 giderek geni\u015fletir. Bilim insanlar\u0131n\u0131n s\u00f6m\u00fcrge faaliyetlerinde devletlerin siyasi<span class=\"excerpt-hellip\"> [\u2026]<\/span><\/p>\n","protected":false},"featured_media":0,"template":"","meta":{"_monsterinsights_skip_tracking":false,"_monsterinsights_sitenote_active":false,"_monsterinsights_sitenote_note":"","_monsterinsights_sitenote_category":0},"product_brand":[],"product_cat":[20351,12388],"product_tag":[],"class_list":{"0":"post-733775","1":"product","2":"type-product","3":"status-publish","5":"product_cat-dusunce","6":"product_cat-felsefe","7":"pa_cilt-ciltsiz","8":"pa_tur-kitap","9":"pa_yayinevi-ketebe-yayinlari","10":"pa_yazar-remzi-avci","12":"first","13":"instock","14":"sale","15":"shipping-taxable","16":"purchasable","17":"product-type-simple"},"_links":{"self":[{"href":"https:\/\/roveyayinevi.com.tr\/index.php\/wp-json\/wp\/v2\/product\/733775","targetHints":{"allow":["GET"]}}],"collection":[{"href":"https:\/\/roveyayinevi.com.tr\/index.php\/wp-json\/wp\/v2\/product"}],"about":[{"href":"https:\/\/roveyayinevi.com.tr\/index.php\/wp-json\/wp\/v2\/types\/product"}],"wp:attachment":[{"href":"https:\/\/roveyayinevi.com.tr\/index.php\/wp-json\/wp\/v2\/media?parent=733775"}],"wp:term":[{"taxonomy":"product_brand","embeddable":true,"href":"https:\/\/roveyayinevi.com.tr\/index.php\/wp-json\/wp\/v2\/product_brand?post=733775"},{"taxonomy":"product_cat","embeddable":true,"href":"https:\/\/roveyayinevi.com.tr\/index.php\/wp-json\/wp\/v2\/product_cat?post=733775"},{"taxonomy":"product_tag","embeddable":true,"href":"https:\/\/roveyayinevi.com.tr\/index.php\/wp-json\/wp\/v2\/product_tag?post=733775"}],"curies":[{"name":"wp","href":"https:\/\/api.w.org\/{rel}","templated":true}]}}