{"id":733772,"date":"2025-08-27T22:16:24","date_gmt":"2025-08-27T19:16:24","guid":{"rendered":"https:\/\/roveyayinevi.com.tr\/index.php\/urun\/hissettigin-her-seye-inanma\/"},"modified":"2026-04-16T02:41:36","modified_gmt":"2026-04-15T23:41:36","slug":"hissettigin-her-seye-inanma","status":"publish","type":"product","link":"https:\/\/roveyayinevi.com.tr\/index.php\/urun\/hissettigin-her-seye-inanma\/","title":{"rendered":"Hissetti\u011fin Her \u015eeye \u0130nanma"},"content":{"rendered":"<p>Psikoloji biliminin duygu ve d\u00fc\u015f\u00fcncelerle ilgili geldi\u011fi son noktay\u0131 merak ediyor musun? Bu kitaptaki bilgilendirici her b\u00f6l\u00fcmde uygulayabilece\u011fin bir\u00e7ok al\u0131\u015ft\u0131rma var ve hepsi de nokta at\u0131\u015f\u0131! Zor zamanlardan ge\u00e7erken kendimizle kalmam\u0131z gerekti\u011finde \u015funu fark ettik: Hayat her zaman planlad\u0131\u011f\u0131m\u0131z gibi gitmeyebilir. Bazen \u00e7ok uzak g\u00f6r\u00fcnen bir olas\u0131l\u0131k ger\u00e7ekle\u015febilir ve hayat\u0131m\u0131z alt \u00fcst olabilir. Ancak, ac\u0131y\u0131 yok etmek i\u00e7in yapt\u0131klar\u0131m\u0131z ac\u0131n\u0131n \u0131zd\u0131raba d\u00f6nmesine yol a\u00e7abilir. Belki de insan olman\u0131n temel ko\u015fullar\u0131ndan biri ac\u0131 ve \u0131zd\u0131raba tabi olmakt\u0131r. Bu kula\u011fa garip mi geliyor? Okumaya devam et. En sevdi\u011fin filmlerde sadece kahkaha ve keyifli anlar m\u0131 var? Peki senin hayat\u0131n bir film olsayd\u0131 sadece keyifli anlar\u0131 m\u0131 oynat\u0131rd\u0131n? Cevab\u0131n hay\u0131rsa, hayal k\u0131r\u0131kl\u0131\u011f\u0131, utan\u00e7, \u00f6fke, yaln\u0131zl\u0131k, \u00fcz\u00fcnt\u00fc gibi olumsuz g\u00f6rd\u00fc\u011f\u00fcm\u00fcz duygular\u0131n asl\u0131nda bize ne s\u00f6ylemek istedi\u011fini \u00f6\u011frenmeye haz\u0131rs\u0131n demektir. Bu duygulardan kurtulmaya \u00e7al\u0131\u015fmak yerine onlar\u0131 kabullenmeye ve onaylamaya ne dersin? Belki de hayat\u0131n hem keyif hem ac\u0131yla dolu oldu\u011funu seziyor ancak bu z\u0131tl\u0131klar\u0131 nas\u0131l kucaklayabilece\u011fini tam olarak bilemiyor olabilirsin! O halde bu kitapta duygularla ilgili ufkunu geni\u015fletecek bilgileri \u00f6\u011frenmenin yan\u0131 s\u0131ra duygular hakk\u0131nda d\u00fc\u015f\u00fcnme \u015feklini geli\u015ftirmek i\u00e7in bir\u00e7ok al\u0131\u015ft\u0131rmay\u0131 yaparak duygular\u0131nla ba\u015f etmeye \u00e7al\u0131\u015fmak yerine kendi duygusal stilini ke\u015ffedebilirsin. Duygusal ve d\u00fc\u015f\u00fcnsel d\u00fcnyan\u0131n zengin katmanlar\u0131na bir rehber e\u015fli\u011finde dokunabilmen i\u00e7in geli\u015ftirilen bu al\u0131\u015ft\u0131rmalar, kendin i\u00e7in yapaca\u011f\u0131n bu yolculukta sana yol g\u00f6sterecek! Bu yolculuk sonunda dalgalarla bo\u011fu\u015fmak yerine onlar\u0131n i\u00e7inden ge\u00e7meyi \u00f6\u011freneceksin. Zihnini ve kalbini 21. y\u00fczy\u0131la g\u00f6re g\u00fcncellemek isteyenler i\u00e7in harika bir kendine yard\u0131m kitab\u0131! <\/p>\n","protected":false},"excerpt":{"rendered":"<p>Psikoloji biliminin duygu ve d\u00fc\u015f\u00fcncelerle ilgili geldi\u011fi son noktay\u0131 merak ediyor musun? Bu kitaptaki bilgilendirici her b\u00f6l\u00fcmde uygulayabilece\u011fin bir\u00e7ok al\u0131\u015ft\u0131rma var ve hepsi de nokta at\u0131\u015f\u0131!<span class=\"excerpt-hellip\"> [\u2026]<\/span><\/p>\n","protected":false},"featured_media":0,"template":"","meta":{"_monsterinsights_skip_tracking":false,"_monsterinsights_sitenote_active":false,"_monsterinsights_sitenote_note":"","_monsterinsights_sitenote_category":0},"product_brand":[],"product_cat":[12358,12357],"product_tag":[],"class_list":{"0":"post-733772","1":"product","2":"type-product","3":"status-publish","5":"product_cat-genel-psikoloji","6":"product_cat-psikoloji","7":"pa_cilt-ciltsiz","8":"pa_tur-kitap","9":"pa_yayinevi-ani-yayincilik","10":"pa_yazar-robert-l-leahy","12":"first","13":"instock","14":"sale","15":"shipping-taxable","16":"purchasable","17":"product-type-simple"},"_links":{"self":[{"href":"https:\/\/roveyayinevi.com.tr\/index.php\/wp-json\/wp\/v2\/product\/733772","targetHints":{"allow":["GET"]}}],"collection":[{"href":"https:\/\/roveyayinevi.com.tr\/index.php\/wp-json\/wp\/v2\/product"}],"about":[{"href":"https:\/\/roveyayinevi.com.tr\/index.php\/wp-json\/wp\/v2\/types\/product"}],"wp:attachment":[{"href":"https:\/\/roveyayinevi.com.tr\/index.php\/wp-json\/wp\/v2\/media?parent=733772"}],"wp:term":[{"taxonomy":"product_brand","embeddable":true,"href":"https:\/\/roveyayinevi.com.tr\/index.php\/wp-json\/wp\/v2\/product_brand?post=733772"},{"taxonomy":"product_cat","embeddable":true,"href":"https:\/\/roveyayinevi.com.tr\/index.php\/wp-json\/wp\/v2\/product_cat?post=733772"},{"taxonomy":"product_tag","embeddable":true,"href":"https:\/\/roveyayinevi.com.tr\/index.php\/wp-json\/wp\/v2\/product_tag?post=733772"}],"curies":[{"name":"wp","href":"https:\/\/api.w.org\/{rel}","templated":true}]}}