{"id":733738,"date":"2025-08-27T22:15:47","date_gmt":"2025-08-27T19:15:47","guid":{"rendered":"https:\/\/roveyayinevi.com.tr\/index.php\/urun\/ilhan-mahir-david\/"},"modified":"2026-04-16T02:41:35","modified_gmt":"2026-04-15T23:41:35","slug":"ilhan-mahir-david","status":"publish","type":"product","link":"https:\/\/roveyayinevi.com.tr\/index.php\/urun\/ilhan-mahir-david\/","title":{"rendered":"\u0130lhan, Mahir, David"},"content":{"rendered":"<p>Christopher Robert \u0130stanbul\u2019dan bir istekleri olup olmad\u0131\u011f\u0131n\u0131 sordu. Sanki her g\u00fcn \u0130stanbul\u2019a birgiden gelenleri varm\u0131\u015f gibi ne \u0130lhan\u2019\u0131n ne Mahir\u2019in ne de David\u2019in akl\u0131na bir \u015fey geldi.\u201cHali\u00e7\u2019te Topal Aram\u2019\u0131n meyhanesine gidin mutlaka\u2026 Selam\u0131m\u0131z\u0131 s\u00f6yleyin, iyi hizmet etsin.\u201dTavsiye Mahir\u2019den geliyordu.En i\u00e7ten dilek ise, kalbi c\u0131z eden \u0130lhan\u2019dan gelmi\u015fti:\u201cMemlekete selam s\u00f6yle.\u201d\u0130lhan, Mahir, David\u2026\u00dc\u00e7 umut yolcusu\u2026Mutlu olabilmek i\u00e7in d\u00fcnyan\u0131n \u00f6b\u00fcr ucuna gitmek \u00fczere yola d\u00fc\u015fen, memleketlerinden biriniunutmaya, di\u011ferine ise al\u0131\u015fmaya \u00e7al\u0131\u015fan, her ikisini de tam anlam\u0131yla ba\u015faramayan; ancakmutlulu\u011fu ilk veya son durakta de\u011fil, hayat yolculu\u011funun i\u00e7inde bulan, \u00fc\u00e7 can dostu.<\/p>\n","protected":false},"excerpt":{"rendered":"<p>Christopher Robert \u0130stanbul\u2019dan bir istekleri olup olmad\u0131\u011f\u0131n\u0131 sordu. Sanki her g\u00fcn \u0130stanbul\u2019a birgiden gelenleri varm\u0131\u015f gibi ne \u0130lhan\u2019\u0131n ne Mahir\u2019in ne de David\u2019in akl\u0131na bir \u015fey<span class=\"excerpt-hellip\"> [\u2026]<\/span><\/p>\n","protected":false},"featured_media":0,"template":"","meta":{"_monsterinsights_skip_tracking":false,"_monsterinsights_sitenote_active":false,"_monsterinsights_sitenote_note":"","_monsterinsights_sitenote_category":0},"product_brand":[],"product_cat":[12291,12711],"product_tag":[],"class_list":{"0":"post-733738","1":"product","2":"type-product","3":"status-publish","5":"product_cat-edebiyat","6":"product_cat-roman-oyku","7":"pa_cilt-ciltsiz","8":"pa_tur-kitap","9":"pa_yayinevi-bilgi-yayinevi","10":"pa_yazar-cinar-ergin","12":"first","13":"instock","14":"sale","15":"shipping-taxable","16":"purchasable","17":"product-type-simple"},"_links":{"self":[{"href":"https:\/\/roveyayinevi.com.tr\/index.php\/wp-json\/wp\/v2\/product\/733738","targetHints":{"allow":["GET"]}}],"collection":[{"href":"https:\/\/roveyayinevi.com.tr\/index.php\/wp-json\/wp\/v2\/product"}],"about":[{"href":"https:\/\/roveyayinevi.com.tr\/index.php\/wp-json\/wp\/v2\/types\/product"}],"wp:attachment":[{"href":"https:\/\/roveyayinevi.com.tr\/index.php\/wp-json\/wp\/v2\/media?parent=733738"}],"wp:term":[{"taxonomy":"product_brand","embeddable":true,"href":"https:\/\/roveyayinevi.com.tr\/index.php\/wp-json\/wp\/v2\/product_brand?post=733738"},{"taxonomy":"product_cat","embeddable":true,"href":"https:\/\/roveyayinevi.com.tr\/index.php\/wp-json\/wp\/v2\/product_cat?post=733738"},{"taxonomy":"product_tag","embeddable":true,"href":"https:\/\/roveyayinevi.com.tr\/index.php\/wp-json\/wp\/v2\/product_tag?post=733738"}],"curies":[{"name":"wp","href":"https:\/\/api.w.org\/{rel}","templated":true}]}}