{"id":733735,"date":"2025-08-27T22:15:44","date_gmt":"2025-08-27T19:15:44","guid":{"rendered":"https:\/\/roveyayinevi.com.tr\/index.php\/urun\/demir-okce-7\/"},"modified":"2026-04-16T02:41:35","modified_gmt":"2026-04-15T23:41:35","slug":"demir-okce-7","status":"publish","type":"product","link":"https:\/\/roveyayinevi.com.tr\/index.php\/urun\/demir-okce-7\/","title":{"rendered":"Demir \u00d6k\u00e7e"},"content":{"rendered":"<p>O \u00e7ok \u00f6v\u00fcnd\u00fc\u011f\u00fcm\u00fcz medeniyetimiz kan \u00fczerine kurulu.Bu kan deryas\u0131n\u0131n i\u00e7inde hi\u00e7birimizin \u00fcst\u00fcn\u00fcn ba\u015f\u0131n\u0131n temiz kalmas\u0131 m\u00fcmk\u00fcn de\u011fil.\u0130\u015f\u00e7i s\u0131n\u0131f\u0131n\u0131n y\u0131lmaz savunucusu Ernest Everhard\u2019dan \u00f6\u011frendikleriyle hayat\u0131na yeni bir y\u00f6n verip m\u00fccadelesine ortak olan e\u015fi Avis\u2019in ya\u015fad\u0131klar\u0131, kaleme al\u0131n\u0131\u015f\u0131ndan yedi as\u0131r sonra, 1908 y\u0131l\u0131nda, Anthony Meredith\u2019in \u00f6ns\u00f6z\u00fc ve dipnotlar\u0131 e\u015fli\u011finde nihayet elinizdeki halini al\u0131r. Bu eserde Demir \u00d6k\u00e7e\u2019nin ezdi\u011fi insanlar\u0131n hik\u00e2yelerini okuyacak, ba\u015fkahraman\u0131n s\u00f6ylev niteli\u011findeki c\u00fcmleleriyle s\u0131n\u0131f \u00e7at\u0131\u015fmas\u0131n\u0131n ac\u0131mas\u0131z y\u0131k\u0131c\u0131l\u0131\u011f\u0131na kulak verecek, sonras\u0131nda ise kendinizi Demir \u00d6k\u00e7e\u2019ye kar\u015f\u0131 verilen k\u0131ran k\u0131rana sokak m\u00fccadelesinin ortas\u0131nda bulacaks\u0131n\u0131z.<\/p>\n","protected":false},"excerpt":{"rendered":"<p>O \u00e7ok \u00f6v\u00fcnd\u00fc\u011f\u00fcm\u00fcz medeniyetimiz kan \u00fczerine kurulu.Bu kan deryas\u0131n\u0131n i\u00e7inde hi\u00e7birimizin \u00fcst\u00fcn\u00fcn ba\u015f\u0131n\u0131n temiz kalmas\u0131 m\u00fcmk\u00fcn de\u011fil.\u0130\u015f\u00e7i s\u0131n\u0131f\u0131n\u0131n y\u0131lmaz savunucusu Ernest Everhard\u2019dan \u00f6\u011frendikleriyle hayat\u0131na yeni bir<span class=\"excerpt-hellip\"> [\u2026]<\/span><\/p>\n","protected":false},"featured_media":0,"template":"","meta":{"_monsterinsights_skip_tracking":false,"_monsterinsights_sitenote_active":false,"_monsterinsights_sitenote_note":"","_monsterinsights_sitenote_category":0},"product_brand":[],"product_cat":[12291,13872],"product_tag":[],"class_list":{"0":"post-733735","1":"product","2":"type-product","3":"status-publish","5":"product_cat-edebiyat","6":"product_cat-klasikler","7":"pa_cilt-ciltsiz","8":"pa_tur-kitap","9":"pa_yayinevi-indigo-kitap","10":"pa_yazar-jack-london","12":"first","13":"instock","14":"sale","15":"shipping-taxable","16":"purchasable","17":"product-type-simple"},"_links":{"self":[{"href":"https:\/\/roveyayinevi.com.tr\/index.php\/wp-json\/wp\/v2\/product\/733735","targetHints":{"allow":["GET"]}}],"collection":[{"href":"https:\/\/roveyayinevi.com.tr\/index.php\/wp-json\/wp\/v2\/product"}],"about":[{"href":"https:\/\/roveyayinevi.com.tr\/index.php\/wp-json\/wp\/v2\/types\/product"}],"wp:attachment":[{"href":"https:\/\/roveyayinevi.com.tr\/index.php\/wp-json\/wp\/v2\/media?parent=733735"}],"wp:term":[{"taxonomy":"product_brand","embeddable":true,"href":"https:\/\/roveyayinevi.com.tr\/index.php\/wp-json\/wp\/v2\/product_brand?post=733735"},{"taxonomy":"product_cat","embeddable":true,"href":"https:\/\/roveyayinevi.com.tr\/index.php\/wp-json\/wp\/v2\/product_cat?post=733735"},{"taxonomy":"product_tag","embeddable":true,"href":"https:\/\/roveyayinevi.com.tr\/index.php\/wp-json\/wp\/v2\/product_tag?post=733735"}],"curies":[{"name":"wp","href":"https:\/\/api.w.org\/{rel}","templated":true}]}}