{"id":733730,"date":"2025-08-27T22:15:39","date_gmt":"2025-08-27T19:15:39","guid":{"rendered":"https:\/\/roveyayinevi.com.tr\/index.php\/urun\/suveydaya-mektuplar\/"},"modified":"2026-04-16T02:41:35","modified_gmt":"2026-04-15T23:41:35","slug":"suveydaya-mektuplar","status":"publish","type":"product","link":"https:\/\/roveyayinevi.com.tr\/index.php\/urun\/suveydaya-mektuplar\/","title":{"rendered":"S\u00fcveyda\u2019ya Mektuplar"},"content":{"rendered":"<p>Mehmet Nuri Parmaks\u0131z \u201cS\u00fcveyda\u2019ya Mektuplar\u201d serisinde Tanzimat sonras\u0131 s\u00fcre\u00e7te olduk\u00e7a ra\u011fbette olan mensur \u015fiir tarz\u0131na yeni bir \u015fekil veriyor. Bu metinlere kurgusal olarak geleneksel anlamda ne hik\u00e2ye, ne deneme, ne inceleme, ne mektup diyebiliriz. Ama bu t\u00fcrlerin hepsinin bir sentezi olarak bakabiliriz. Kolay okunan, yormayan, yumu\u015fak \u00fcsluplu bu metinlerle Parmaks\u0131z, geleneksel ifade t\u00fcrlerinin d\u0131\u015f\u0131nda yeni bir t\u00fcr denemesi ortaya koyuyor. Bunlara \u015fimdilik herh\u00e2lde \u201cdeneysel sohbet\u201d demek gerekir. Zira \u201cdeneysel\u201d terimi denemeyi ve denenen bir hayat\u0131 kar\u015f\u0131layan hik\u00e2yeyi i\u00e7eriyor.\u201d (Prof. Dr. Nurullah \u00c7ET\u0130N) S\u00fcveydam, bu mektuplar\u0131 yazarken sana olan a\u015fk\u0131m b\u00e2ki, sana d\u00e2ir duygular\u0131m sonsuz l\u00e2kin Necip Faz\u0131l\u2019\u0131n s\u00f6yledi\u011fi, \u201cAnlad\u0131m ki sanat Allah\u2019\u0131 aramakm\u0131\u015f Gerisi hep \u00e7elik \u00e7omak oynamakm\u0131\u015f\u201d s\u00f6zlerindeki ger\u00e7e\u011fi nas\u0131l g\u00f6z ard\u0131 edebilirim? \u00dcstad, ac\u0131lar\u0131n ve sanc\u0131lar\u0131n kayna\u011f\u0131n\u0131, \u201cben ki toz kanatl\u0131 bir kelebe\u011fim, minicik g\u00f6vdeme y\u00fckl\u00fc Kafda\u011f\u0131, bir zerreci\u011fim ki, ar\u015f\u2019a gebeyim, dev sanc\u0131lar\u0131m\u0131n budur kayna\u011f\u0131!\u201d diye g\u00f6stermi\u015fken, g\u00f6nl\u00fcme senin a\u015fk\u0131n\u0131 koyan ve bu g\u00fczelli\u011fi kuluna ihsan eden Y\u00fcce Rabbimi nas\u0131l unutabilirim? Seni unuturum da, O\u2019nu unutamam S\u00fcveyda. A\u015fk\u0131n i\u00e7in bir kelebek olurum da, O\u2019nsuz sana varamam S\u00fcveyda. Heyhat! Kara sevd\u00e2 denilen yol ne de dard\u0131r A\u015fk bitti mi d\u00fcny\u00e2 kelebek \u00f6mr\u00fc kadard\u0131r.<\/p>\n","protected":false},"excerpt":{"rendered":"<p>Mehmet Nuri Parmaks\u0131z \u201cS\u00fcveyda\u2019ya Mektuplar\u201d serisinde Tanzimat sonras\u0131 s\u00fcre\u00e7te olduk\u00e7a ra\u011fbette olan mensur \u015fiir tarz\u0131na yeni bir \u015fekil veriyor. Bu metinlere kurgusal olarak geleneksel anlamda ne<span class=\"excerpt-hellip\"> [\u2026]<\/span><\/p>\n","protected":false},"featured_media":0,"template":"","meta":{"_monsterinsights_skip_tracking":false,"_monsterinsights_sitenote_active":false,"_monsterinsights_sitenote_note":"","_monsterinsights_sitenote_category":0},"product_brand":[],"product_cat":[12777,12291],"product_tag":[],"class_list":{"0":"post-733730","1":"product","2":"type-product","3":"status-publish","5":"product_cat-deneme","6":"product_cat-edebiyat","7":"pa_cilt-ciltsiz","8":"pa_tur-kitap","9":"pa_yayinevi-efsun-yayincilik","10":"pa_yazar-mehmet-nuri-parmaksiz","12":"first","13":"instock","14":"sale","15":"shipping-taxable","16":"purchasable","17":"product-type-simple"},"_links":{"self":[{"href":"https:\/\/roveyayinevi.com.tr\/index.php\/wp-json\/wp\/v2\/product\/733730","targetHints":{"allow":["GET"]}}],"collection":[{"href":"https:\/\/roveyayinevi.com.tr\/index.php\/wp-json\/wp\/v2\/product"}],"about":[{"href":"https:\/\/roveyayinevi.com.tr\/index.php\/wp-json\/wp\/v2\/types\/product"}],"wp:attachment":[{"href":"https:\/\/roveyayinevi.com.tr\/index.php\/wp-json\/wp\/v2\/media?parent=733730"}],"wp:term":[{"taxonomy":"product_brand","embeddable":true,"href":"https:\/\/roveyayinevi.com.tr\/index.php\/wp-json\/wp\/v2\/product_brand?post=733730"},{"taxonomy":"product_cat","embeddable":true,"href":"https:\/\/roveyayinevi.com.tr\/index.php\/wp-json\/wp\/v2\/product_cat?post=733730"},{"taxonomy":"product_tag","embeddable":true,"href":"https:\/\/roveyayinevi.com.tr\/index.php\/wp-json\/wp\/v2\/product_tag?post=733730"}],"curies":[{"name":"wp","href":"https:\/\/api.w.org\/{rel}","templated":true}]}}