{"id":733728,"date":"2025-08-27T22:15:37","date_gmt":"2025-08-27T19:15:37","guid":{"rendered":"https:\/\/roveyayinevi.com.tr\/index.php\/urun\/kucuk-kuduste-gece-dersleri\/"},"modified":"2026-04-16T02:41:35","modified_gmt":"2026-04-15T23:41:35","slug":"kucuk-kuduste-gece-dersleri","status":"publish","type":"product","link":"https:\/\/roveyayinevi.com.tr\/index.php\/urun\/kucuk-kuduste-gece-dersleri\/","title":{"rendered":"K\u00fc\u00e7\u00fck Kud\u00fcs&#8217;te Gece Dersleri"},"content":{"rendered":"<p>\u201cSchicksal ne demek biliyor musun?\u201dLyuba kelimeye yabanc\u0131yd\u0131.\u201cKader demek.\u201dKader. Her \u015feyin bir nedene ba\u011fl\u0131 olarak ger\u00e7ekle\u015fmesi\u20261941 y\u0131l\u0131nda, Ukrayna\u2019n\u0131n Czernowitz kentinin,  K\u00fc\u00e7\u00fck Kud\u00fcs olarak da an\u0131lan b\u00f6lgesinde  \u0130kinci D\u00fcnya Sava\u015f\u0131\u2019n\u0131n t\u00fcm ac\u0131lar\u0131n\u0131 ya\u015fayan bir Yahudi ailenin on alt\u0131 ya\u015f\u0131ndaki gen\u00e7 \u00fcyesi Tholdi, sevdiklerinin hayat\u0131n\u0131 kurtarmak i\u00e7in, s\u0131rlar ve \u015fantajla dolu tehlikeli bir yol se\u00e7er. Ama a\u015fk\u0131n ona yapt\u0131rabileceklerini hesaba katmam\u0131\u015ft\u0131r. Linker ailesinin umutlar\u0131, bir \u00c7ingene k\u0131z\u0131 olan Lyuba sayesinde ger\u00e7e\u011fe d\u00f6n\u00fc\u015f\u00fcr.K\u00fc\u00e7\u00fck Kud\u00fcs\u2019te Gece Dersleri \u0131rk\u00e7\u0131l\u0131\u011f\u0131n, a\u015fa\u011f\u0131lanman\u0131n ve ayr\u0131mc\u0131l\u0131\u011f\u0131n insan ruhunda a\u00e7t\u0131\u011f\u0131 yaralar\u0131 ustal\u0131kla irdeleyen  bir roman. <\/p>\n","protected":false},"excerpt":{"rendered":"<p>\u201cSchicksal ne demek biliyor musun?\u201dLyuba kelimeye yabanc\u0131yd\u0131.\u201cKader demek.\u201dKader. Her \u015feyin bir nedene ba\u011fl\u0131 olarak ger\u00e7ekle\u015fmesi\u20261941 y\u0131l\u0131nda, Ukrayna\u2019n\u0131n Czernowitz kentinin, K\u00fc\u00e7\u00fck Kud\u00fcs olarak da an\u0131lan b\u00f6lgesinde \u0130kinci<span class=\"excerpt-hellip\"> [\u2026]<\/span><\/p>\n","protected":false},"featured_media":0,"template":"","meta":{"_monsterinsights_skip_tracking":false,"_monsterinsights_sitenote_active":false,"_monsterinsights_sitenote_note":"","_monsterinsights_sitenote_category":0},"product_brand":[],"product_cat":[12291,12711],"product_tag":[],"class_list":{"0":"post-733728","1":"product","2":"type-product","3":"status-publish","5":"product_cat-edebiyat","6":"product_cat-roman-oyku","7":"pa_cilt-ciltsiz","8":"pa_tur-kitap","9":"pa_yayinevi-nemesis-kitap","10":"pa_yazar-rick-held","12":"first","13":"instock","14":"sale","15":"shipping-taxable","16":"purchasable","17":"product-type-simple"},"_links":{"self":[{"href":"https:\/\/roveyayinevi.com.tr\/index.php\/wp-json\/wp\/v2\/product\/733728","targetHints":{"allow":["GET"]}}],"collection":[{"href":"https:\/\/roveyayinevi.com.tr\/index.php\/wp-json\/wp\/v2\/product"}],"about":[{"href":"https:\/\/roveyayinevi.com.tr\/index.php\/wp-json\/wp\/v2\/types\/product"}],"wp:attachment":[{"href":"https:\/\/roveyayinevi.com.tr\/index.php\/wp-json\/wp\/v2\/media?parent=733728"}],"wp:term":[{"taxonomy":"product_brand","embeddable":true,"href":"https:\/\/roveyayinevi.com.tr\/index.php\/wp-json\/wp\/v2\/product_brand?post=733728"},{"taxonomy":"product_cat","embeddable":true,"href":"https:\/\/roveyayinevi.com.tr\/index.php\/wp-json\/wp\/v2\/product_cat?post=733728"},{"taxonomy":"product_tag","embeddable":true,"href":"https:\/\/roveyayinevi.com.tr\/index.php\/wp-json\/wp\/v2\/product_tag?post=733728"}],"curies":[{"name":"wp","href":"https:\/\/api.w.org\/{rel}","templated":true}]}}