{"id":733696,"date":"2025-08-27T22:15:04","date_gmt":"2025-08-27T19:15:04","guid":{"rendered":"https:\/\/roveyayinevi.com.tr\/index.php\/urun\/mevki-uygarligi\/"},"modified":"2026-04-16T02:41:34","modified_gmt":"2026-04-15T23:41:34","slug":"mevki-uygarligi","status":"publish","type":"product","link":"https:\/\/roveyayinevi.com.tr\/index.php\/urun\/mevki-uygarligi\/","title":{"rendered":"Mevki Uygarl\u0131\u011f\u0131"},"content":{"rendered":"<p>\u201cBilimkurgunun ortaya koydu\u011fu en b\u00fcy\u00fck komedyen.\u201d \u2013J.G. Ballard\u201cRobert Sheckley, \u00f6nemli mizah yazarlar\u0131ndan biri.\u201d \u2013Douglas Adams\u201cEM\u0130N\u0130M K\u0130 \u00c7\u00d6K\u00dc\u015eE G\u0130REN T\u00dcM TOPLUMLAR YANILTICI \u015eEK\u0130LDE KEND\u0130LER\u0130N\u0130 KALICI G\u00d6STERM\u0130\u015eT\u0130R.\u201dElli senelik kariyerine onlarca kitap, y\u00fczlerce \u00f6yk\u00fc s\u0131\u011fd\u0131ran, bilimkurguya abs\u00fcrdist bir bak\u0131\u015f a\u00e7\u0131s\u0131yla yakla\u015fan Robert Sheckley, bilimkurgunun me\u015fhur mizah yazarlar\u0131ndan biri. Sheckley\u2019nin en ba\u015far\u0131l\u0131 eserlerinden biri olan Mevki Uygarl\u0131\u011f\u0131 ise iyili\u011fin hor g\u00f6r\u00fcld\u00fc\u011f\u00fc, su\u00e7un kanun say\u0131ld\u0131\u011f\u0131 etkili bir hiciv.Ranzas\u0131nda uyanan adam, kim ve nerede oldu\u011funu bilmiyor. Kap\u0131s\u0131na gelen koruman\u0131n dedi\u011fine g\u00f6re ismi 402. Sand\u0131\u011f\u0131 gibi bir hastane odas\u0131nda da de\u011fil. Sonradan \u00f6\u011frendi\u011fine g\u00f6re ad\u0131 Will Barrent, cinayetten su\u00e7lu bulundu\u011fu i\u00e7in Omega gezegenine s\u00fcrg\u00fcn edilmi\u015f. Ve D\u00fcnya\u2019dan s\u00fcr\u00fclmeden \u00f6nce, t\u00fcm su\u00e7lulara yap\u0131ld\u0131\u011f\u0131 gibi haf\u0131zas\u0131 silinmi\u015f.Su\u00e7lular\u0131n kontrol\u00fc alt\u0131ndaki, yeni gelenlerin ortalama hayatta kalma s\u00fcresinin \u00fc\u00e7 y\u0131l oldu\u011fu vah\u015fet dolu ceza gezegeni Omega\u2019da \u00f6lmemenin tek yolu ise \u00f6ld\u00fcrmekten ge\u00e7iyor.Mutlak hukukun h\u00fck\u00fcm s\u00fcrd\u00fc\u011f\u00fc ancak s\u00f6z konusu kanunlar\u0131n alt s\u0131n\u0131flardan gizli tutuldu\u011fu, yeni s\u00fcrg\u00fcnlerin hayatlar\u0131na hiyerar\u015finin en dibinde ba\u015flad\u0131klar\u0131 bu ac\u0131mas\u0131z gezegende tutunmak i\u00e7in Will Barrent\u2019\u0131n da elini kana bulamaktan ba\u015fka \u00e7aresi olmayacak.Mevki Uygarl\u0131\u011f\u0131, kafas\u0131n\u0131 ilerlemeyle bozmu\u015f bir D\u00fcnya\u2019n\u0131n karanl\u0131k yans\u0131mas\u0131.<\/p>\n","protected":false},"excerpt":{"rendered":"<p>\u201cBilimkurgunun ortaya koydu\u011fu en b\u00fcy\u00fck komedyen.\u201d \u2013J.G. Ballard\u201cRobert Sheckley, \u00f6nemli mizah yazarlar\u0131ndan biri.\u201d \u2013Douglas Adams\u201cEM\u0130N\u0130M K\u0130 \u00c7\u00d6K\u00dc\u015eE G\u0130REN T\u00dcM TOPLUMLAR YANILTICI \u015eEK\u0130LDE KEND\u0130LER\u0130N\u0130 KALICI G\u00d6STERM\u0130\u015eT\u0130R.\u201dElli senelik<span class=\"excerpt-hellip\"> [\u2026]<\/span><\/p>\n","protected":false},"featured_media":0,"template":"","meta":{"_monsterinsights_skip_tracking":false,"_monsterinsights_sitenote_active":false,"_monsterinsights_sitenote_note":"","_monsterinsights_sitenote_category":0},"product_brand":[],"product_cat":[12540,12291],"product_tag":[],"class_list":{"0":"post-733696","1":"product","2":"type-product","3":"status-publish","5":"product_cat-bilim-kurgu","6":"product_cat-edebiyat","7":"pa_cilt-ciltsiz","8":"pa_tur-kitap","9":"pa_yayinevi-ithaki-yayinlari","10":"pa_yazar-robert-sheckley","12":"first","13":"instock","14":"sale","15":"shipping-taxable","16":"purchasable","17":"product-type-simple"},"_links":{"self":[{"href":"https:\/\/roveyayinevi.com.tr\/index.php\/wp-json\/wp\/v2\/product\/733696","targetHints":{"allow":["GET"]}}],"collection":[{"href":"https:\/\/roveyayinevi.com.tr\/index.php\/wp-json\/wp\/v2\/product"}],"about":[{"href":"https:\/\/roveyayinevi.com.tr\/index.php\/wp-json\/wp\/v2\/types\/product"}],"wp:attachment":[{"href":"https:\/\/roveyayinevi.com.tr\/index.php\/wp-json\/wp\/v2\/media?parent=733696"}],"wp:term":[{"taxonomy":"product_brand","embeddable":true,"href":"https:\/\/roveyayinevi.com.tr\/index.php\/wp-json\/wp\/v2\/product_brand?post=733696"},{"taxonomy":"product_cat","embeddable":true,"href":"https:\/\/roveyayinevi.com.tr\/index.php\/wp-json\/wp\/v2\/product_cat?post=733696"},{"taxonomy":"product_tag","embeddable":true,"href":"https:\/\/roveyayinevi.com.tr\/index.php\/wp-json\/wp\/v2\/product_tag?post=733696"}],"curies":[{"name":"wp","href":"https:\/\/api.w.org\/{rel}","templated":true}]}}