{"id":733687,"date":"2025-08-27T22:14:56","date_gmt":"2025-08-27T19:14:56","guid":{"rendered":"https:\/\/roveyayinevi.com.tr\/index.php\/urun\/blok-zinciri-teknolojisinin-muhasebe-ve-denetim-alanindaki-uygulamalari\/"},"modified":"2026-04-16T02:41:34","modified_gmt":"2026-04-15T23:41:34","slug":"blok-zinciri-teknolojisinin-muhasebe-ve-denetim-alanindaki-uygulamalari","status":"publish","type":"product","link":"https:\/\/roveyayinevi.com.tr\/index.php\/urun\/blok-zinciri-teknolojisinin-muhasebe-ve-denetim-alanindaki-uygulamalari\/","title":{"rendered":"Blok Zinciri Teknolojisinin Muhasebe ve Denetim Alan\u0131ndaki Uygulamalar\u0131"},"content":{"rendered":"<p>\u0130\u00e7indekiler   1.      ELEKTRON\u0130K VER\u0130 VE B\u0130LG\u0130 1.1.   Veri ve Elektronik Verinin Tan\u0131m\u0131 1.2.   Elektronik Verinin Saklanmas\u0131 1.3.   Elektronik Veri \u0130leti\u015fimi ve G\u00fcvenlik Sorunlar\u0131 1.4.   Elektronik Ortamda Veri \u0130leti\u015fiminde Bilgi G\u00fcvenli\u011finin Unsurlar\u0131 2.      BLOK Z\u0130NC\u0130R\u0130 TEKNOLOJ\u0130S\u0130 2.1.   Blok Zinciri Teknolojisinin Tarihsel Geli\u015fimi 2.2.   Blok Zinciri Teknolojisinin Tan\u0131m\u0131 ve \u00c7al\u0131\u015fma Prensibi 2.3.   Blok Zinciri Teknolojisinin Temel Kavramlar\u0131 2.4.   Blok Zincirinin Karakteristik \u00d6zellikleri 2.5.   Blok Zinciri A\u011f \u00c7e\u015fitleri 2.6.   Blok Zinciri Platformlar\u0131 2.7.   Blok Zinciri Teknolojisinin Kar\u015f\u0131la\u015ft\u0131\u011f\u0131 Zorluklar 2.8.   Blok Zinciri Teknolojisinin G\u00fcn\u00fcm\u00fczdeki Durumu ve Gelece\u011fi 2.9.   Blok Zinciri Teknolojisinin Uygulama Alanlar\u0131 3.      MUHASEBE VE DENET\u0130MDE VER\u0130 G\u00dcVENL\u0130\u011e\u0130 VE BLOK Z\u0130NC\u0130R\u0130 TEKNOLOJ\u0130S\u0130N\u0130N BU ALANDA KULLANIMI 3.1.   Finansal Raporlama ve Blok Zinciri Teknolojisi 3.2.   \u0130\u00e7 Denetim ve Blok Zinciri Teknolojisi 3.3.   Ba\u011f\u0131ms\u0131z Denetim ve Blok Zinciri Teknolojisi <\/p>\n","protected":false},"excerpt":{"rendered":"<p>\u0130\u00e7indekiler 1. ELEKTRON\u0130K VER\u0130 VE B\u0130LG\u0130 1.1. Veri ve Elektronik Verinin Tan\u0131m\u0131 1.2. Elektronik Verinin Saklanmas\u0131 1.3. Elektronik Veri \u0130leti\u015fimi ve G\u00fcvenlik Sorunlar\u0131 1.4. Elektronik Ortamda<span class=\"excerpt-hellip\"> [\u2026]<\/span><\/p>\n","protected":false},"featured_media":0,"template":"","meta":{"_monsterinsights_skip_tracking":false,"_monsterinsights_sitenote_active":false,"_monsterinsights_sitenote_note":"","_monsterinsights_sitenote_category":0},"product_brand":[],"product_cat":[13043,14381],"product_tag":[],"class_list":{"0":"post-733687","1":"product","2":"type-product","3":"status-publish","5":"product_cat-ekonomi","6":"product_cat-isletme-muhasebe-maliye","7":"pa_cilt-ciltsiz","8":"pa_tur-kitap","9":"pa_yayinevi-gazi-kitabevi","10":"pa_yazar-ceren-ozveren","12":"first","13":"instock","14":"sale","15":"shipping-taxable","16":"purchasable","17":"product-type-simple"},"_links":{"self":[{"href":"https:\/\/roveyayinevi.com.tr\/index.php\/wp-json\/wp\/v2\/product\/733687","targetHints":{"allow":["GET"]}}],"collection":[{"href":"https:\/\/roveyayinevi.com.tr\/index.php\/wp-json\/wp\/v2\/product"}],"about":[{"href":"https:\/\/roveyayinevi.com.tr\/index.php\/wp-json\/wp\/v2\/types\/product"}],"wp:attachment":[{"href":"https:\/\/roveyayinevi.com.tr\/index.php\/wp-json\/wp\/v2\/media?parent=733687"}],"wp:term":[{"taxonomy":"product_brand","embeddable":true,"href":"https:\/\/roveyayinevi.com.tr\/index.php\/wp-json\/wp\/v2\/product_brand?post=733687"},{"taxonomy":"product_cat","embeddable":true,"href":"https:\/\/roveyayinevi.com.tr\/index.php\/wp-json\/wp\/v2\/product_cat?post=733687"},{"taxonomy":"product_tag","embeddable":true,"href":"https:\/\/roveyayinevi.com.tr\/index.php\/wp-json\/wp\/v2\/product_tag?post=733687"}],"curies":[{"name":"wp","href":"https:\/\/api.w.org\/{rel}","templated":true}]}}