{"id":733666,"date":"2025-08-27T22:14:32","date_gmt":"2025-08-27T19:14:32","guid":{"rendered":"https:\/\/roveyayinevi.com.tr\/index.php\/urun\/dogum-lekesi-gibi-bir-gulumseme\/"},"modified":"2026-04-11T14:01:52","modified_gmt":"2026-04-11T11:01:52","slug":"dogum-lekesi-gibi-bir-gulumseme","status":"publish","type":"product","link":"https:\/\/roveyayinevi.com.tr\/index.php\/urun\/dogum-lekesi-gibi-bir-gulumseme\/","title":{"rendered":"Do\u011fum Lekesi Gibi Bir G\u00fcl\u00fcmseme"},"content":{"rendered":"<p>\u201cBen asl\u0131nda bu okuma grubuna annem i\u00e7in kat\u0131lm\u0131\u015ft\u0131m. Annemi yat\u0131\u015ft\u0131rabilmek i\u00e7in. Annem \u00f6leli \u00e7ok oldu ama ben h\u00e2l\u00e2 onu yat\u0131\u015ft\u0131rmaya \u00e7al\u0131\u015f\u0131yorum. Mart\u0131n sonlar\u0131ndan kas\u0131m\u0131n ortalar\u0131na do\u011fru elimi uzat\u0131yorum, annemin sonbaharda iyice zay\u0131flam\u0131s sa\u00e7\u0131na bademya\u011f\u0131 su\u0308ru\u0308yorum, kula\u011f\u0131na bir \u015feyler f\u0131s\u0131ld\u0131yorum. G\u00f6ren ninni diye du\u0308\u015fu\u0308nu\u0308r, dua diye du\u0308\u015fu\u0308nu\u0308r. Oysa ne ninni ne de dua\u2026\u201d Yu\u0308ze dog\u0306um lekesi gibi yerles\u0327mis\u0327 bir gu\u0308lu\u0308mseme, neyi saklar? Bir es\u0327elek gibi kalakalman\u0131n hu\u0308znu\u0308nu\u0308 bilmeyene, onu anlatabilir misiniz? Yaln\u0131zl\u0131g\u0306\u0131n ucunu sivriltmek, bir k\u0131s\u0131r do\u0308ngu\u0308yu\u0308 kusursuz k\u0131lar m\u0131? Es\u0327yan\u0131n kurdug\u0306u mahkeme, hangi hat\u0131raya adil olabilir? Bahsettig\u0306ini go\u0308ru\u0308lmez, anlas\u0327\u0131lmaz k\u0131lan, seyrelten cu\u0308mlelerle, birbirimize asl\u0131nda ne anlat\u0131r\u0131z? Kendini bulman\u0131n yolu, hep bir bas\u0327kas\u0131ndan m\u0131 gec\u0327er? Dog\u0306um Lekesi Gibi Bir Gu\u0308lu\u0308mseme, Bar\u0131s\u0327 B\u0131c\u0327akc\u0327\u0131\u2019n\u0131n bar\u0131s\u0327mas\u0131 zor, idaresi zor, c\u0327u\u0308nku\u0308 idraki zor duygular\u0131 usulca yoklad\u0131g\u0306\u0131 bir o\u0308yku\u0308 demeti.<\/p>\n","protected":false},"excerpt":{"rendered":"<p>\u201cBen asl\u0131nda bu okuma grubuna annem i\u00e7in kat\u0131lm\u0131\u015ft\u0131m. Annemi yat\u0131\u015ft\u0131rabilmek i\u00e7in. Annem \u00f6leli \u00e7ok oldu ama ben h\u00e2l\u00e2 onu yat\u0131\u015ft\u0131rmaya \u00e7al\u0131\u015f\u0131yorum. Mart\u0131n sonlar\u0131ndan kas\u0131m\u0131n ortalar\u0131na do\u011fru<span class=\"excerpt-hellip\"> [\u2026]<\/span><\/p>\n","protected":false},"featured_media":0,"template":"","meta":{"_monsterinsights_skip_tracking":false,"_monsterinsights_sitenote_active":false,"_monsterinsights_sitenote_note":"","_monsterinsights_sitenote_category":0},"product_brand":[],"product_cat":[12291,12711],"product_tag":[],"class_list":{"0":"post-733666","1":"product","2":"type-product","3":"status-publish","5":"product_cat-edebiyat","6":"product_cat-roman-oyku","7":"pa_cilt-ciltsiz","8":"pa_tur-kitap","9":"pa_yayinevi-iletisim-yayinlari","10":"pa_yazar-baris-bicakci","12":"first","13":"instock","14":"sale","15":"shipping-taxable","16":"purchasable","17":"product-type-simple"},"_links":{"self":[{"href":"https:\/\/roveyayinevi.com.tr\/index.php\/wp-json\/wp\/v2\/product\/733666","targetHints":{"allow":["GET"]}}],"collection":[{"href":"https:\/\/roveyayinevi.com.tr\/index.php\/wp-json\/wp\/v2\/product"}],"about":[{"href":"https:\/\/roveyayinevi.com.tr\/index.php\/wp-json\/wp\/v2\/types\/product"}],"wp:attachment":[{"href":"https:\/\/roveyayinevi.com.tr\/index.php\/wp-json\/wp\/v2\/media?parent=733666"}],"wp:term":[{"taxonomy":"product_brand","embeddable":true,"href":"https:\/\/roveyayinevi.com.tr\/index.php\/wp-json\/wp\/v2\/product_brand?post=733666"},{"taxonomy":"product_cat","embeddable":true,"href":"https:\/\/roveyayinevi.com.tr\/index.php\/wp-json\/wp\/v2\/product_cat?post=733666"},{"taxonomy":"product_tag","embeddable":true,"href":"https:\/\/roveyayinevi.com.tr\/index.php\/wp-json\/wp\/v2\/product_tag?post=733666"}],"curies":[{"name":"wp","href":"https:\/\/api.w.org\/{rel}","templated":true}]}}