{"id":733661,"date":"2025-08-27T22:14:27","date_gmt":"2025-08-27T19:14:27","guid":{"rendered":"https:\/\/roveyayinevi.com.tr\/index.php\/urun\/gunesin-oglu\/"},"modified":"2026-04-16T02:41:33","modified_gmt":"2026-04-15T23:41:33","slug":"gunesin-oglu","status":"publish","type":"product","link":"https:\/\/roveyayinevi.com.tr\/index.php\/urun\/gunesin-oglu\/","title":{"rendered":"G\u00fcne\u015fin O\u011flu"},"content":{"rendered":"<p>Jack London\u2019\u0131n gen\u00e7 ya\u015fta tan\u0131\u015ft\u0131\u011f\u0131 G\u00fcney Denizleri&#8217;nde yapt\u0131\u011f\u0131 yolculuklardan izler ta\u015f\u0131yan G\u00fcne\u015fin O\u011flu ve G\u00fcne\u015fin T\u00fcyleri isimli bu iki \u00f6yk\u00fcs\u00fc oda\u011f\u0131na David Grief\u2019i al\u0131yor.   Varl\u0131kl\u0131 i\u015finsan\u0131 David Grief, zorbalar, korsanlar ve doland\u0131r\u0131c\u0131larla tehlikeli bir oyun i\u00e7inde. Grief\u2019in kimi zaman \u00f6l\u00fcmle burun buruna geldi\u011fi Polinezya ve G\u00fcney Pasifik\u2019in tekinsiz sular\u0131nda dalgalara meydan okurken pe\u015finde oldu\u011fu tek bir \u015fey var, o da macera. Denizin k\u00f6t\u00fc adamlar\u0131n\u0131 avlaman\u0131n hazz\u0131na ba\u011f\u0131ml\u0131 bu alt\u0131n tenli milyoner i\u00e7in tropik maceralar, \u015fehirde akan milyonlarla k\u0131yaslanamayacak kadar de\u011ferli. <\/p>\n","protected":false},"excerpt":{"rendered":"<p>Jack London\u2019\u0131n gen\u00e7 ya\u015fta tan\u0131\u015ft\u0131\u011f\u0131 G\u00fcney Denizleri&#8217;nde yapt\u0131\u011f\u0131 yolculuklardan izler ta\u015f\u0131yan G\u00fcne\u015fin O\u011flu ve G\u00fcne\u015fin T\u00fcyleri isimli bu iki \u00f6yk\u00fcs\u00fc oda\u011f\u0131na David Grief\u2019i al\u0131yor. Varl\u0131kl\u0131 i\u015finsan\u0131<span class=\"excerpt-hellip\"> [\u2026]<\/span><\/p>\n","protected":false},"featured_media":0,"template":"","meta":{"_monsterinsights_skip_tracking":false,"_monsterinsights_sitenote_active":false,"_monsterinsights_sitenote_note":"","_monsterinsights_sitenote_category":0},"product_brand":[],"product_cat":[12291,12711],"product_tag":[],"class_list":{"0":"post-733661","1":"product","2":"type-product","3":"status-publish","5":"product_cat-edebiyat","6":"product_cat-roman-oyku","7":"pa_cilt-ciltsiz","8":"pa_tur-kitap","9":"pa_yayinevi-can-yayinlari","10":"pa_yazar-jack-london","12":"first","13":"instock","14":"sale","15":"shipping-taxable","16":"purchasable","17":"product-type-simple"},"_links":{"self":[{"href":"https:\/\/roveyayinevi.com.tr\/index.php\/wp-json\/wp\/v2\/product\/733661","targetHints":{"allow":["GET"]}}],"collection":[{"href":"https:\/\/roveyayinevi.com.tr\/index.php\/wp-json\/wp\/v2\/product"}],"about":[{"href":"https:\/\/roveyayinevi.com.tr\/index.php\/wp-json\/wp\/v2\/types\/product"}],"wp:attachment":[{"href":"https:\/\/roveyayinevi.com.tr\/index.php\/wp-json\/wp\/v2\/media?parent=733661"}],"wp:term":[{"taxonomy":"product_brand","embeddable":true,"href":"https:\/\/roveyayinevi.com.tr\/index.php\/wp-json\/wp\/v2\/product_brand?post=733661"},{"taxonomy":"product_cat","embeddable":true,"href":"https:\/\/roveyayinevi.com.tr\/index.php\/wp-json\/wp\/v2\/product_cat?post=733661"},{"taxonomy":"product_tag","embeddable":true,"href":"https:\/\/roveyayinevi.com.tr\/index.php\/wp-json\/wp\/v2\/product_tag?post=733661"}],"curies":[{"name":"wp","href":"https:\/\/api.w.org\/{rel}","templated":true}]}}