{"id":733658,"date":"2025-08-27T22:14:23","date_gmt":"2025-08-27T19:14:23","guid":{"rendered":"https:\/\/roveyayinevi.com.tr\/index.php\/urun\/yazmak\/"},"modified":"2026-04-16T02:41:33","modified_gmt":"2026-04-15T23:41:33","slug":"yazmak","status":"publish","type":"product","link":"https:\/\/roveyayinevi.com.tr\/index.php\/urun\/yazmak\/","title":{"rendered":"Yazmak"},"content":{"rendered":"<p>Marguerite Duras\u2019\u0131n son metinlerinden biri olan Yazmak, \u0131ss\u0131z evinde ya\u015fayan bir yazar\u0131n, se\u00e7ti\u011fi mesle\u011fi devam ettirmek i\u00e7in ihtiya\u00e7 duydu\u011fu yaln\u0131zl\u0131\u011f\u0131 payla\u015ft\u0131\u011f\u0131 bir g\u00fcz metni. 1944\u2019te u\u00e7a\u011f\u0131 d\u00fc\u015fen gen\u00e7 bir \u0130ngiliz pilotundan gezdi\u011fi bir sergiye, k\u0131\u015f aylar\u0131nda donan g\u00f6l\u00fcn \u00fcst\u00fcnde oynayan \u00e7ocuklardan kilerindeki bir sine\u011fe kayan durgun d\u00fc\u015f\u00fcnceleri. Yazar\u0131n bir\u00e7ok eserinde oldu\u011fu gibi yine ger\u00e7ekle kurguyu harmanlad\u0131\u011f\u0131 Yazmak, Duras\u2019\u0131n duru ve duyarl\u0131 kaleminden akan melankolik bir ge\u00e7 d\u00f6nem sonat\u0131. <\/p>\n","protected":false},"excerpt":{"rendered":"<p>Marguerite Duras\u2019\u0131n son metinlerinden biri olan Yazmak, \u0131ss\u0131z evinde ya\u015fayan bir yazar\u0131n, se\u00e7ti\u011fi mesle\u011fi devam ettirmek i\u00e7in ihtiya\u00e7 duydu\u011fu yaln\u0131zl\u0131\u011f\u0131 payla\u015ft\u0131\u011f\u0131 bir g\u00fcz metni. 1944\u2019te u\u00e7a\u011f\u0131<span class=\"excerpt-hellip\"> [\u2026]<\/span><\/p>\n","protected":false},"featured_media":0,"template":"","meta":{"_monsterinsights_skip_tracking":false,"_monsterinsights_sitenote_active":false,"_monsterinsights_sitenote_note":"","_monsterinsights_sitenote_category":0},"product_brand":[],"product_cat":[12777,12291],"product_tag":[],"class_list":{"0":"post-733658","1":"product","2":"type-product","3":"status-publish","5":"product_cat-deneme","6":"product_cat-edebiyat","7":"pa_cilt-ciltsiz","8":"pa_tur-kitap","9":"pa_yayinevi-can-yayinlari","10":"pa_yazar-marguerite-duras","12":"first","13":"instock","14":"sale","15":"shipping-taxable","16":"purchasable","17":"product-type-simple"},"_links":{"self":[{"href":"https:\/\/roveyayinevi.com.tr\/index.php\/wp-json\/wp\/v2\/product\/733658","targetHints":{"allow":["GET"]}}],"collection":[{"href":"https:\/\/roveyayinevi.com.tr\/index.php\/wp-json\/wp\/v2\/product"}],"about":[{"href":"https:\/\/roveyayinevi.com.tr\/index.php\/wp-json\/wp\/v2\/types\/product"}],"wp:attachment":[{"href":"https:\/\/roveyayinevi.com.tr\/index.php\/wp-json\/wp\/v2\/media?parent=733658"}],"wp:term":[{"taxonomy":"product_brand","embeddable":true,"href":"https:\/\/roveyayinevi.com.tr\/index.php\/wp-json\/wp\/v2\/product_brand?post=733658"},{"taxonomy":"product_cat","embeddable":true,"href":"https:\/\/roveyayinevi.com.tr\/index.php\/wp-json\/wp\/v2\/product_cat?post=733658"},{"taxonomy":"product_tag","embeddable":true,"href":"https:\/\/roveyayinevi.com.tr\/index.php\/wp-json\/wp\/v2\/product_tag?post=733658"}],"curies":[{"name":"wp","href":"https:\/\/api.w.org\/{rel}","templated":true}]}}